000
CXUS52 KILM 040324
CLMFLO


CLIMATE REPORT
NATIONAL WEATHER SERVICE WILMINGTON NC
1123 PM EDT WED JUN 3 2015

...................................

...THE FLORENCE SC CLIMATE SUMMARY FOR THE MONTH OF MAY 2015...

CLIMATE NORMAL PERIOD 1981 TO 2010
CLIMATE RECORD PERIOD 1948 TO 2015

WEATHER         OBSERVED          NORMAL  DEPART  LAST YEAR`S
                 VALUE   DATE(S)  VALUE   FROM    VALUE  DATE(S)
                                          NORMAL
................................................................
TEMPERATURE (F)
RECORD
 HIGH             102   05/31/1953
                        05/26/1953
 LOW               36   05/08/1989
HIGHEST            92   05/26                         94  05/23
                        05/20                             05/22
                        05/18                             05/08
LOWEST             48   05/02                         48  05/20
AVG. MAXIMUM     85.7              82.7     3.0     85.7
AVG. MINIMUM     61.7              59.4     2.3     61.4
MEAN             73.7              71.1     2.6     73.6
DAYS MAX >= 90      9               4.2     4.8       14
DAYS MAX <= 32      0               0.0     0.0        0
DAYS MIN <= 32      0               0.0     0.0        0
DAYS MIN <= 0       0               0.0     0.0        0

PRECIPITATION (INCHES)
RECORD
 MAXIMUM         8.18   1966
 MINIMUM         0.46   1987
TOTALS           1.29              3.26   -1.97     2.62
DAILY AVG.       0.04              0.11   -0.07     0.08
DAYS >= .01         6               8.7    -2.7        7
DAYS >= .10         3               5.8    -2.8        2
DAYS >= .50         1               2.3    -1.3        1
DAYS >= 1.00        0               0.8    -0.8        1
GREATEST
 24 HR. TOTAL    0.67   05/20 TO 05/20

SNOWFALL (INCHES)
RECORDS
 TOTAL             MM   MM
TOTALS             MM               0.0
SINCE 7/1          MM               1.5

DEGREE_DAYS
HEATING TOTAL       1                23     -22        9
COOLING TOTAL     268               211      57      283
.......................................................

WIND (MPH)
AVERAGE WIND SPEED              7.1
RESULTANT WIND SPEED/DIRECTION   1/106
HIGHEST WIND SPEED/DIRECTION    29/050    DATE  05/09
HIGHEST GUST SPEED/DIRECTION    37/180    DATE  05/11

SKY COVER
POSSIBLE SUNSHINE (PERCENT)   MM
AVERAGE SKY COVER           0.20
NUMBER OF DAYS FAIR           24
NUMBER OF DAYS PC              6
NUMBER OF DAYS CLOUDY          1

AVERAGE RH (PERCENT)     68

WEATHER CONDITIONS. NUMBER OF DAYS WITH
THUNDERSTORM              2     MIXED PRECIP              MM
HEAVY RAIN                3     RAIN                       3
LIGHT RAIN                9     FREEZING RAIN              0
LT FREEZING RAIN          0     HAIL                      MM
HEAVY SNOW                0     SNOW                       0
LIGHT SNOW                0     SLEET                     MM
FOG                      13     FOG W/VIS <= 1/4 MILE      1
HAZE                      2

-  INDICATES NEGATIVE NUMBERS.
R  INDICATES RECORD WAS SET OR TIED.
MM INDICATES DATA IS MISSING.
T  INDICATES TRACE AMOUNT.

$$
