000
CXUS53 KDTX 262010 AAA
CLMFNT

CLIMATE REPORT...SUMMARY DATA ADDED
NATIONAL WEATHER SERVICE DETROIT/PONTIAC MI
132 PM EDT TUE AUG 11 2015

...................................

...THE FLINT MI CLIMATE SUMMARY FOR THE MONTH OF JULY 2015...

CLIMATE NORMAL PERIOD 1981 TO 2010
CLIMATE RECORD PERIOD 1921 TO 2015

WEATHER         OBSERVED          NORMAL  DEPART
                 VALUE   DATE(S)  VALUE   FROM
                                          NORMAL
................................................
TEMPERATURE (F)
RECORD
 HIGH             101   07/17/2012
                        07/14/1995
                        07/07/1988
 LOW               40   07/02/2001
                        07/01/1965
HIGHEST            92   07/28        MM      MM
                        07/27
LOWEST             48   07/03        MM      MM
AVG. MAXIMUM     83.4              81.9     1.5
AVG. MINIMUM     59.8              59.2     0.6
MEAN             71.6              70.5     1.1
DAYS MAX >= 90      4               2.8     1.2
DAYS MAX <= 32      0               0.0     0.0
DAYS MIN <= 32      0               0.0     0.0
DAYS MIN <= 0       0               0.0     0.0

PRECIPITATION (INCHES)
RECORD
 MAXIMUM         9.35   1992
 MINIMUM         0.73   1978
TOTALS           2.94              3.32   -0.38
DAILY AVG.       0.09              0.11   -0.02
DAYS >= .01         7               9.5    -2.5
DAYS >= .10         4               5.8    -1.8
DAYS >= .50         3               2.5     0.5
DAYS >= 1.00        1               0.9     0.1
GREATEST
 24 HR. TOTAL    1.52   07/07 TO 07/07
 STORM TOTAL       MM
 (MM/DD(HH))            MM

SNOWFALL (INCHES)
RECORDS
 TOTAL            0.0   0
                        0
                        0
TOTALS            0.0               0.0     0.0
 LIQUID EQUIV    0.00              0.00    0.00
SINCE 7/1         0.0               0.0     0.0
 LIQUID 7/1      0.00
DAYS >= TRACE       0               0.0     0.0
DAYS >= 1.0         0               0.0     0.0
GREATEST
 SNOW DEPTH         0   MM
 24 HR TOTAL      0.0   07/31 TO 07/31
 STORM TOTAL       MM
 (MM/DD(HH))            MM

DEGREE_DAYS
HEATING TOTAL       8                15      -7
 SINCE 7/1          8                15      -7
COOLING TOTAL     218               187      31
 SINCE 1/1        417               331      86

FREEZE DATES
RECORD
 EARLIEST     MM
 LATEST       MM
EARLIEST                        MM
LATEST                          MM
.................................................

WIND (MPH)
AVERAGE WIND SPEED              6.3
HIGHEST WIND SPEED/DIRECTION    44/320    DATE  07/18
HIGHEST GUST SPEED/DIRECTION    55/310    DATE  07/18

SKY COVER
POSSIBLE SUNSHINE (PERCENT)   MM
AVERAGE SKY COVER           0.20
NUMBER OF DAYS FAIR           23
NUMBER OF DAYS PC              6
NUMBER OF DAYS CLOUDY          2

AVERAGE RH (PERCENT)     67

WEATHER CONDITIONS. NUMBER OF DAYS WITH
THUNDERSTORM              4     MIXED PRECIP               0
HEAVY RAIN                3     RAIN                       3
LIGHT RAIN                9     FREEZING RAIN              0
LT FREEZING RAIN          0     HAIL                       0
HEAVY SNOW                0     SNOW                       0
LIGHT SNOW                0     SLEET                      0
FOG                      24     FOG W/VIS <= 1/4 MILE      1
HAZE                     15

-  INDICATES NEGATIVE NUMBERS.
R  INDICATES RECORD WAS SET OR TIED.
MM INDICATES DATA IS MISSING.
T  INDICATES TRACE AMOUNT.

$$
================================================================
       SOUTHEAST MICHIGAN CLIMATE SUMMARY FOR JULY 2015


JULY 2015 MONTHLY STATISTICS AND RANKINGS
-----------------------------------------------------------------

PRECIPITATION
                ACTUAL    NORMAL     DEPARTURE     RANKING
DETROIT AREA    1.76"      3.37"      -1.61"     29TH DRIEST
FLINT AREA      2.94"      3.32"      -0.38"     43RD WETTEST
SAGINAW         2.38"      2.58"      -0.20"     34TH DRIEST

WATER YEAR SINCE JANUARY 1

                ACTUAL    NORMAL*    DEPARTURE     RANKING
DETROIT AREA    18.82"    19.43"      -0.61"     71ST DRIEST
FLINT AREA      16.52"    17.38"      -0.86"     38TH DRIEST
SAGINAW         15.10"    17.21"      -2.11"     35TH DRIEST

      *NORMAL TO DATE (AS OF JULY 31, 2015)

AVERAGE TEMPERATURE
                ACTUAL    NORMAL     DEPARTURE     RANKING
DETROIT AREA     72.9      73.6        -0.7      63RD WARMEST
FLINT AREA       71.6      70.5        +1.1      37TH WARMEST
SAGINAW          71.8      71.0        +0.8      36TH WARMEST

AVERAGE HIGH TEMPERATURE
                ACTUAL    NORMAL     DEPARTURE     RANKING
DETROIT AREA     82.9      83.4        -0.5      59TH WARMEST
FLINT AREA       83.4      81.9        +1.5      43RD WARMEST
SAGINAW          82.5      81.8        +0.7      42ND WARMEST

AVERAGE LOW TEMPERATURE
                ACTUAL    NORMAL     DEPARTURE     RANKING
DETROIT AREA     62.9      63.9        -0.7      63RD COLDEST
FLINT AREA       59.8      59.2        +0.6      42ND WARMEST
SAGINAW          61.2      60.2        +1.0      34TH COLDEST


DETROIT AREA HAS A CLIMATE RECORD DATING TO NOVEMBER 1874
FLINT AREA HAS A CLIMATE RECORD DATING TO JANUARY 1921
SAGINAW HAS A CLIMATE RECORD DATING TO 1912
