000
CXUS51 KCAR 010809
CLMFVE


CLIMATE REPORT
NATIONAL WEATHER SERVICE CARIBOU, ME
408 AM EDT TUE SEP 1 2015

...................................

...THE FRENCHVILLE ME CLIMATE SUMMARY FOR THE MONTH OF AUGUST 2015...

CLIMATE NORMAL PERIOD 1981 TO 2010
CLIMATE RECORD PERIOD 9999 TO 9999

WEATHER         OBSERVED          NORMAL  DEPART  LAST YEAR`S
                 VALUE   DATE(S)  VALUE   FROM    VALUE  DATE(S)
                                          NORMAL
................................................................
TEMPERATURE (F)
RECORD
 HIGH              MM   MM
 LOW               MM   MM
HIGHEST            86   08/17        MM      MM       84  08/25
LOWEST              8   08/20        MM      MM       40  08/29
AVG. MAXIMUM     76.0              72.0     4.0     72.5
AVG. MINIMUM     55.4              52.9     2.5     53.4
MEAN             65.7              62.4     3.3     63.0
DAYS MAX >= 90      0               0.1    -0.1        0
DAYS MAX <= 32      0               0.0     0.0        0
DAYS MIN <= 32      1               0.0     1.0        0
DAYS MIN <= 0       0               0.0     0.0        0

PRECIPITATION (INCHES)
RECORD
 MAXIMUM           MM   MM
 MINIMUM           MM   MM
TOTALS           4.20              4.00    0.20     1.96
DAILY AVG.       0.14              0.13    0.01     0.06
DAYS >= .01        12                MM      MM       15
DAYS >= .10         8                MM      MM        6
DAYS >= .50         3                MM      MM        0
DAYS >= 1.00        2                MM      MM        0
GREATEST
 24 HR. TOTAL    1.46   08/25 TO 08/26           08/04 TO 08/05
                                                          08/05 TO 08/05
                                                          08/05 TO 08/05
 STORM TOTAL       MM                                 MM
 (MM/DD(HH))            MM                    08/05(00) TO 08/05(00)
                                                 08/05(00) TO 08/05(00)5
                                                 08/05(00) TO 08/05(00)5

SNOWFALL (INCHES)
RECORDS
 TOTAL             MM   MM
TOTALS            0.0                MM      MM       MM
SINCE 7/1         0.0                MM      MM       MM
SNOWDEPTH AVG.      0                MM      MM       MM
DAYS >= 1.0         0                MM      MM        0
GREATEST
 SNOW DEPTH         0   MM                            MM  MM
 24 HR TOTAL      0.0   08/11 TO 08/11                MM

DEGREE_DAYS
HEATING TOTAL      53               122     -69       87
 SINCE 7/1        162               192     -30      137
COOLING TOTAL      81                42      39       30
 SINCE 1/1        120               124      -4      130
......................................................

WIND (MPH)
AVERAGE WIND SPEED              7.5
HIGHEST WIND SPEED/DIRECTION    29/320    DATE  08/31
HIGHEST GUST SPEED/DIRECTION    40/320    DATE  08/31

SKY COVER
POSSIBLE SUNSHINE (PERCENT)   MM
AVERAGE SKY COVER           0.50
NUMBER OF DAYS FAIR           10
NUMBER OF DAYS PC             15
NUMBER OF DAYS CLOUDY          6

AVERAGE RH (PERCENT)     76

WEATHER CONDITIONS. NUMBER OF DAYS WITH
THUNDERSTORM              0     MIXED PRECIP               0
HEAVY RAIN                7     RAIN                       7
LIGHT RAIN               12     FREEZING RAIN              0
LT FREEZING RAIN          0     HAIL                       0
HEAVY SNOW                0     SNOW                       0
LIGHT SNOW                0     SLEET                      0
FOG                      22     FOG W/VIS <= 1/4 MILE      6
HAZE                      0

-  INDICATES NEGATIVE NUMBERS.
R  INDICATES RECORD WAS SET OR TIED.
MM INDICATES DATA IS MISSING.
T  INDICATES TRACE AMOUNT.

$$
