000
CXUS53 KIWX 011825 CCA
CLMFWA

CLIMATE REPORT...CORRECTION TO RANKINGS
NATIONAL WEATHER SERVICE NORTHERN INDIANA
1027 AM EDT MON JUN 1 2015

...................................

...THE FORT WAYNE CLIMATE SUMMARY FOR THE MONTH OF MAY 2015...

CLIMATE NORMAL PERIOD 1981 TO 2010
CLIMATE RECORD PERIOD 1897 TO 2015

WEATHER         OBSERVED          NORMAL  DEPART  LAST YEAR`S
                 VALUE   DATE(S)  VALUE   FROM    VALUE  DATE(S)
                                          NORMAL
................................................................
TEMPERATURE (F)
RECORD
 HIGH              99   05/27/1911
 LOW               27   05/04/2005
                        05/10/1966
                        05/09/1947
HIGHEST            86   05/08        MM      MM       89  05/08
                        05/07
LOWEST             36   05/20        MM      MM       34  05/16
AVG. MAXIMUM     75.4              71.7     3.7     73.5
AVG. MINIMUM     53.2              49.2     4.0     49.5
MEAN             64.3              60.4     3.9
DAYS MAX >= 90      0               0.6    -0.6        0
DAYS MAX <= 32      0               0.0     0.0        0
DAYS MIN <= 32      0               0.2    -0.2        0
DAYS MIN <= 0       0               0.0     0.0        0

PRECIPITATION (INCHES)
RECORD
 MAXIMUM        10.17   2011
 MINIMUM         0.48   1925
TOTALS           5.01              4.27    0.74     4.57
DAILY AVG.       0.16              0.14    0.02     0.15
DAYS >= .01        14              13.0     1.0       11
DAYS >= .10         9               8.1     0.9        8
DAYS >= .50         4               2.7     1.3        2
DAYS >= 1.00        1               1.0     0.0        2
GREATEST
 24 HR. TOTAL    1.80   05/30 TO 05/31

SNOWFALL (INCHES)
RECORDS
 TOTAL            0.5   1940
TOTALS            0.0               0.0     0.0      0.0
SINCE 7/1        45.1              33.5    11.6     74.7
SNOWDEPTH AVG.      0                MM      MM        0
DAYS >= 1.0         0               0.0     0.0        0
GREATEST
 SNOW DEPTH         0   MM                             0
 24 HR TOTAL      0.0   05/31 TO 05/31

DEGREE_DAYS
HEATING TOTAL     113               190     -77      182
 SINCE 7/1       6651              6072     579     6951
COOLING TOTAL      96                49      47       80
 SINCE 1/1         96                57      39       81
.................................................................

WIND (MPH)
AVERAGE WIND SPEED              9.3
HIGHEST WIND SPEED/DIRECTION    38/210    DATE  05/26
HIGHEST GUST SPEED/DIRECTION    48/210    DATE  05/26

SKY COVER
POSSIBLE SUNSHINE (PERCENT)   MM
AVERAGE SKY COVER           0.70
NUMBER OF DAYS FAIR            2
NUMBER OF DAYS PC             16
NUMBER OF DAYS CLOUDY         13

AVERAGE RH (PERCENT)     70

WEATHER CONDITIONS. NUMBER OF DAYS WITH
THUNDERSTORM              0     MIXED PRECIP               0
HEAVY RAIN                8     RAIN                       8
LIGHT RAIN               16     FREEZING RAIN              0
LT FREEZING RAIN          0     HAIL                       0
HEAVY SNOW                0     SNOW                       0
LIGHT SNOW                0     SLEET                      0
FOG                      16     FOG W/VIS <= 1/4 MILE      1
HAZE                      8

-  INDICATES NEGATIVE NUMBERS.
R  INDICATES RECORD WAS SET OR TIED.
MM INDICATES DATA IS MISSING.
T  INDICATES TRACE AMOUNT.

&&

...LATE MONTH RAIN PUSHES MAY ABOVE NORMAL FOR PRECIPITATION...

NEARLY TWO INCHES OF RAIN ON THE LAST TWO DAYS OF MAY HELPED PUSH
MONTHLY PRECIPITATION TOTALS TO AROUND 5 INCHES AT FORT WAYNE. THIS
ALSO MOVED THE MONTHLY PRECIPITATION TOTALS FROM THE BELOW NORMAL
CATEGORY TO THE ABOVE NORMAL CATEGORY. IT WAS ALSO A RELATIVELY WARM
MONTH WITH TEMPERATURES AVERAGING NEARLY 4 DEGREES WARMER THAN
NORMAL. THE LAST DAY OF THE MONTH HOWEVER WAS VERY COOL WITH DAYTIME
TEMPERATURES ONLY AROUND 60.

THE AVERAGE MONTHLY TEMPERATURE WAS 64.3 DEGREES...3.9 DEGREES ABOVE
NORMAL. THIS RANKED AS THE 15TH WARMEST MAY ON RECORD SINCE 1912.
THERE WERE JUST 9 DAYS WITH AN AVERAGE TEMPERATURE BELOW NORMAL. THE
HIGHEST TEMPERATURE WAS 86 ON THE 7TH AND 8TH WHILE THE COOLEST WAS
36 ON THE 20TH. THERE WERE 15 DAYS WITH A HIGH TEMPERATURE OF 80
DEGREES OR WARMER BUT ALSO 3 DAYS WITH A HIGH TEMPERATURE OF 60 OR
LESS.

MAY PRECIPITATION WAS ABOUT THREE QUARTERS OF AN INCH BELOW NORMAL
HEADING INTO THE 30TH BUT 1.10 INCHES OF RAIN FELL AT THE AIRPORT ON
THIS DAY AND ANOTHER 0.75 INCHES FELL ON THE 31ST. THIS PUSHED THE
MONTHLY TOTAL PRECIPITATION TO 5.01 INCHES...0.74 INCHES ABOVE
NORMAL. THIS RANKED AS THE 20TH WETTEST MAY ON RECORD SINCE 1912.
WITHOUT THIS LATE MONTH HEAVY RAIN...MAY WOULD HAVE RANKED AROUND
40TH DRIEST.

THERE WAS NO SNOWFALL RECORDED DURING THE MONTH.

$$

LASHLEY/BENTLEY
