000
CXUS54 KTSA 011611
CLMFYV

CLIMATE REPORT
NATIONAL WEATHER SERVICE TULSA OK
1111 AM CDT SAT JUL 1 2017

...................................

...THE FAYETTEVILLE ARKANSAS CLIMATE SUMMARY FOR THE MONTH OF JUNE 2017...

CLIMATE NORMAL PERIOD 1981 TO 2010
CLIMATE RECORD PERIOD 1905 TO 2017

WEATHER         OBSERVED          NORMAL  DEPART  LAST YEAR`S
                 VALUE   DATE(S)  VALUE   FROM    VALUE  DATE(S)
                                          NORMAL
................................................................
TEMPERATURE (F)
RECORD
 HIGH             101   06/28/2012
                        06/27/2012
                        06/25/2012
 LOW               41   06/02/1956
HIGHEST            89   06/20       104     -15       93  06/17
LOWEST             50   06/08        42       8       53  06/06
                        06/07                             06/05
AVG. MAXIMUM     83.2              83.6    -0.4     87.1
AVG. MINIMUM     62.2              62.2     0.0     64.7
MEAN             72.7              72.9    -0.2     75.9
DAYS MAX >= 90      0               3.0    -3.0        8
DAYS MAX <= 32      0               0.0     0.0        0
DAYS MIN <= 32      0               0.0     0.0        0
DAYS MIN <= 0       0               0.0     0.0        0

PRECIPITATION (INCHES)
RECORD
 MAXIMUM        14.42   2000
 MINIMUM         0.18   1953
TOTALS           6.44              4.98    1.46     2.87
DAILY AVG.       0.21              0.17    0.04     0.10
DAYS >= .01        11              10.9     0.1        8
DAYS >= .10         7               6.7     0.3        5
DAYS >= .50         5               3.4     1.6        3
DAYS >= 1.00        3               1.3     1.7        0
GREATEST
 24 HR. TOTAL    1.70   06/30 TO 06/30           06/12 TO 06/12
                                                          06/11 TO 06/12
                                                          06/12 TO 06/12

SNOWFALL (INCHES)
RECORDS
 TOTAL            0.0   2002
 24 HR TOTAL       MM
TOTALS            0.0               0.0     0.0      0.0
SINCE 7/1         1.0               7.0    -6.0        T
SNOWDEPTH AVG.      0                MM      MM        0
DAYS >= TRACE       0               0.0     0.0        0
DAYS >= 1.0         0               0.0     0.0        0
GREATEST
 SNOW DEPTH         0   MM                             0  MM
 24 HR TOTAL      0.0   06/30 TO 06/30           06/30 TO 06/30
                                                          06/12 TO 06/12
                                                          06/12 TO 06/12

DEGREE_DAYS
HEATING TOTAL       1                 8      -7        0
 SINCE 7/1       3215              4190    -975     3588
COOLING TOTAL     237               245      -8      337
 SINCE 1/1        341               358     -17      404
...................................................

WIND (MPH)
AVERAGE WIND SPEED              5.1
HIGHEST WIND SPEED/DIRECTION    33/330    DATE  06/15
HIGHEST GUST SPEED/DIRECTION    44/320    DATE  06/15

SKY COVER
POSSIBLE SUNSHINE (PERCENT)   MM
AVERAGE SKY COVER           0.30
NUMBER OF DAYS FAIR           21
NUMBER OF DAYS PC              7
NUMBER OF DAYS CLOUDY          2

AVERAGE RH (PERCENT)     77

WEATHER CONDITIONS. NUMBER OF DAYS WITH
THUNDERSTORM             10     MIXED PRECIP               0
HEAVY RAIN                6     RAIN                       6
LIGHT RAIN               11     FREEZING RAIN              0
LT FREEZING RAIN          0     HAIL                       0
HEAVY SNOW                0     SNOW                       0
LIGHT SNOW                0     SLEET                      0
FOG                      15     FOG W/VIS <= 1/4 MILE      6
HAZE                      3

-  INDICATES NEGATIVE NUMBERS.
R  INDICATES RECORD WAS SET OR TIED.
MM INDICATES DATA IS MISSING.
T  INDICATES TRACE AMOUNT.

&&
-------------------------------------------------------------------
 YEARLY PRECIPITATION (INCHES):
 TOTAL.....................34.99
 DEPARTURE FROM NORMAL.....+9.80
$$
