000
CXUS53 KDDC 011434
CLMGCK


CLIMATE REPORT
NATIONAL WEATHER SERVICE DODGE CITY KS
932 AM CDT FRI AUG 1 2014

...................................

...THE GARDEN CITY REGIONAL ARPT KS CLIMATE SUMMARY FOR THE MONTH OF JULY 2014...

CLIMATE NORMAL PERIOD 1981 TO 2010
CLIMATE RECORD PERIOD 1948 TO 2014

WEATHER         OBSERVED          NORMAL  DEPART  LAST YEAR`S
                 VALUE   DATE(S)  VALUE   FROM    VALUE  DATE(S)
                                          NORMAL
................................................................
TEMPERATURE (F)
RECORD
 HIGH             110   07/11/1954
 LOW               46   07/13/1990
HIGHEST           103   07/25        MM      MM      106  07/09
LOWEST             56   07/31        MM      MM       50  07/02
                        07/17
AVG. MAXIMUM     87.6              91.8    -4.2     92.9
AVG. MINIMUM     63.4              64.6    -1.2     65.3
MEAN             75.5              78.2    -2.7     79.1
DAYS MAX >= 90     15              19.7    -4.7       20
DAYS MAX <= 32      0               0.0     0.0        0
DAYS MIN <= 32      0               0.0     0.0        0
DAYS MIN <= 0       0               0.0     0.0        0

PRECIPITATION (INCHES)
RECORD
 MAXIMUM        10.43   1979
 MINIMUM         0.36   1980
TOTALS           3.56              2.78    0.78     1.53
DAYS >= .01         9               8.4     0.6       10
DAYS >= .10         4               5.4    -1.4        4
DAYS >= .50         2               2.3    -0.3        1
DAYS >= 1.00        1               0.7     0.3        0
GREATEST
 24 HR. TOTAL    2.37   07/29 TO 07/30           07/25 TO 07/25

DEGREE_DAYS
HEATING TOTAL      10                 1       9        0
 SINCE 7/1         10                 1       9        0
COOLING TOTAL     342               410     -68      444
 SINCE 1/1        759               751       8      982
......................................................

WIND (MPH)
AVERAGE WIND SPEED              11.5
HIGHEST WIND SPEED/DIRECTION    38/350    DATE  07/21
HIGHEST GUST SPEED/DIRECTION    48/350    DATE  07/21


WEATHER CONDITIONS. NUMBER OF DAYS WITH
THUNDERSTORM              3     MIXED PRECIP               0
HEAVY RAIN                4     RAIN                       2
LIGHT RAIN               10     FREEZING RAIN              0
LT FREEZING RAIN          0     HAIL                       0
HEAVY SNOW                0     SNOW                       0
LIGHT SNOW                0     SLEET                      0
FOG                      12     FOG W/VIS <= 1/4 MILE      0
HAZE                      6

-  INDICATES NEGATIVE NUMBERS.
R  INDICATES RECORD WAS SET OR TIED.
MM INDICATES DATA IS MISSING.
T  INDICATES TRACE AMOUNT.

$$
