000
CXUS53 KDDC 011538
CLMGCK


CLIMATE REPORT
NATIONAL WEATHER SERVICE DODGE CITY KS
1030 AM CDT SAT APR 1 2017

...................................

...THE GARDEN CITY REGIONAL ARPT KS CLIMATE SUMMARY FOR THE MONTH OF MARCH 2017...

CLIMATE NORMAL PERIOD 1981 TO 2010
CLIMATE RECORD PERIOD 1948 TO 2017

WEATHER         OBSERVED          NORMAL  DEPART  LAST YEAR`S
                 VALUE   DATE(S)  VALUE   FROM    VALUE  DATE(S)
                                          NORMAL
................................................................
TEMPERATURE (F)
RECORD
 HIGH              93   03/19/2017
                        03/10/1989
                        03/19/1972
 LOW              -22   03/11/1948
HIGHEST            93R  03/19        MM      MM       88  03/22
LOWEST             17   03/07        MM      MM       10  03/20
                        03/02
AVG. MAXIMUM     64.9              57.8     7.1     65.2
AVG. MINIMUM     32.2              29.4     2.8     30.6
MEAN             48.6              43.6     5.0     47.9
DAYS MAX >= 90      1               0.0     1.0        0
DAYS MAX <= 32      0               1.5    -1.5        0
DAYS MIN <= 32     14              18.9    -4.9       17
DAYS MIN <= 0       0               0.1    -0.1        0

PRECIPITATION (INCHES)
RECORD
 MAXIMUM         7.25   1973
 MINIMUM            T   2016
TOTALS           2.50              1.46    1.04        T
DAYS >= .01         4               5.3    -1.3        0
DAYS >= .10         3               2.7     0.3        0
DAYS >= .50         2               0.8     1.2        0
DAYS >= 1.00        1               0.2     0.8        0
GREATEST
 24 HR. TOTAL    1.44   03/28 TO 03/28           03/26 TO 03/26

DEGREE_DAYS
HEATING TOTAL     510               664    -154      519
 SINCE 7/1       3984              4688    -704     3932
COOLING TOTAL       8                 0       8        0
 SINCE 1/1          8                 0       8        1
.......................................................

WIND (MPH)
AVERAGE WIND SPEED              13.6
HIGHEST WIND SPEED/DIRECTION    51/240    DATE  03/23
HIGHEST GUST SPEED/DIRECTION    64/230    DATE  03/23


WEATHER CONDITIONS. NUMBER OF DAYS WITH
THUNDERSTORM              3     MIXED PRECIP               0
HEAVY RAIN                1     RAIN                       4
LIGHT RAIN                5     FREEZING RAIN              0
LT FREEZING RAIN          0     HAIL                       0
HEAVY SNOW                0     SNOW                       0
LIGHT SNOW                0     SLEET                      0
FOG                       8     FOG W/VIS <= 1/4 MILE      3
HAZE                      5

-  INDICATES NEGATIVE NUMBERS.
R  INDICATES RECORD WAS SET OR TIED.
MM INDICATES DATA IS MISSING.
T  INDICATES TRACE AMOUNT.

$$
