000
CXUS53 KDDC 011549
CLMGCK


CLIMATE REPORT
NATIONAL WEATHER SERVICE DODGE CITY KS
1043 AM CDT TUE AUG 1 2017

...................................

...THE GARDEN CITY REGIONAL ARPT KS CLIMATE SUMMARY FOR THE MONTH OF JULY 2017...

CLIMATE NORMAL PERIOD 1981 TO 2010
CLIMATE RECORD PERIOD 1948 TO 2017

WEATHER         OBSERVED          NORMAL  DEPART  LAST YEAR`S
                 VALUE   DATE(S)  VALUE   FROM    VALUE  DATE(S)
                                          NORMAL
................................................................
TEMPERATURE (F)
RECORD
 HIGH             110   07/11/1954
 LOW               46   07/13/1990
HIGHEST           102   07/21        MM      MM      100  07/22
                        07/11
LOWEST             53   07/01        MM      MM       57  07/16
                                                          07/15
AVG. MAXIMUM     92.9              91.8     1.1     91.6
AVG. MINIMUM     66.1              64.6     1.5     65.8
MEAN             79.5              78.2     1.3     78.7
DAYS MAX >= 90     21              19.7     1.3       21
DAYS MAX <= 32      0               0.0     0.0        0
DAYS MIN <= 32      0               0.0     0.0        0
DAYS MIN <= 0       0               0.0     0.0        0

PRECIPITATION (INCHES)
RECORD
 MAXIMUM        10.44   1979
 MINIMUM         0.36   1980
TOTALS           3.37              2.78    0.59     7.57
DAYS >= .01        10               8.4     1.6        9
DAYS >= .10         8               5.4     2.6        7
DAYS >= .50         3               2.3     0.7        5
DAYS >= 1.00        0               0.7    -0.7        3
GREATEST
 24 HR. TOTAL    1.14   07/07 TO 07/08           07/01 TO 07/01

DEGREE_DAYS
HEATING TOTAL       0                 1      -1        0
 SINCE 7/1          0                 1      -1        0
COOLING TOTAL     459               410      49      431
 SINCE 1/1        884               751     133      836
..................................................

WIND (MPH)
AVERAGE WIND SPEED              10.3
HIGHEST WIND SPEED/DIRECTION    37/280    DATE  07/07
HIGHEST GUST SPEED/DIRECTION    47/280    DATE  07/07


WEATHER CONDITIONS. NUMBER OF DAYS WITH
THUNDERSTORM              8     MIXED PRECIP               0
HEAVY RAIN                5     RAIN                       8
LIGHT RAIN                8     FREEZING RAIN              0
LT FREEZING RAIN          0     HAIL                       0
HEAVY SNOW                0     SNOW                       0
LIGHT SNOW                0     SLEET                      0
FOG                      13     FOG W/VIS <= 1/4 MILE      0
HAZE                      2

-  INDICATES NEGATIVE NUMBERS.
R  INDICATES RECORD WAS SET OR TIED.
MM INDICATES DATA IS MISSING.
T  INDICATES TRACE AMOUNT.

$$
