000
CXUS51 KPHI 011302
CLMGED


CLIMATE REPORT
NATIONAL WEATHER SERVICE MOUNT HOLLY NJ
801 AM EST WED FEB 1 2017

...................................

...THE GEORGETOWN DE CLIMATE SUMMARY FOR THE MONTH OF JANUARY 2017...

CLIMATE NORMAL PERIOD 1981 TO 2010
CLIMATE RECORD PERIOD 1948 TO 2017

WEATHER         OBSERVED          NORMAL  DEPART  LAST YEAR`S
                 VALUE   DATE(S)  VALUE   FROM    VALUE
                                          NORMAL
.............................................................
TEMPERATURE (F)
RECORD
 HIGH              77   01/30/2002
 LOW              -13   01/28/1987
HIGHEST            69                MM      MM       67
LOWEST              2                MM      MM       13
AVG. MAXIMUM     47.6              43.5     4.1     44.6
AVG. MINIMUM     33.1              26.6     6.5     25.9
MEAN             40.4              35.0     5.4     35.2
DAYS MAX >= 90      0               0.0     0.0        0
DAYS MAX <= 32      3               5.4    -2.4        5
DAYS MIN <= 32     13              21.4    -8.4       24
DAYS MIN <= 0       0               0.0     0.0        0

PRECIPITATION (INCHES)
RECORD
 MAXIMUM           MM   MM
 MINIMUM           MM   MM
TOTALS           3.13              2.92    0.21     2.87
DAILY AVG.       0.10              0.09    0.01     0.09
DAYS >= .01        11               9.0     2.0        7
DAYS >= .10         7               4.9     2.1        6
DAYS >= .50         4               2.2     1.8        3
DAYS >= 1.00        0               0.8    -0.8        0
GREATEST
 24 HR. TOTAL    0.76   01/02 TO 01/03              1.09

DEGREE_DAYS
HEATING TOTAL     756               928    -172      914
 SINCE 7/1       2154              2510    -356     1955
COOLING TOTAL       0                 0       0        0
 SINCE 1/1          0                 0       0        0
..............................................................

WIND (MPH)
AVERAGE WIND SPEED              7.1
HIGHEST WIND SPEED/DIRECTION    40/060    DATE  01/23
HIGHEST GUST SPEED/DIRECTION    53/060    DATE  01/23

SKY COVER
POSSIBLE SUNSHINE (PERCENT)   MM
AVERAGE SKY COVER           0.60
NUMBER OF DAYS FAIR           10
NUMBER OF DAYS PC             10
NUMBER OF DAYS CLOUDY         11

AVERAGE RH (PERCENT)     72

WEATHER CONDITIONS. NUMBER OF DAYS WITH
THUNDERSTORM              0     MIXED PRECIP               0
HEAVY RAIN                2     RAIN                       3
LIGHT RAIN               14     FREEZING RAIN              0
LT FREEZING RAIN          0     HEAVY SNOW                 1
SNOW                      2     LIGHT SNOW                 3
SLEET                     0     FOG                       16
FOG W/VIS <= 1/4 MILE     4     HAZE                       4

-  INDICATES NEGATIVE NUMBERS.
R  INDICATES RECORD WAS SET OR TIED.
MM INDICATES DATA IS MISSING.
T  INDICATES TRACE AMOUNT.

$$
