000
CXUS52 KJAX 011504
CLMGNV

CLIMATE REPORT
NATIONAL WEATHER SERVICE JACKSONVILLE FL
1101 AM EDT FRI JUL 1 2016

...................................

...THE GAINESVILLE CLIMATE SUMMARY FOR THE MONTH OF JUNE 2016...

CLIMATE NORMAL PERIOD 1981 TO 2010
CLIMATE RECORD PERIOD 1890 TO 2016

WEATHER         OBSERVED          NORMAL  DEPART  LAST YEAR`S
                 VALUE   DATE(S)  VALUE   FROM    VALUE  DATE(S)
                                          NORMAL
................................................................
TEMPERATURE (F)
RECORD
 HIGH             104   06/27/1952
 LOW               50   06/01/1984
HIGHEST            96   06/25        90       6      100  06/16
                        06/13
                        06/03
LOWEST             61   06/21        68      -7       65  06/07
AVG. MAXIMUM     91.9              90.0     1.9     92.6
AVG. MINIMUM     70.9              69.3     1.6     69.4
MEAN             81.4              79.7     1.7     81.0
DAYS MAX >= 90     22              16.1     5.9       24
DAYS MAX <= 32      0               0.0     0.0        0
DAYS MIN <= 32      0               0.0     0.0        0
DAYS MIN <= 0       0               0.0     0.0        0

PRECIPITATION (INCHES)
RECORD
 MAXIMUM        16.34   2012
 MINIMUM         1.53   1931
TOTALS           9.99              7.12    2.87     3.61
DAILY AVG.       0.33              0.24    0.09     0.12
DAYS >= .01         7              14.7    -7.7       14
DAYS >= .10         7              10.6    -3.6       12
DAYS >= .50         4               4.9    -0.9        1
DAYS >= 1.00        2               1.9     0.1        0
GREATEST
 24 HR. TOTAL    6.31

SNOWFALL (INCHES)
RECORDS
 TOTAL             MM   MM
TOTALS            0.0               0.0     0.0      0.0
SINCE 7/1         0.0               0.0     0.0      0.0
SNOWDEPTH AVG.      0                MM      MM        0
DAYS >= 1.0         0               0.0     0.0        0
GREATEST
 SNOW DEPTH         0   MM                             0  MM
 24 HR TOTAL      0.0

DEGREE_DAYS
HEATING TOTAL       0                 0       0        0
 SINCE 7/1        852              1218    -366     1213
COOLING TOTAL     500               439      61      489
 SINCE 1/1       1105               949     156     1225
.................................................................

WIND (MPH)
AVERAGE WIND SPEED              5.0
HIGHEST WIND SPEED/DIRECTION    33/260    DATE  06/28
HIGHEST GUST SPEED/DIRECTION    40/200    DATE  06/06

SKY COVER
POSSIBLE SUNSHINE (PERCENT)   MM
AVERAGE SKY COVER           0.20
NUMBER OF DAYS FAIR           23
NUMBER OF DAYS PC              6
NUMBER OF DAYS CLOUDY          1

AVERAGE RH (PERCENT)     72

WEATHER CONDITIONS. NUMBER OF DAYS WITH
THUNDERSTORM              0     MIXED PRECIP               0
HEAVY RAIN                7     RAIN                       5
LIGHT RAIN               14     FREEZING RAIN              0
LT FREEZING RAIN          0     HAIL                       0
HEAVY SNOW                0     SNOW                       0
LIGHT SNOW                0     SLEET                      0
FOG                      16     FOG W/VIS <= 1/4 MILE      0
HAZE                      2

-  INDICATES NEGATIVE NUMBERS.
R  INDICATES RECORD WAS SET OR TIED.
MM INDICATES DATA IS MISSING.
T  INDICATES TRACE AMOUNT.

$$
