155
CXUS52 KJAX 011325 RRA
CLMGNV

CLIMATE REPORT
NATIONAL WEATHER SERVICE JACKSONVILLE FL
824 AM EST MON FEB 1 2016

...................................

...THE GAINESVILLE CLIMATE SUMMARY FOR THE MONTH OF JANUARY 2016...

CLIMATE NORMAL PERIOD 1981 TO 2010
CLIMATE RECORD PERIOD 1890 TO 2016

WEATHER         OBSERVED          NORMAL  DEPART  LAST YEAR`S
                 VALUE   DATE(S)  VALUE   FROM    VALUE  DATE(S)
                                          NORMAL
................................................................
TEMPERATURE (F)
RECORD
 HIGH              89   01/27/1943
                        01/30/1902
 LOW               10   01/21/1985
HIGHEST            78   01/01        66      12       83  01/03
LOWEST             25   01/24        42     -17       28  01/08
                        01/20
AVG. MAXIMUM     63.4              66.2    -2.8     66.3
AVG. MINIMUM     41.3              42.3    -1.0     42.5
MEAN             52.4              54.3    -1.9     54.4
DAYS MAX >= 90      0               0.0     0.0        0
DAYS MAX <= 32      0               0.0     0.0        0
DAYS MIN <= 32      7               5.6     1.4        4
DAYS MIN <= 0       0               0.0     0.0        0

PRECIPITATION (INCHES)
RECORD
 MAXIMUM        11.79   1904
 MINIMUM         0.11   1950
TOTALS           2.73              3.31   -0.58     3.24
DAILY AVG.       0.09              0.11   -0.02     0.10
DAYS >= .01        10               8.9     1.1        7
DAYS >= .10         8               5.7     2.3        5
DAYS >= .50         1               2.2    -1.2        2
DAYS >= 1.00        0               1.1    -1.1        1
GREATEST
 24 HR. TOTAL    0.99

SNOWFALL (INCHES)
RECORDS
 TOTAL              T   1996
TOTALS            0.0               0.0     0.0      0.0
SINCE 7/1         0.0               0.0     0.0      0.0
SNOWDEPTH AVG.      0                MM      MM        0
DAYS >= 1.0         0               0.0     0.0        0
GREATEST
 SNOW DEPTH         0   MM                             0  MM
 24 HR TOTAL      0.0

DEGREE_DAYS
HEATING TOTAL     386               345      41      336
 SINCE 7/1        497               802    -305      815
COOLING TOTAL       2                12     -10       14
 SINCE 1/1          2                 0       2       14
.................................................................

WIND (MPH)
AVERAGE WIND SPEED              5.9
HIGHEST WIND SPEED/DIRECTION    28/250    DATE  01/22
HIGHEST GUST SPEED/DIRECTION    37/260    DATE  01/22

SKY COVER
POSSIBLE SUNSHINE (PERCENT)   MM
AVERAGE SKY COVER           0.40
NUMBER OF DAYS FAIR           15
NUMBER OF DAYS PC              9
NUMBER OF DAYS CLOUDY          7

AVERAGE RH (PERCENT)     74

WEATHER CONDITIONS. NUMBER OF DAYS WITH
THUNDERSTORM              0     MIXED PRECIP               0
HEAVY RAIN                3     RAIN                       7
LIGHT RAIN               15     FREEZING RAIN              0
LT FREEZING RAIN          0     HAIL                       0
HEAVY SNOW                0     SNOW                       0
LIGHT SNOW                0     SLEET                      0
FOG                      13     FOG W/VIS <= 1/4 MILE      1
HAZE                      1

-  INDICATES NEGATIVE NUMBERS.
R  INDICATES RECORD WAS SET OR TIED.
MM INDICATES DATA IS MISSING.
T  INDICATES TRACE AMOUNT.

$$
