000
CXUS55 KMSO 011451
CLMGPI


CLIMATE REPORT
NATIONAL WEATHER SERVICE MISSOULA, MT
751 AM MST WED MAR 1 2017

...................................

...THE KALISPELL MT CLIMATE SUMMARY FOR THE MONTH OF FEBRUARY 2017...

CLIMATE NORMAL PERIOD 1981 TO 2010
CLIMATE RECORD PERIOD 1894 TO 2017

WEATHER         OBSERVED          NORMAL  DEPART  LAST YEAR`S
                 VALUE   DATE(S)  VALUE   FROM    VALUE
                                          NORMAL
.............................................................
TEMPERATURE (F)
RECORD
 HIGH              64   02/24/1995
 LOW              -36   02/01/1950
HIGHEST            45   02/10        MM      MM       54
LOWEST            -16   02/02        MM      MM       -2
AVG. MAXIMUM     33.2              36.0    -2.8     43.3
AVG. MINIMUM     12.5              18.2    -5.7     23.7
MEAN             22.9              27.1    -4.2
DAYS MAX >= 90      0               0.0     0.0        0
DAYS MAX <= 32     12               6.8     5.2        2
DAYS MIN <= 32     28              26.0     2.0       21
DAYS MIN <= 0       5               2.3     2.7        1

PRECIPITATION (INCHES)
RECORD
 MAXIMUM         3.16   1904
 MINIMUM         0.03   2005
TOTALS           2.78              0.97    1.81
DAILY AVG.       0.10              0.03    0.07     0.03
DAYS >= .01        15              10.8     4.2       12
DAYS >= .10        11               3.6     7.4        3
DAYS >= .50         0               0.1    -0.1        0
DAYS >= 1.00        0               0.0     0.0        0
GREATEST
 24 HR. TOTAL    0.73   02/03 TO 02/04              0.23

SNOWFALL (INCHES)
TOTALS           29.2               7.9    21.3      2.5
SINCE 7/1        78.3              47.3    31.0     40.9
DAYS >= TRACE      15               7.7     7.3        7
DAYS >= 1.0         7               2.9     4.1        2
GREATEST
 SNOW DEPTH        24   02/09
 24 HR TOTAL     10.5   02/03 TO 02/03               1.0

DEGREE_DAYS
HEATING TOTAL    1171              1061     110
 SINCE 7/1       6200              5852     348
COOLING TOTAL       0                 0       0
 SINCE 1/1          0                 0       0
..............................................................

WIND (MPH)
AVERAGE WIND SPEED              5.0
HIGHEST WIND SPEED/DIRECTION    36/020    DATE  02/06
HIGHEST GUST SPEED/DIRECTION    44/020    DATE  02/06

SKY COVER
POSSIBLE SUNSHINE (PERCENT)   MM
AVERAGE SKY COVER           0.60
NUMBER OF DAYS FAIR            6
NUMBER OF DAYS PC             12
NUMBER OF DAYS CLOUDY         10

AVERAGE RH (PERCENT)     78

WEATHER CONDITIONS. NUMBER OF DAYS WITH
THUNDERSTORM              0     MIXED PRECIP               0
HEAVY RAIN                0     RAIN                       1
LIGHT RAIN                9     FREEZING RAIN              0
LT FREEZING RAIN          1     HAIL                       0
HEAVY SNOW                3     SNOW                       7
LIGHT SNOW               15     SLEET                      0
FOG                      19     FOG W/VIS <= 1/4 MILE      4
HAZE                      9

-  INDICATES NEGATIVE NUMBERS.
R  INDICATES RECORD WAS SET OR TIED.
MM INDICATES DATA IS MISSING.
T  INDICATES TRACE AMOUNT.

$$
