000
CXUS53 KGRB 010828
CLMGRB


CLIMATE REPORT
NATIONAL WEATHER SERVICE GREEN BAY
327 AM CDT WED OCT 1 2014

...................................

...THE GREEN BAY WI CLIMATE SUMMARY FOR THE MONTH OF SEPTEMBER 2014...

CLIMATE NORMAL PERIOD 1981 TO 2010
CLIMATE RECORD PERIOD 1886 TO 2014

WEATHER         OBSERVED          NORMAL  DEPART  LAST YEAR`S
                 VALUE   DATE(S)  VALUE   FROM    VALUE  DATE(S)
                                          NORMAL
................................................................
TEMPERATURE (F)
RECORD
 HIGH              97   09/10/1931
 LOW               24   09/29/1949
HIGHEST            80   09/28        86      -6       90  09/10
                        09/27
                        09/09
LOWEST             37   09/22        33       4       36  09/23
AVG. MAXIMUM     69.9              69.9     0.0     72.9
AVG. MINIMUM     47.6              48.5    -0.9     48.8
MEAN             58.8              59.2    -0.4     60.9
DAYS MAX >= 90      0               0.0     0.0        1
DAYS MAX <= 32      0               0.0     0.0        0
DAYS MIN <= 32      0               0.6    -0.6        0
DAYS MIN <= 0       0               0.0     0.0        0

PRECIPITATION (INCHES)
RECORD
 MAXIMUM         7.80   1965
 MINIMUM         0.28   1976
TOTALS           4.69              3.04    1.65     2.89
DAILY AVG.       0.16              0.10    0.06     0.10
DAYS >= .01         9               9.7    -0.7        8
DAYS >= .10         9               5.9     3.1        6
DAYS >= .50         3               2.0     1.0        1
DAYS >= 1.00        1               0.7     0.3        1
GREATEST
 24 HR. TOTAL    2.42   09/04 TO 09/04
                        09/03 TO 09/04
                        09/04 TO 09/04

SNOWFALL (INCHES)
RECORDS
 TOTAL              T   1999
                        1998
                        1995
TOTALS            0.0               0.0     0.0      0.0
SINCE 7/1         0.0               0.0     0.0      0.0
SNOWDEPTH AVG.      0                MM      MM        0
DAYS >= 1.0         0               0.0     0.0        0
GREATEST
 SNOW DEPTH         0   MM                             0  MM
 24 HR TOTAL      0.0   09/30 TO 09/30

DEGREE_DAYS
HEATING TOTAL     197               207     -10      171
 SINCE 7/1        226               270     -44      211
COOLING TOTAL      19                33     -14       55
 SINCE 1/1        362               395     -33      533
.................................................................

WIND (MPH)
AVERAGE WIND SPEED              6.8
HIGHEST WIND SPEED/DIRECTION    33/350    DATE  09/04
HIGHEST GUST SPEED/DIRECTION    42/270    DATE  09/20

SKY COVER
POSSIBLE SUNSHINE (PERCENT)   MM
AVERAGE SKY COVER           0.30
NUMBER OF DAYS FAIR           18
NUMBER OF DAYS PC              8
NUMBER OF DAYS CLOUDY          4

AVERAGE RH (PERCENT)     77

WEATHER CONDITIONS. NUMBER OF DAYS WITH
THUNDERSTORM              3     MIXED PRECIP               0
HEAVY RAIN                6     RAIN                       7
LIGHT RAIN               11     FREEZING RAIN              0
LT FREEZING RAIN          0     HAIL                       0
HEAVY SNOW                0     SNOW                       0
LIGHT SNOW                0     SLEET                      0
FOG                      21     FOG W/VIS <= 1/4 MILE      1
HAZE                      3

-  INDICATES NEGATIVE NUMBERS.
R  INDICATES RECORD WAS SET OR TIED.
MM INDICATES DATA IS MISSING.
T  INDICATES TRACE AMOUNT.

$$
