519
CXUS54 KAMA 161002
CLMGUY


CLIMATE REPORT...CORRECTED
NATIONAL WEATHER SERVICE AMARILLO TX
456 AM CDT MON MAY 16 2016

...................................

...THE GUYMON CLIMATE SUMMARY FOR THE MONTH OF NOVEMBER 2015...

CLIMATE NORMAL PERIOD 1981 TO 2010
CLIMATE RECORD PERIOD 1998 TO 2016

WEATHER         OBSERVED          NORMAL  DEPART  LAST YEAR`S
                 VALUE   DATE(S)  VALUE   FROM    VALUE  DATE(S)
                                          NORMAL
................................................................
TEMPERATURE (F)
HIGHEST            84   11/03                         84  11/29
                                                          11/10
LOWEST             22   11/27                         11  11/17
AVG. MAXIMUM     60.5              60.4     0.1     58.9
AVG. MINIMUM     31.8              30.9     0.9     28.3
MEAN             46.2              45.6     0.6     43.6
DAYS MAX >= 90      0               0.0     0.0        0
DAYS MAX <= 32      3               0.2     2.8        3
DAYS MIN <= 32     21              16.5     4.5       20
DAYS MIN <= 0       0               0.0     0.0        0

PRECIPITATION (INCHES)
TOTALS           1.20              0.53    0.67     0.14
DAILY AVG.       0.04              0.02    0.02     0.00
DAYS >= .01         6                MM      MM        1
DAYS >= .10         4                MM      MM        1
DAYS >= .50         0                MM      MM        0
DAYS >= 1.00        0                MM      MM        0
GREATEST
 24 HR. TOTAL    0.49   11/26 TO 11/27

SNOWFALL (INCHES)
TOTALS             MM                MM      MM      3.0
SINCE 7/1          MM                MM      MM      3.0
DAYS >= TRACE      MM                MM      MM
DAYS >= 1.0        MM                MM      MM        1
GREATEST
 SNOW DEPTH        MM
 24 HR TOTAL       MM

DEGREE_DAYS
HEATING TOTAL     558               582     -24      633
 SINCE 7/1        714               891    -177      807
COOLING TOTAL       0                 1      -1        0
 SINCE 1/1       1662              1482     180     1706
.................................................................

WIND (MPH)
AVERAGE WIND SPEED              11.1
HIGHEST WIND SPEED/DIRECTION    38/330    DATE  11/17
HIGHEST GUST SPEED/DIRECTION    51/300    DATE  11/11

SKY COVER
POSSIBLE SUNSHINE (PERCENT)   MM
NUMBER OF DAYS FAIR           24
NUMBER OF DAYS PC              2
NUMBER OF DAYS CLOUDY          4

AVERAGE RH (PERCENT)     61

WEATHER CONDITIONS. NUMBER OF DAYS WITH
THUNDERSTORM              2     MIXED PRECIP               0
HEAVY RAIN                2     RAIN                       1
LIGHT RAIN                6     FREEZING RAIN              0
LT FREEZING RAIN          0     HEAVY SNOW                 0
SNOW                      0     LIGHT SNOW                 4
SLEET                     0     FOG                        9
FOG W/VIS <= 1/4 MILE     0     HAZE                       0

-  INDICATES NEGATIVE NUMBERS.
R  INDICATES RECORD WAS SET OR TIED.
MM INDICATES DATA IS MISSING.
T  INDICATES TRACE AMOUNT.

$$

NF
