000
CXUS54 KJAN 021308
CLMGWO


CLIMATE REPORT
NATIONAL WEATHER SERVICE JACKSON MS
806 AM CDT WED AUG 2 2017

...................................

...THE GREENWOOD CLIMATE SUMMARY FOR THE MONTH OF JULY 2017...

CLIMATE NORMAL PERIOD 1981 TO 2010
CLIMATE RECORD PERIOD 1948 TO 2017

WEATHER         OBSERVED          NORMAL  DEPART  LAST YEAR`S
                 VALUE   DATE(S)  VALUE   FROM    VALUE  DATE(S)
                                          NORMAL
................................................................
TEMPERATURE (F)
RECORD
 HIGH             105   07/30/1986
                        07/16/1980
 LOW               53   07/15/1967
HIGHEST            97   07/21        MM      MM       98  07/22
                        07/20                             07/21
LOWEST             63   07/30        MM      MM       66  07/01
AVG. MAXIMUM     92.0              91.8     0.2     93.0
AVG. MINIMUM     72.2              70.8     1.4     73.1
MEAN             82.1              81.3     0.8     83.0
DAYS MAX >= 90     26              21.8     4.2       29
DAYS MAX <= 32      0               0.0     0.0        0
DAYS MIN <= 32      0               0.0     0.0        0
DAYS MIN <= 0       0               0.0     0.0        0

PRECIPITATION (INCHES)
RECORD
 MAXIMUM        11.12   1963
 MINIMUM         0.47   2000
TOTALS           2.38              3.60   -1.22     3.32
DAILY AVG.       0.08              0.12   -0.04     0.11
DAYS >= .01         9               8.5     0.5        9
DAYS >= .10         6               5.8     0.2        7
DAYS >= .50         2               2.5    -0.5        4
DAYS >= 1.00        0               1.1    -1.1        0
GREATEST
 24 HR. TOTAL    0.97   07/02 TO 07/02              0.71

SNOWFALL (INCHES)
TOTALS            0.0

DEGREE_DAYS
HEATING TOTAL       0                 0       0        0
 SINCE 7/1          0                 0       0        0
COOLING TOTAL     537               505      32      567
 SINCE 1/1       1363              1248     115     1369
.................................................................

WIND (MPH)
AVERAGE WIND SPEED              4.1
HIGHEST WIND SPEED/DIRECTION    28/180    DATE  07/24
HIGHEST GUST SPEED/DIRECTION    34/190    DATE  07/24

SKY COVER
POSSIBLE SUNSHINE (PERCENT)   MM
AVERAGE SKY COVER           0.20
NUMBER OF DAYS FAIR           25
NUMBER OF DAYS PC              6
NUMBER OF DAYS CLOUDY          0

AVERAGE RH (PERCENT)     78

WEATHER CONDITIONS. NUMBER OF DAYS WITH
THUNDERSTORM              9     MIXED PRECIP               0
HEAVY RAIN                5     RAIN                       6
LIGHT RAIN               10     FREEZING RAIN              0
LT FREEZING RAIN          0     HAIL                       0
HEAVY SNOW                0     SNOW                       0
LIGHT SNOW                0     SLEET                      0
FOG                      20     FOG W/VIS <= 1/4 MILE      3
HAZE                      0

-  INDICATES NEGATIVE NUMBERS.
R  INDICATES RECORD WAS SET OR TIED.
MM INDICATES DATA IS MISSING.
T  INDICATES TRACE AMOUNT.

$$
