516
CXUX51 KGYX 030836
CLMGYX

PWMCLMGYX 000
TTAA00 KGYX 021021


CLIMATE REPORT
NATIONAL WEATHER SERVICE GRAY ME
436 AM EDT SUN SEP 3 2017

...................................

...THE GRAY ME CLIMATE SUMMARY FOR THE MONTH OF AUGUST 2017...

CLIMATE NORMAL PERIOD 1981 TO 2010
CLIMATE RECORD PERIOD 1995 TO 2017

WEATHER         OBSERVED          NORMAL  DEPART  LAST YEAR`S
                 VALUE   DATE(S)  VALUE   FROM    VALUE
                                          NORMAL
.............................................................
TEMPERATURE (F)
RECORD
 HIGH              96   08/12/2016
                        08/09/2001
                        08/08/2001
 LOW               46   08/31/2002
HIGHEST            87   08/01        90      -3       96
LOWEST             50   08/29        50       0       55
                        08/28
AVG. MAXIMUM     78.7              78.5     0.2     82.2
AVG. MINIMUM     58.7              58.7     0.0     61.9
MEAN             68.7              68.6     0.1     72.1
DAYS MAX >= 90      0               1.4    -1.4        4
DAYS MAX <= 32      0               0.0     0.0        0
DAYS MIN <= 32      0               0.0     0.0        0
DAYS MIN <= 0       0               0.0     0.0        0

PRECIPITATION (INCHES)
RECORD
 MAXIMUM         8.19   2011
 MINIMUM         0.16   1996
TOTALS           2.63              3.59   -0.96     3.31
DAILY AVG.       0.08              0.12   -0.04     0.11
DAYS >= .01        10              11.2    -1.2       10
DAYS >= .10         5               6.3    -1.3        5
DAYS >= .50         1               2.1    -1.1        2
DAYS >= 1.00        1               0.7     0.3        2
GREATEST
 24 HR. TOTAL    1.71   08/18

SNOWFALL (INCHES)
RECORDS
 TOTAL            0.0
TOTALS            0.0               0.0     0.0      0.0
SINCE 7/1         0.0               0.0     0.0      0.0
SNOWDEPTH AVG.      0
DAYS >= TRACE       0               0.0     0.0        0
DAYS >= 1.0         0               0.0     0.0        0
GREATEST
 SNOW DEPTH         0                                  0
 24 HR TOTAL      0.0

DEGREE_DAYS
HEATING TOTAL      18                22      -4        1
 SINCE 7/1         31                36      -5       19
COOLING TOTAL     138               133       5      226
 SINCE 1/1        438               359      79      527
..............................................................



-  INDICATES NEGATIVE NUMBERS.
R  INDICATES RECORD WAS SET OR TIED.
MM INDICATES DATA IS MISSING.
T  INDICATES TRACE AMOUNT.

&&

AUGUST BEGAN WITH SOME WARM AND HUMID WEATHER, WITH A HIGH
TEMPERATURE OF 87 DEGREES ON THE FIRST DAY OF THE MONTH. AFTER A FEW
DAYS OF COOLER WEATHER, THE WARM WEATHER RETURNED AGAIN AND LASTED
THROUGH THE MIDDLE OF THE MONTH. THERE WAS ONE NOTABLE EXCEPTION
WHEN A FRONTAL SYSTEM BROUGHT MORE THAN 1.5 INCHES OF RAIN ON THE
18TH, HOLDING THE TEMPERATURE IN THE 60S THAT DAY. ALTHOUGH MUCH OF
THIS PERIOD SAW WARM TEMPERATURES, THERE WAS A LACK OF ANY TRULY HOT
WEATHER. THE WEATHER PATTERN BEGAN TO SHIFT AGAIN LATE IN THE MONTH
WITH A TREND TOWARD COOLER AND DRIER WEATHER, ENDING THE MONTH WITH
7 STRAIGHT DAYS OF BELOW NORMAL TEMPERATURES.

THE AVERAGE TEMPERATURE FOR THE MONTH WAS 68.7 DEGREES WHICH WAS 0.1
DEGREES ABOVE NORMAL. THE WARMEST AUGUST ON RECORD WAS IN 2001 WHEN
THE AVERAGE TEMPERATURE WAS 72.1 DEGREES. THE COOLEST WAS IN 2008 AT
ONLY 66.0 DEGREES.

A TOTAL OF 2.63 INCHES OF RAIN FELL WHICH WAS 0.96 INCHES BELOW
NORMAL. MORE THAN HALF OF THIS TOTAL FELL IN A SINGLE DAY WHEN 1.71
INCHES WAS RECORDED ON THE 18TH. THE DRIEST AUGUST WAS IN 1996 WHEN
ONLY 0.16 INCHES OF RAIN WAS RECORDED. THE WETTEST WAS IN 2011 WHEN
8.19 INCHES FELL.

$$

KIMBLE
