000
CXUS56 KHNX 011512
CLMHJO


CLIMATE REPORT
NATIONAL WEATHER SERVICE SAN JOAQUIN VALLEY, CA
807 AM PDT SUN OCT 1 2017

...................................

...THE HANFORD CA AIRPORT CLIMATE SUMMARY FOR THE MONTH OF SEPTEMBER 2017...

CLIMATE NORMAL PERIOD 1981 TO 2010
CLIMATE RECORD PERIOD 1998 TO 2017

WEATHER         OBSERVED          NORMAL  DEPART  LAST YEAR`S
                 VALUE   DATE(S)  VALUE   FROM    VALUE  DATE(S)
                                          NORMAL
................................................................
TEMPERATURE (F)
RECORD
 HIGH             107   09/03/2017
                        09/02/2017
                        09/03/1998
 LOW               41   09/30/2009
HIGHEST           107R  09/03        MM      MM      103  09/19
                        09/02
LOWEST             45   09/22        MM      MM       47  09/23
                                                          09/14
AVG. MAXIMUM     91.3              90.4     0.9     92.1
AVG. MINIMUM     59.2              56.3     2.9     54.8
MEAN             75.3              73.3     2.0     73.5
DAYS MAX >= 90     19              17.7     1.3       21
DAYS MIN <= 32      0               0.0     0.0        0

PRECIPITATION (INCHES)
RECORD
 MAXIMUM         0.32   2007
TOTALS           0.16              0.17   -0.01     0.00
DAYS >= .01         2                MM      MM        0
DAYS >= .10         1                MM      MM        0
DAYS >= .50         0                MM      MM        0
DAYS >= 1.00        0                MM      MM        0
GREATEST
 24 HR. TOTAL    0.11   09/11 TO 09/11

SNOWFALL (INCHES)
RECORDS
 TOTAL            0.0
TOTALS            0.0               MM

DEGREE_DAYS
HEATING TOTAL       7                 6       1        4
 SINCE 7/1          7                 6       1        4
COOLING TOTAL     324               257      67      264
 SINCE 1/1       2141              1588     553     1923
.................................................................

WIND (MPH)
AVERAGE WIND SPEED              5.3
HIGHEST WIND SPEED/DIRECTION    21/180    DATE  09/03
HIGHEST GUST SPEED/DIRECTION    33/210    DATE  09/03

AVERAGE RH (PERCENT)     56

WEATHER CONDITIONS. NUMBER OF DAYS WITH
THUNDERSTORM              0     RAIN                       1
HAIL                      0     FOG                        9
FOG W/VIS <= 1/4 MILE     0     HAZE                      20

-  INDICATES NEGATIVE NUMBERS.
R  INDICATES RECORD WAS SET OR TIED.
MM INDICATES DATA IS MISSING.
T  INDICATES TRACE AMOUNT.

$$
