000
CXUS55 KTFX 010908
CLMHLN


CLIMATE REPORT
NATIONAL WEATHER SERVICE GREAT FALLS MT
308 AM MDT FRI JUL 1 2016

...................................

...THE HELENA MT CLIMATE SUMMARY FOR THE MONTH OF JUNE 2016...

CLIMATE NORMAL PERIOD 1981 TO 2010
CLIMATE RECORD PERIOD 1866 TO 2016

WEATHER         OBSERVED          NORMAL  DEPART  LAST YEAR`S
                 VALUE   DATE(S)  VALUE   FROM    VALUE  DATE(S)
                                          NORMAL
................................................................
TEMPERATURE (F)
RECORD
 HIGH             103   06/27/2015
 LOW               30   06/10/1999
                        06/13/1969
HIGHEST            94   06/28        80      14      103  06/27
LOWEST             39   06/17        44      -5       45  06/04
AVG. MAXIMUM     81.4              75.7     5.7     84.8
AVG. MINIMUM     51.6              48.5     3.1     54.3
MEAN             66.5              62.1     4.4     69.6
DAYS MAX >= 90      8               2.4     5.6        8
DAYS MAX <= 32      0               0.0     0.0        0
DAYS MIN <= 32      0               0.1    -0.1        0
DAYS MIN <= 0       0               0.0     0.0        0

PRECIPITATION (INCHES)
RECORD
 MAXIMUM         5.63   1892
 MINIMUM         0.08   1985
TOTALS           1.38              2.06   -0.68     0.50
DAYS >= .01         9              11.2    -2.2
DAYS >= .10         3               5.6    -2.6
DAYS >= .50         0               1.2    -1.2
DAYS >= 1.00        0               0.2    -0.2
GREATEST
 24 HR. TOTAL    0.50   06/07 TO 06/08

SNOWFALL (INCHES)
RECORDS
 TOTAL             MM   5
 24 HR TOTAL       MM
TOTALS              T                 T     0.0      0.0
SINCE 7/1        14.8              38.1   -23.3
SNOWDEPTH AVG.      0
DAYS >= TRACE       1               0.1     0.9
DAYS >= 1.0         0               0.0     0.0
GREATEST
 SNOW DEPTH         0   MM
 24 HR TOTAL        T   06/24 TO 06/24

DEGREE_DAYS
HEATING TOTAL      54               136     -82       32
 SINCE 7/1       6550              7541    -991     6557
COOLING TOTAL     106                49      57      177
 SINCE 1/1        106                57      49      177
.................................................................

WIND (MPH)
AVERAGE WIND SPEED              8.2
HIGHEST WIND SPEED/DIRECTION    36/280    DATE  06/24
HIGHEST GUST SPEED/DIRECTION    45/280    DATE  06/24

SKY COVER
AVERAGE SKY COVER           0.20

AVERAGE RH (PERCENT)     45

WEATHER CONDITIONS. NUMBER OF DAYS WITH
THUNDERSTORM              0     MIXED PRECIP               0
HEAVY RAIN                2     RAIN                       3
LIGHT RAIN               10     FREEZING RAIN              0
LT FREEZING RAIN          0     HAIL                       1
HEAVY SNOW                0     SNOW                       0
LIGHT SNOW                0     SLEET                      0
FOG                       2     FOG W/VIS <= 1/4 MILE      0
HAZE                      3

-  INDICATES NEGATIVE NUMBERS.
R  INDICATES RECORD WAS SET OR TIED.
MM INDICATES DATA IS MISSING.
T  INDICATES TRACE AMOUNT.

$$
