000
CXUS53 KGID 011928 AAB
CLMHSI

CLIMATE REPORT...UPDATED
NATIONAL WEATHER SERVICE HASTINGS NE
128 PM CST THU DEC 1 2016

...UPDATED TO ADD LAST YEAR`S VALUES...

...................................

...THE HASTINGS NE CLIMATE SUMMARY FOR THE MONTH OF NOVEMBER 2016...

CLIMATE NORMAL PERIOD 1981 TO 2010
CLIMATE RECORD PERIOD 1894 TO 2016

WEATHER         OBSERVED          NORMAL  DEPART  LAST YEAR`S
                 VALUE   DATE(S)  VALUE   FROM    VALUE  DATE(S)
                                          NORMAL
................................................................
TEMPERATURE (F)
RECORD
 HIGH              86   11/05/1945
 LOW               -7   11/14/1940
HIGHEST            78   11/16        71       7       78  11/02
                        11/04                             11/01
LOWEST             20   11/19        10      10       19  11/27
AVG. MAXIMUM     57.4              49.4     8.0     53.7
AVG. MINIMUM     34.2              28.1     6.1     33.2
MEAN             45.8              38.7     7.1     43.5
DAYS MAX >= 90      0               0.0     0.0        0
DAYS MAX <= 32      0               3.2    -3.2        4
DAYS MIN <= 32     14              20.5    -6.5       14
DAYS MIN <= 0       0               0.0     0.0        0

PRECIPITATION (INCHES)
RECORD
 MAXIMUM         3.96   1996
 MINIMUM         0.00   1954
                        1949
                        1939
TOTALS           1.46              1.29    0.17     2.03
DAILY AVG.       0.05              0.04    0.01     0.07
DAYS >= .01         7                MM      MM        7
DAYS >= .10         4                MM      MM        5
DAYS >= .50         1                MM      MM        1
DAYS >= 1.00        0                MM      MM        0
GREATEST
 24 HR. TOTAL    0.82   11/07 TO 11/07

SNOWFALL (INCHES)
RECORDS
 TOTAL           15.5   1928
TOTALS            0.1               2.6    -2.5      4.2
SINCE 7/1         0.1               3.8    -3.7      4.2
SNOWDEPTH AVG.      0                MM      MM        0
DAYS >= 1.0         0                MM      MM        3
GREATEST
 SNOW DEPTH         0   MM                             2  11/28
                                                          11/27

DEGREE_DAYS
HEATING TOTAL     570               788    -218      638
 SINCE 7/1        867              1281    -414      926
COOLING TOTAL       0                 0       0        0
 SINCE 1/1       1195              1077     118     1097
.................................................................

WIND (MPH)
AVERAGE WIND SPEED              9.9
HIGHEST WIND SPEED/DIRECTION    38/320    DATE  11/18
HIGHEST GUST SPEED/DIRECTION    52/330    DATE  11/18

SKY COVER
POSSIBLE SUNSHINE (PERCENT)   MM
AVERAGE SKY COVER           0.20
NUMBER OF DAYS FAIR           18
NUMBER OF DAYS PC              9
NUMBER OF DAYS CLOUDY          3

AVERAGE RH (PERCENT)     66

WEATHER CONDITIONS. NUMBER OF DAYS WITH
THUNDERSTORM              2     MIXED PRECIP               0
HEAVY RAIN                0     RAIN                       4
LIGHT RAIN                8     FREEZING RAIN              0
LT FREEZING RAIN          0     HAIL                       0
HEAVY SNOW                0     SNOW                       0
LIGHT SNOW                1     SLEET                      0
FOG                       6     FOG W/VIS <= 1/4 MILE      2
HAZE                      3

-  INDICATES NEGATIVE NUMBERS.
R  INDICATES RECORD WAS SET OR TIED.
MM INDICATES DATA IS MISSING.
T  INDICATES TRACE AMOUNT.

$$
REED
