000
CXUS53 KAPX 010532
CLMHTL


CLIMATE REPORT
NATIONAL WEATHER SERVICE GAYLORD MI
131 AM EDT SAT APR 1 2017

...................................

...THE HOUGHTON LAKE MI CLIMATE SUMMARY FOR THE MONTH OF MARCH 2017...

CLIMATE NORMAL PERIOD 1981 TO 2010
CLIMATE RECORD PERIOD 1913 TO 2017

WEATHER         OBSERVED          NORMAL  DEPART  LAST YEAR`S
                 VALUE   DATE(S)  VALUE   FROM    VALUE  DATE(S)
                                          NORMAL
................................................................
TEMPERATURE (F)
RECORD
 HIGH              85   03/21/2012
 LOW              -25   03/03/1943
HIGHEST            56   03/28        MM      MM       67  03/08
                        03/24
                        03/07
LOWEST             -2   03/04        MM      MM       -8  03/03
AVG. MAXIMUM     37.4              39.7    -2.3     44.8
AVG. MINIMUM     21.4              18.5     2.9     24.8
MEAN             29.4              29.1     0.3     34.8
DAYS MAX >= 90      0               0.0     0.0        0
DAYS MAX <= 32      9               7.1     1.9        5
DAYS MIN <= 32     25              28.1    -3.1       21
DAYS MIN <= 0       1               2.4    -1.4        3

PRECIPITATION (INCHES)
RECORD
 MAXIMUM           MM   MM
 MINIMUM           MM   MM
TOTALS           2.68              1.84    0.84     4.73
DAILY AVG.       0.09              0.06    0.03     0.15
DAYS >= .01        13              11.0     2.0       16
DAYS >= .10         7               4.8     2.2        9
DAYS >= .50         2               1.2     0.8        4
DAYS >= 1.00        0               0.1    -0.1        1
GREATEST
 24 HR. TOTAL    0.62   03/24 TO 03/24
 STORM TOTAL       MM
 (MM/DD(HH))            MM

SNOWFALL (INCHES)
RECORDS
 TOTAL             MM   MM
 24 HR TOTAL       MM
 SNOW DEPTH        MM   MM
TOTALS            9.7               8.3     1.4     13.1
SINCE 7/1        76.1              62.8    13.3     46.5
SNOWDEPTH AVG.      1                 6      -5        4
DAYS >= TRACE      17               7.4     9.6       14
DAYS >= 1.0         5               2.6     2.4        3
GREATEST
 SNOW DEPTH         5   03/03                         14  03/02
 24 HR TOTAL      4.6   MM                           5.6

DEGREE_DAYS
HEATING TOTAL    1097              1113     -16      928
 SINCE 7/1       5947              6985   -1038     5841
COOLING TOTAL       0                 0       0        0
 SINCE 1/1          0                 0       0        0
.................................................................

WIND (MPH)
AVERAGE WIND SPEED              9.6
HIGHEST WIND SPEED/DIRECTION    35/270    DATE  03/08
HIGHEST GUST SPEED/DIRECTION    51/MM     DATE   MM

SKY COVER
POSSIBLE SUNSHINE (PERCENT)   MM
AVERAGE SKY COVER           0.60
NUMBER OF DAYS FAIR            7
NUMBER OF DAYS PC             11
NUMBER OF DAYS CLOUDY         13

AVERAGE RH (PERCENT)     70

WEATHER CONDITIONS. NUMBER OF DAYS WITH
THUNDERSTORM              0     MIXED PRECIP               0
HEAVY RAIN                2     RAIN                       7
LIGHT RAIN               10     FREEZING RAIN              0
LT FREEZING RAIN          1     HAIL                       0
HEAVY SNOW                4     SNOW                       4
LIGHT SNOW               13     SLEET                      0
FOG                      23     FOG W/VIS <= 1/4 MILE      5
HAZE                      7

-  INDICATES NEGATIVE NUMBERS.
R  INDICATES RECORD WAS SET OR TIED.
MM INDICATES DATA IS MISSING.
T  INDICATES TRACE AMOUNT.

$$
