000
CXUS53 KAPX 011248
CLMHTL
CLIMATE REPORT
NATIONAL WEATHER SERVICE
748 AM EST FRI MAR 01 2024
...................................
...THE HOUGHTON LAKE MI CLIMATE SUMMARY FOR THE MONTH OF FEBRUARY 2024...
CLIMATE NORMAL PERIOD: 1991 TO 2020
CLIMATE RECORD PERIOD: 1913 TO 2024
WEATHER OBSERVED NORMAL DEPART LAST YEAR`S
VALUE DATE(S) VALUE FROM VALUE
NORMAL
..............................................................
TEMPERATURE (F)
HIGHEST 69R 02/27 MM MM
LOWEST 3 02/19 MM MM
AVG. MAXIMUM 40.8 29.6 11.2
AVG. MINIMUM 21.1 11.0 10.1
MEAN 30.9 20.3 10.6
DAYS MAX >= 90 0 0.0 0.0
DAYS MAX <= 32 7 17.9 -10.9
DAYS MIN <= 32 27 27.2 -0.2
DAYS MIN <= 0 0 6.2 -6.2
PRECIPITATION (INCHES)
TOTALS 1.46 1.41 0.05
DAYS >= .01 7 11.4 -4.4
DAYS >= .10 2 4.1 -2.1
DAYS >= .50 1 0.5 0.5
DAYS >= 1.00 0 0.1 -0.1
GREATEST
24 HR. TOTAL 0.93 02/28 TO 02/28
SNOWFALL (INCHES)
RECORDS
TOTAL 25.6 2019
24 HR TOTAL MM
TOTALS 5.8 13.6 -7.8
DAYS >= TRACE 9 10.6 -1.6
DAYS >= 1.0 2 4.8 -2.8
GREATEST
SNOW DEPTH 5 02/17
02/18
24 HR TOTAL MM
DEGREE DAYS
HEATING TOTAL 981 1252 -271
SINCE 7/1 4838 5763 -925
COOLING TOTAL 0 0 0
SINCE 1/1 0 0 0
..............................................................
WIND (MPH)
AVERAGE WIND SPEED 7.7
HIGHEST WIND SPEED/DIRECTION 33/310 DATE 02/28
HIGHEST GUST SPEED/DIRECTION 47/300 DATE 02/28
SKY COVER
AVERAGE SKY COVER 0.53
AVERAGE RH (PERCENT) 72
- INDICATES NEGATIVE NUMBERS.
R INDICATES RECORD WAS SET OR TIED.
MM INDICATES DATA IS MISSING.
T INDICATES TRACE AMOUNT.
$$