000
CXUS55 KTFX 011805
CLMHVR


CLIMATE REPORT
NATIONAL WEATHER SERVICE GREAT FALLS MT
1202 PM MDT TUE SEP 1 2015

...................................

...THE HAVRE MT CLIMATE SUMMARY FOR THE MONTH OF AUGUST 2015...

CLIMATE NORMAL PERIOD 1981 TO 2010
CLIMATE RECORD PERIOD 1880 TO 2015

WEATHER         OBSERVED          NORMAL  DEPART  LAST YEAR`S
                 VALUE   DATE(S)  VALUE   FROM    VALUE
                                          NORMAL
.............................................................
TEMPERATURE (F)
RECORD
 HIGH             111   08/05/1961
 LOW               27   08/25/1910
HIGHEST            99   08/13        86      13       95
LOWEST             33   08/23        47     -14       41
AVG. MAXIMUM     84.3              84.0     0.3     83.4
AVG. MINIMUM     51.5              52.0    -0.5     54.6
MEAN             67.9              68.0    -0.1     69.0
DAYS MAX >= 90     11               9.2     1.8       11
DAYS MAX <= 32      0               0.0     0.0        0
DAYS MIN <= 32      0               0.0     0.0        0
DAYS MIN <= 0       0               0.0     0.0        0

PRECIPITATION (INCHES)
RECORD
 MAXIMUM           MM   MM
 MINIMUM           MM   MM
TOTALS           0.74              1.11   -0.37     2.66
DAYS >= .01         6               7.2    -1.2
DAYS >= .10         1               2.9    -1.9
DAYS >= .50         1               0.6     0.4
DAYS >= 1.00        0               0.1    -0.1
GREATEST
 24 HR. TOTAL    0.56   08/18 TO 08/18
                        08/17 TO 08/18
                        08/18 TO 08/18

SNOWFALL (INCHES)
RECORDS
 TOTAL             MM   5
 24 HR TOTAL       MM
 SNOW DEPTH        MM   MM
TOTALS            0.0               0.0     0.0      0.0
SNOWDEPTH AVG.      0
DAYS >= TRACE       0               0.0     0.0
DAYS >= 1.0         0               0.0     0.0
GREATEST
 SNOW DEPTH         0   MM                             0
 24 HR TOTAL      0.0   08/31 TO 08/31

DEGREE_DAYS
HEATING TOTAL      50                53      -3       44
 SINCE 7/1         75                83      -8       44
COOLING TOTAL     147               146       1      176
 SINCE 1/1        410               367      43      390
..............................................................

WIND (MPH)
AVERAGE WIND SPEED              8.7
HIGHEST WIND SPEED/DIRECTION    51/240    DATE  08/29
HIGHEST GUST SPEED/DIRECTION    68/250    DATE  08/29

SKY COVER
AVERAGE SKY COVER           0.20

AVERAGE RH (PERCENT)     53

WEATHER CONDITIONS. NUMBER OF DAYS WITH
THUNDERSTORM              0     MIXED PRECIP               0
HEAVY RAIN                2     RAIN                       1
LIGHT RAIN                9     FREEZING RAIN              0
LT FREEZING RAIN          0     HAIL                       0
HEAVY SNOW                0     SNOW                       0
LIGHT SNOW                0     SLEET                      0
FOG                       3     FOG W/VIS <= 1/4 MILE      0
HAZE                     12

-  INDICATES NEGATIVE NUMBERS.
R  INDICATES RECORD WAS SET OR TIED.
MM INDICATES DATA IS MISSING.
T  INDICATES TRACE AMOUNT.

&&

THE METEOROLOGICAL SUMMER (JUN-AUG) WAS A BIT OF A ROLLER COASTER
FOR THE HAVRE AREA. THE SUMMER STARTED WARM AND DRY IN JUNE...THEN
TURNED WETTER AND A BIT COOLER IN JULY. AUGUST ENDED UP CLOSE TO
NORMAL WITH TEMPERATURES...BUT DRIER THAN NORMAL WITH PRECIPITATION.
ELSEWHERE ACROSS CENTRAL MONTANA...MANY AREAS WERE WARMER AND DRIER
THAN NORMAL. THESE CONDITIONS CAN BE ATTRIBUTED TO AN UPPER LEVEL
HIGH THAT REPEATEDLY BUILT BACK INTO THE WESTERN US. THIS ALONG WITH
SEVERAL FIRES IN THE REGION LEAD TO SEVERAL DAYS WITH REDUCED
VISIBILITY AND LOWER AIR QUALITY DUE TO SMOKE. INTERESTINGLY...THE
NUMBER OF HOURS OF REDUCED VISIBILITY AT HAVRE DUE TO SMOKE WAS THE
HIGHEST SINCE 1980.

$$
