000
CXUS55 KTFX 011223
CLMHVR


CLIMATE REPORT
NATIONAL WEATHER SERVICE GREAT FALLS MT
619 AM MDT MON AUG 1 2016

...................................

...THE HAVRE MT CLIMATE SUMMARY FOR THE MONTH OF JULY 2016...

CLIMATE NORMAL PERIOD 1981 TO 2010
CLIMATE RECORD PERIOD 1880 TO 2016

WEATHER         OBSERVED          NORMAL  DEPART  LAST YEAR`S
                 VALUE   DATE(S)  VALUE   FROM    VALUE
                                          NORMAL
.............................................................
TEMPERATURE (F)
RECORD
 HIGH             107   07/17/1936
                        07/25/1933
 LOW               36   07/20/1895
HIGHEST            97   07/22        86      11       97
LOWEST             47   07/07        51      -4       44
                        07/06
                        07/05
AVG. MAXIMUM     83.6              84.9    -1.3     84.2
AVG. MINIMUM     54.4              53.6     0.8     53.5
MEAN             69.0              69.2    -0.2     68.9
DAYS MAX >= 90      6               9.7    -3.7        6
DAYS MAX <= 32      0               0.0     0.0        0
DAYS MIN <= 32      0               0.0     0.0        0
DAYS MIN <= 0       0               0.0     0.0        0

PRECIPITATION (INCHES)
RECORD
 MAXIMUM           MM   MM
 MINIMUM           MM   MM
TOTALS           2.43              1.64    0.79     3.27
DAYS >= .01        11               8.0     3.0
DAYS >= .10         4               3.6     0.4
DAYS >= .50         2               0.8     1.2
DAYS >= 1.00        0               0.3    -0.3
GREATEST
 24 HR. TOTAL    0.81   07/10 TO 07/11

SNOWFALL (INCHES)
RECORDS
 TOTAL             MM   5
 24 HR TOTAL       MM
 SNOW DEPTH        MM   MM
TOTALS            0.0               0.0     0.0        T
SNOWDEPTH AVG.      0
DAYS >= TRACE       0               0.0     0.0
DAYS >= 1.0         0               0.0     0.0
GREATEST
 SNOW DEPTH         0   MM                             0
 24 HR TOTAL      0.0   07/31 TO 07/31

DEGREE_DAYS
HEATING TOTAL      19                30     -11       25
 SINCE 7/1         19                30     -11       25
COOLING TOTAL     151               162     -11      153
 SINCE 1/1        206               221     -15      263
..............................................................

WIND (MPH)
AVERAGE WIND SPEED              9.3
HIGHEST WIND SPEED/DIRECTION    47/310    DATE  07/26
HIGHEST GUST SPEED/DIRECTION    58/240    DATE  07/19

SKY COVER
AVERAGE SKY COVER           0.20

AVERAGE RH (PERCENT)     61

WEATHER CONDITIONS. NUMBER OF DAYS WITH
THUNDERSTORM              0     MIXED PRECIP               0
HEAVY RAIN                5     RAIN                       8
LIGHT RAIN               17     FREEZING RAIN              0
LT FREEZING RAIN          0     HAIL                       0
HEAVY SNOW                0     SNOW                       0
LIGHT SNOW                0     SLEET                      0
FOG                       6     FOG W/VIS <= 1/4 MILE      0
HAZE                      1

-  INDICATES NEGATIVE NUMBERS.
R  INDICATES RECORD WAS SET OR TIED.
MM INDICATES DATA IS MISSING.
T  INDICATES TRACE AMOUNT.

$$
