000
CXUS51 KLWX 032029
CLMIAD

CLIMATE REPORT
NATIONAL WEATHER SERVICE BALTIMORE MD/WASHINGTON DC
429 PM EDT WED AUG 3 2016

...................................

...THE WASHINGTON DULLES DC CLIMATE SUMMARY FOR THE MONTH OF JULY
2016...

CLIMATE NORMAL PERIOD 1981 TO 2010
CLIMATE RECORD PERIOD 1962 TO 2016

WEATHER         OBSERVED          NORMAL  DEPART  LAST YEAR`S
                 VALUE   DATE(S)  VALUE   FROM    VALUE
                                          NORMAL
.............................................................
TEMPERATURE (F)
RECORD
 HIGH             105   07/22/2011
 LOW               41   07/01/1988
HIGHEST           100   07/25        96       4
LOWEST             60   07/21        52       8
AVG. MAXIMUM     89.7              87.9     1.8     85.2
AVG. MINIMUM     69.2              65.5     3.7     66.8
MEAN             79.5              76.7     2.8
DAYS MAX >= 90     21              11.6     9.4
DAYS MAX <= 32      0               0.0     0.0
DAYS MIN <= 32      0               0.0     0.0
DAYS MIN <= 0       0               0.0     0.0

PRECIPITATION (INCHES)
RECORD
 MAXIMUM         7.89   2005
 MINIMUM         0.94   1983
TOTALS           3.02              3.67   -0.65     4.89
DAILY AVG.       0.10              0.12   -0.02
DAYS >= .01        12              10.8     1.2
DAYS >= .10         7               6.5     0.5
DAYS >= .50         2               2.4    -0.4
DAYS >= 1.00        0               1.0    -1.0
GREATEST
 24 HR. TOTAL    1.33   07/28 TO 07/29

DEGREE_DAYS
HEATING TOTAL       0                 0       0        0
 SINCE 7/1          0                 0       0        0
COOLING TOTAL     459               363      96      347
 SINCE 1/1        810               692     118      806
..............................................................

WIND (MPH)
AVERAGE WIND SPEED              5.6
HIGHEST WIND SPEED/DIRECTION    33/290    DATE  07/25
HIGHEST GUST SPEED/DIRECTION    43/290    DATE  07/25

SKY COVER
POSSIBLE SUNSHINE (PERCENT)   MM
AVERAGE SKY COVER           0.60
NUMBER OF DAYS FAIR            4
NUMBER OF DAYS PC             22
NUMBER OF DAYS CLOUDY          5

AVERAGE RH (PERCENT)     69

WEATHER CONDITIONS. NUMBER OF DAYS WITH
THUNDERSTORM              6     MIXED PRECIP               0
HEAVY RAIN                5     RAIN                       6
LIGHT RAIN               14     FREEZING RAIN              0
LT FREEZING RAIN          0     HAIL                       0
HEAVY SNOW                0     SNOW                       0
LIGHT SNOW                0     SLEET                      0
FOG                      13     FOG W/VIS <= 1/4 MILE      0
HAZE                      0

-  INDICATES NEGATIVE NUMBERS.
R  INDICATES RECORD WAS SET OR TIED.
MM INDICATES DATA IS MISSING.
T  INDICATES TRACE AMOUNT.

&&

DULLES INTERNATIONAL AIRPORT...

THE MONTHLY AVERAGE TEMPERATURE WAS WELL ABOVE NORMAL...AND RANKED
AS THE 5TH WARMEST JULY ON RECORD. MONTHLY PRECIPITATION WAS
SLIGHTLY BELOW NORMAL.

A RECORD DAILY HIGH TEMPERATURE OF 100 DEGREES WAS SET ON THE
25TH...BREAKING THE OLD RECORD OF 98 SET IN 2010. THIS WAS ALSO THE
FIRST TIME A TEMPERATURE OF 100 DEGREES WAS OBSERVED SINCE JULY 18TH
2012.

THREE RECORD DAILY HIGH MINIMUM TEMPERATURES WERE OBSERVED LAST
MONTH. THE LOW TEMPERATURE OF 74 ON THE 13TH BROKE THE OLD RECORD OF
72 SET IN 2014. THE LOW TEMPERATURE OF 76 ON THE 26TH TIED THE
RECORD PREVIOUSLY SET IN 2005. THE LOW TEMPERATURE OF 75 DEGREES ON
THE 27TH BROKE THE OLD RECORD OF 73 SET IN 2006.

A RECORD DAILY LOW MAXIMUM TEMPERATURE OF 72 DEGREES WAS SET ON THE
4TH...BREAKING THE OLD RECORD OF 73 SET IN 1979.

JULY 4TH TIED FOR THE 9TH WETTEST INDEPENDENCE DAY ON RECORD.

ALL CLIMATE DATA ARE CONSIDERED PRELIMINARY UNTIL REVIEWED BY THE
NATIONAL CENTERS FOR ENVIRONMENTAL INFORMATION.

$$

DH/SMZ
