000
CXUS53 KUNR 011614
CLMIEN


CLIMATE REPORT
NATIONAL WEATHER SERVICE RAPID CITY SD
1014 AM MDT TUE AUG 1 2017

...................................

...THE PINE RIDGE SD CLIMATE SUMMARY FOR THE MONTH OF JULY 2017...

CLIMATE NORMAL PERIOD 1981 TO 2010
CLIMATE RECORD PERIOD 9999 TO 9999

WEATHER         OBSERVED          NORMAL  DEPART  LAST YEAR`S
                 VALUE   DATE(S)  VALUE   FROM    VALUE  DATE(S)
                                          NORMAL
................................................................
TEMPERATURE (F)
HIGHEST           104   07/09                        105  07/20
LOWEST             44   07/01                         42  07/12
AVG. MAXIMUM     94.1              89.1     5.0     89.4
AVG. MINIMUM     60.5              58.3     2.2     58.6
MEAN             77.3              73.7     3.6     74.0
DAYS MAX >= 90     25                                 15
DAYS MAX <= 32      0                                  0
DAYS MIN <= 32      0                                  0
DAYS MIN <= 0       0                                  0

PRECIPITATION (INCHES)
TOTALS           1.09              2.27   -1.18     2.57
DAILY AVG.       0.04              0.07   -0.03     0.08
DAYS >= .01        11                                  8
DAYS >= .10         1                                  5
DAYS >= .50         1                                  3
DAYS >= 1.00        0                                  0
GREATEST
 24 HR. TOTAL    0.69   07/17 TO 07/17              0.87

DEGREE_DAYS
HEATING TOTAL       0                12     -12        2
 SINCE 7/1          0                12     -12        2
COOLING TOTAL     388               281     107      292
 SINCE 1/1        502               408      94      517
.................................................................

WIND (MPH)
AVERAGE WIND SPEED              7.3
HIGHEST WIND SPEED/DIRECTION    48/010    DATE  07/17
HIGHEST GUST SPEED/DIRECTION    66/020    DATE  07/17

AVERAGE RH (PERCENT)     58

WEATHER CONDITIONS. NUMBER OF DAYS WITH
THUNDERSTORM              0     MIXED PRECIP               0
HEAVY RAIN                1     RAIN                       4
LIGHT RAIN               14     FREEZING RAIN              0
LT FREEZING RAIN          0     HAIL                       0
HEAVY SNOW                0     SNOW                       0
LIGHT SNOW                0     SLEET                      0
FOG                       4     FOG W/VIS <= 1/4 MILE      0
HAZE                      2

-  INDICATES NEGATIVE NUMBERS.
R  INDICATES RECORD WAS SET OR TIED.
MM INDICATES DATA IS MISSING.
T  INDICATES TRACE AMOUNT.

$$
