000
CXUS52 KILM 020953
CLMILM


CLIMATE REPORT
NATIONAL WEATHER SERVICE WILMINGTON NC
451 AM EST THU MAR 2 2017

...................................

...THE WILMINGTON NC CLIMATE SUMMARY FOR THE MONTH OF FEBRUARY 2017...

CLIMATE NORMAL PERIOD 1981 TO 2010
CLIMATE RECORD PERIOD 1871 TO 2017

WEATHER         OBSERVED          NORMAL  DEPART  LAST YEAR`S
                 VALUE   DATE(S)  VALUE   FROM    VALUE  DATE(S)
                                          NORMAL
................................................................
TEMPERATURE (F)
RECORD
 HIGH              85   02/28/1962
 LOW                5   02/14/1899
HIGHEST            79   02/25                         76  02/24
                                                          02/03
                                                          02/01
LOWEST             29   02/10                         21  02/14
AVG. MAXIMUM     67.9              59.9     8.0     59.2
AVG. MINIMUM     42.9              37.9     5.0     39.2
MEAN             55.4              48.9     6.5     49.2
DAYS MAX >= 90      0               0.0     0.0        0
DAYS MAX <= 32      0               0.0     0.0        0
DAYS MIN <= 32      5               7.6    -2.6       10
DAYS MIN <= 0       0               0.0     0.0        0

PRECIPITATION (INCHES)
RECORD
 MAXIMUM        11.22   1998
 MINIMUM         0.38   1930
TOTALS           1.33              3.62   -2.29     7.62
DAILY AVG.       0.05              0.13   -0.08     0.26
DAYS >= .01         5               9.5    -4.5       12
DAYS >= .10         3               6.3    -3.3        6
DAYS >= .50         1               2.6    -1.6        5
DAYS >= 1.00        0               1.0    -1.0        2
GREATEST
 24 HR. TOTAL    0.75   02/15 TO 02/15

SNOWFALL (INCHES)
RECORDS
 TOTAL           12.5   1973
 24 HR TOTAL     11.1   02/18/1896 TO 02/18/1896
TOTALS            0.0               0.3    -0.3        T
SINCE 7/1           T               1.5    -1.5        T
DAYS >= TRACE       0               0.3    -0.3        1
DAYS >= 1.0         0               0.1    -0.1        0
GREATEST
 SNOW DEPTH         0   MM                             0  MM
 24 HR TOTAL      0.0

DEGREE_DAYS
HEATING TOTAL     269               454    -185      454
COOLING TOTAL       6                 3       3        3
.................................................

WIND (MPH)
AVERAGE WIND SPEED              7.7
RESULTANT WIND SPEED/DIRECTION   2/247
HIGHEST WIND SPEED/DIRECTION    31/320    DATE  02/09
HIGHEST GUST SPEED/DIRECTION    42/280    DATE  02/09

SKY COVER
POSSIBLE SUNSHINE (PERCENT)   MM
AVERAGE SKY COVER           0.20
NUMBER OF DAYS FAIR           24
NUMBER OF DAYS PC              3
NUMBER OF DAYS CLOUDY          1

AVERAGE RH (PERCENT)     66

WEATHER CONDITIONS. NUMBER OF DAYS WITH
THUNDERSTORM              3     MIXED PRECIP               0
HEAVY RAIN                3     RAIN                       2
LIGHT RAIN                5     FREEZING RAIN              0
LT FREEZING RAIN          0     HAIL                       0
HEAVY SNOW                0     SNOW                       0
LIGHT SNOW                0     SLEET                      0
FOG                       8     FOG W/VIS <= 1/4 MILE      3
HAZE                      2

-  INDICATES NEGATIVE NUMBERS.
R  INDICATES RECORD WAS SET OR TIED.
MM INDICATES DATA IS MISSING.
T  INDICATES TRACE AMOUNT.

$$
