000
CXUS53 KIND 011612
CLMIND


CLIMATE REPORT
NATIONAL WEATHER SERVICE INDIANAPOLIS IN
1112 AM EST THU DEC 1 2016

...................................

...THE INDIANAPOLIS IN CLIMATE SUMMARY FOR THE MONTH OF NOVEMBER 2016...

CLIMATE NORMAL PERIOD 1981 TO 2010
CLIMATE RECORD PERIOD 1871 TO 2016

WEATHER         OBSERVED          NORMAL  DEPART  LAST YEAR`S
                 VALUE   DATE(S)  VALUE   FROM    VALUE  DATE(S)
                                          NORMAL
................................................................
TEMPERATURE (F)
RECORD
 HIGH              81   11/01/1950
 LOW               -5   11/22/1880
HIGHEST            79   11/01                         76  11/05
                                                          11/04
LOWEST             23   11/21                         16  11/22
AVG. MAXIMUM     57.8              52.2     5.6     57.4
AVG. MINIMUM     38.4              35.1     3.3     38.6
MEAN             48.1              43.6     4.5     48.0
DAYS MAX >= 90      0               0.0     0.0        0
DAYS MAX <= 32      0               0.8    -0.8        1
DAYS MIN <= 32      8              11.8    -3.8        8
DAYS MIN <= 0       0               0.0     0.0        0

PRECIPITATION (INCHES)
RECORD
 MAXIMUM         9.35   1881
 MINIMUM         0.11   1904
TOTALS           2.77              3.70   -0.93     2.86
DAILY AVG.       0.09              0.12   -0.03     0.10
DAYS >= .01         6              10.8    -4.8       12
DAYS >= .10         3               6.5    -3.5        9
DAYS >= .50         3               2.5     0.5        1
DAYS >= 1.00        1               1.0     0.0        1
GREATEST
 24 HR. TOTAL    1.14   11/28 TO 11/28

SNOWFALL (INCHES)
RECORDS
 TOTAL            9.8   1932
 SNOW DEPTH         9   11/16/1932
TOTALS              T               0.7    -0.7      1.3
SINCE 7/1           T               1.1    -1.1      1.3
SNOWDEPTH AVG.      0
DAYS >= 1.0         0               0.2    -0.2        1
DAYS >= 0.1         0                                  1
GREATEST
 SNOW DEPTH         0   MM                             1  11/22
 24 HR TOTAL        T   11/19 TO 11/19               1.3  11/21 TO 11/21

DEGREE_DAYS
HEATING TOTAL     503               641    -138      508
 SINCE 7/1        693              1042    -349      787
COOLING TOTAL       5                 1       4        4
 SINCE 1/1       1443              1066     377     1164
..................................................

WIND (MPH)
AVERAGE WIND SPEED              8.5
HIGHEST WIND SPEED/DIRECTION    35/270    DATE  11/18
HIGHEST GUST SPEED/DIRECTION    43/220    DATE  11/18

SKY COVER
POSSIBLE SUNSHINE (PERCENT)   MM
AVERAGE SKY COVER           0.50
NUMBER OF DAYS FAIR           12
NUMBER OF DAYS PC              9
NUMBER OF DAYS CLOUDY          9

AVERAGE RH (PERCENT)     70

WEATHER CONDITIONS. NUMBER OF DAYS WITH
THUNDERSTORM              1     MIXED PRECIP               0
HEAVY RAIN                1     RAIN                       3
LIGHT RAIN                9     FREEZING RAIN              0
LT FREEZING RAIN          0     HAIL                       0
HEAVY SNOW                0     SNOW                       0
LIGHT SNOW                1     SLEET                      0
FOG                      14     FOG W/VIS <= 1/4 MILE      0
HAZE                      5

-  INDICATES NEGATIVE NUMBERS.
R  INDICATES RECORD WAS SET OR TIED.
MM INDICATES DATA IS MISSING.
T  INDICATES TRACE AMOUNT.

$$
