000
CXUS53 KEAX 010854
CLMIRK

CLIMATE REPORT
NATIONAL WEATHER SERVICE KANSAS CITY/PLEASANT HILL MO
351 AM CDT MON JUN 1 2015

...................................

...THE KIRKSVILLE CLIMATE SUMMARY FOR THE MONTH OF MAY 2015...

CLIMATE NORMAL PERIOD 1981 TO 2010
CLIMATE RECORD PERIOD 9999 TO 9999

WEATHER         OBSERVED          NORMAL  DEPART  LAST YEAR`S
                 VALUE   DATE(S)  VALUE   FROM    VALUE  DATE(S)
                                          NORMAL
................................................................
TEMPERATURE (F)
HIGHEST            82   05/27        85      -3       88  05/21
                        05/03                             05/07
LOWEST             37   05/21        37       0       29  05/17
                        05/01
AVG. MAXIMUM     72.9              72.3     0.6     75.2
AVG. MINIMUM     53.3              51.6     1.7     51.9
MEAN             63.1              62.0     1.1     63.5
DAYS MAX >= 90      0               0.1    -0.1        0
DAYS MAX <= 32      0               0.0     0.0        0
DAYS MIN <= 32      0               0.3    -0.3        1
DAYS MIN <= 0       0               0.0     0.0        0

PRECIPITATION (INCHES)
TOTALS           4.18              4.96   -0.78     1.50
DAILY AVG.       0.13              0.16   -0.03     0.05
DAYS >= .01        18              12.4     5.6        9
DAYS >= .10        13               7.5     5.5        4
DAYS >= .50         1               3.1    -2.1        1
DAYS >= 1.00        1               1.2    -0.2        0
GREATEST
 24 HR. TOTAL    1.02   05/23 TO 05/24

DEGREE_DAYS
HEATING TOTAL     118               150     -32      155
 SINCE 7/1       5765              5840     -75     6428
COOLING TOTAL      65                55      10      117
 SINCE 1/1         68                62       6      122
.................................................................

WIND (MPH)
AVERAGE WIND SPEED              8.5
HIGHEST WIND SPEED/DIRECTION    32/200    DATE  05/07
HIGHEST GUST SPEED/DIRECTION    46/180    DATE  05/07

SKY COVER
POSSIBLE SUNSHINE (PERCENT)   MM
AVERAGE SKY COVER           0.50
NUMBER OF DAYS FAIR           13
NUMBER OF DAYS PC             13
NUMBER OF DAYS CLOUDY          5

AVERAGE RH (PERCENT)     78

WEATHER CONDITIONS. NUMBER OF DAYS WITH
THUNDERSTORM              0     MIXED PRECIP               0
HEAVY RAIN                8     RAIN                      10
LIGHT RAIN               18     FREEZING RAIN              0
LT FREEZING RAIN          0     HAIL                       0
HEAVY SNOW                0     SNOW                       0
LIGHT SNOW                0     SLEET                      0
FOG                      21     FOG W/VIS <= 1/4 MILE      3
HAZE                      2

-  INDICATES NEGATIVE NUMBERS.
R  INDICATES RECORD WAS SET OR TIED.
MM INDICATES DATA IS MISSING.
T  INDICATES TRACE AMOUNT.

$$
