000
CXUS53 KEAX 242313 RRA
CLMIRK

CLIMATE REPORT...RETRANSMISSION
NATIONAL WEATHER SERVICE KANSAS CITY/PLEASANT HILL MO
510 PM CST TUE FEB 24 2015

...................................

...THE KIRKSVILLE CLIMATE SUMMARY FOR THE MONTH OF DECEMBER 2014...

CLIMATE NORMAL PERIOD 1981 TO 2010
CLIMATE RECORD PERIOD 9999 TO 9999

WEATHER         OBSERVED          NORMAL  DEPART  LAST YEAR`S
                 VALUE   DATE(S)  VALUE   FROM    VALUE  DATE(S)
                                          NORMAL
................................................................
TEMPERATURE (F)
HIGHEST            60   12/14        59       1       59  12/03
LOWEST              3   12/31                 4      -13  12/24
AVG. MAXIMUM     39.7              37.2     2.5     35.8
AVG. MINIMUM     27.4              20.4     7.0     14.6
MEAN             33.5              28.8     4.7     25.2
DAYS MAX >= 90      0               0.0     0.0        0
DAYS MAX <= 32      4              10.9    -6.9       15
DAYS MIN <= 32     21              26.9    -5.9       29
DAYS MIN <= 0       0               2.3    -2.3        2

PRECIPITATION (INCHES)
TOTALS           0.90              1.75   -0.85     1.31
DAILY AVG.       0.03              0.06   -0.03     0.04
DAYS >= .01         7               7.5    -0.5        7
DAYS >= .10         3               3.6    -0.6        5
DAYS >= .50         0               0.7    -0.7        1
DAYS >= 1.00        0               0.3    -0.3        0
GREATEST
 24 HR. TOTAL    0.28   12/22 TO 12/22

DEGREE_DAYS
HEATING TOTAL     970              1122    -152     1224
 SINCE 7/1       2291              2343     -52     2491
COOLING TOTAL       0                 0       0        0
 SINCE 1/1        958               939      19     1028
.................................................................

WIND (MPH)
AVERAGE WIND SPEED              8.2
HIGHEST WIND SPEED/DIRECTION    26/120    DATE  12/15
HIGHEST GUST SPEED/DIRECTION    36/330    DATE  12/18

SKY COVER
POSSIBLE SUNSHINE (PERCENT)   MM
AVERAGE SKY COVER           0.70
NUMBER OF DAYS FAIR            6
NUMBER OF DAYS PC              9
NUMBER OF DAYS CLOUDY         16

AVERAGE RH (PERCENT)     83

WEATHER CONDITIONS. NUMBER OF DAYS WITH
THUNDERSTORM              0     MIXED PRECIP               0
HEAVY RAIN                0     RAIN                       2
LIGHT RAIN               10     FREEZING RAIN              0
LT FREEZING RAIN          0     HAIL                       0
HEAVY SNOW                0     SNOW                       1
LIGHT SNOW                4     SLEET                      0
FOG                      23     FOG W/VIS <= 1/4 MILE      4
HAZE                      2

-  INDICATES NEGATIVE NUMBERS.
R  INDICATES RECORD WAS SET OR TIED.
MM INDICATES DATA IS MISSING.
T  INDICATES TRACE AMOUNT.

$$
