000
CXUS53 KGLD 040354
CLMITR

CLIMATE REPORT
NATIONAL WEATHER SERVICE GOODLAND
954 PM MDT WED SEP 3 2014

...................................

...THE BURLINGTON CLIMATE SUMMARY FOR THE MONTH OF AUGUST 2014...

CLIMATE NORMAL PERIOD 1981 TO 2010
CLIMATE RECORD PERIOD 1896 TO 2014

WEATHER         OBSERVED          NORMAL  DEPART  LAST YEAR`S
                 VALUE   DATE(S)  VALUE   FROM    VALUE  DATE(S)
                                          NORMAL
................................................................
TEMPERATURE (F)
RECORD
 HIGH             107   08/23/1919
 LOW               38   08/06/1972
HIGHEST            97   08/18        98      -1      101  08/29
LOWEST             52   08/29        51       1       52  08/09
AVG. MAXIMUM     88.7              85.9     2.8     88.1
AVG. MINIMUM     58.4              58.2     0.2     60.9
MEAN             73.5              72.1     1.4     74.5
DAYS MAX >= 90     14              10.5     3.5       16
DAYS MAX <= 32      0               0.0     0.0        0
DAYS MIN <= 32      0               0.0     0.0        0
DAYS MIN <= 0       0               0.0     0.0        0

PRECIPITATION (INCHES)
RECORD
 MAXIMUM         8.73   1915
 MINIMUM         0.00   1960
TOTALS           1.94              2.41   -0.47     1.92
DAILY AVG.       0.06              0.08   -0.02     0.06
DAYS >= .01        12                MM      MM        9
DAYS >= .10         6                MM      MM        5
DAYS >= .50         0                MM      MM        2
DAYS >= 1.00        0                MM      MM        0
GREATEST
 24 HR. TOTAL    0.44   08/22 TO 08/22              0.77


.................................................................



-  INDICATES NEGATIVE NUMBERS.
R  INDICATES RECORD WAS SET OR TIED.
MM INDICATES DATA IS MISSING.
T  INDICATES TRACE AMOUNT.

$$
