829
CXUS52 KJAX 011411
CLMJAX

CLIMATE REPORT
NATIONAL WEATHER SERVICE JACKSONVILLE FL
909 AM EST WED MAR 1 2017

...................................

...THE JACKSONVILLE CLIMATE SUMMARY FOR THE MONTH OF FEBRUARY 2017...

CLIMATE NORMAL PERIOD 1981 TO 2010
CLIMATE RECORD PERIOD 1871 TO 2017

WEATHER         OBSERVED          NORMAL  DEPART  LAST YEAR`S
                 VALUE   DATE(S)  VALUE   FROM    VALUE  DATE(S)
                                          NORMAL
................................................................
TEMPERATURE (F)
RECORD
 HIGH              88   02/26/1962
                        02/24/1962
                        02/09/1937
 LOW               10   02/13/1899
HIGHEST            87   02/28        67      20       84  02/03
LOWEST             34   02/17        44     -10       28  02/11
                                                          02/10
AVG. MAXIMUM     75.8              68.2     7.6     68.4
AVG. MINIMUM     48.8              44.7     4.1     43.0
MEAN             62.3              56.4     5.9     55.7
DAYS MAX >= 90      0               0.0     0.0        0
DAYS MAX <= 32      0               0.0     0.0        0
DAYS MIN <= 32      0               3.1    -3.1        3
DAYS MIN <= 0       0               0.0     0.0        0

PRECIPITATION (INCHES)
RECORD
 MAXIMUM        11.12   1998
 MINIMUM         0.13   1911
TOTALS           1.35              3.19   -1.84     4.82
DAILY AVG.       0.05              0.11   -0.06     0.17
DAYS >= .01         3               7.6    -4.6        7
DAYS >= .10         2               4.9    -2.9        6
DAYS >= .50         1               2.1    -1.1        2
DAYS >= 1.00        0               1.0    -1.0        1
GREATEST
 24 HR. TOTAL    0.81

SNOWFALL (INCHES)
RECORDS
 TOTAL            1.9   1899
TOTALS            0.0               0.0     0.0      0.0
SINCE 7/1         0.0                 T     0.0      0.0
SNOWDEPTH AVG.      0                MM      MM        0
DAYS >= 1.0         0               0.0     0.0        0
GREATEST
 SNOW DEPTH         0   MM                             0  MM
 24 HR TOTAL      0.0

DEGREE_DAYS
HEATING TOTAL     106               257    -151      284
 SINCE 7/1        603              1133    -530      848
COOLING TOTAL      36                18      18       24
 SINCE 1/1         72                29      43       24
.................................................................

WIND (MPH)
AVERAGE WIND SPEED              7.0
HIGHEST WIND SPEED/DIRECTION    35/250    DATE  02/15
HIGHEST GUST SPEED/DIRECTION    47/250    DATE  02/15

SKY COVER
POSSIBLE SUNSHINE (PERCENT)   MM
AVERAGE SKY COVER           0.50
NUMBER OF DAYS FAIR           10
NUMBER OF DAYS PC             15
NUMBER OF DAYS CLOUDY          3

AVERAGE RH (PERCENT)     70

WEATHER CONDITIONS. NUMBER OF DAYS WITH
THUNDERSTORM              0     MIXED PRECIP               0
HEAVY RAIN                1     RAIN                       2
LIGHT RAIN                5     FREEZING RAIN              0
LT FREEZING RAIN          0     HAIL                       0
HEAVY SNOW                0     SNOW                       0
LIGHT SNOW                0     SLEET                      0
FOG                      19     FOG W/VIS <= 1/4 MILE      7
HAZE                      1

-  INDICATES NEGATIVE NUMBERS.
R  INDICATES RECORD WAS SET OR TIED.
MM INDICATES DATA IS MISSING.
T  INDICATES TRACE AMOUNT.

$$
