000
CXUS53 KIND 011644
CLMLAF


CLIMATE REPORT
NATIONAL WEATHER SERVICE INDIANAPOLIS IN
1238 PM EDT WED JUL 1 2015

...................................

...THE LAFAYETTE IN CLIMATE SUMMARY FOR THE MONTH OF JUNE 2015...

CLIMATE NORMAL PERIOD 1981 TO 2010
CLIMATE RECORD PERIOD 9999 TO 9999

WEATHER         OBSERVED          NORMAL  DEPART  LAST YEAR`S
                 VALUE   DATE(S)  VALUE   FROM    VALUE  DATE(S)
                                          NORMAL
................................................................
TEMPERATURE (F)
HIGHEST            89   06/11                         89  06/18
                        06/10                             06/17
LOWEST             46   06/03                         47  06/14
                        06/02
AVG. MAXIMUM     79.6              82.5    -2.9     82.3
AVG. MINIMUM     60.9              60.5     0.4     61.9
MEAN             70.2              71.5    -1.3     72.1
DAYS MAX >= 90      0               4.4    -4.4        0
DAYS MAX <= 32      0               0.0     0.0        0
DAYS MIN <= 32      0               0.0     0.0        0
DAYS MIN <= 0       0               0.0     0.0        0

PRECIPITATION (INCHES)
TOTALS           7.66              4.10    3.56     4.47
DAILY AVG.       0.26              0.14    0.12     0.15
DAYS >= .01        17              10.9     6.1       14
DAYS >= .10        13               6.7     6.3        9
DAYS >= .50         6               2.7     3.3        3
DAYS >= 1.00        1               1.1    -0.1        1
GREATEST
 24 HR. TOTAL    1.93   06/07 TO 06/08

DEGREE_DAYS
HEATING TOTAL      20                22      -2        6
 SINCE 7/1       6503              5672     831     6552
COOLING TOTAL     183               217     -34      225
 SINCE 1/1        272               294     -22      322
.................................................................

WIND (MPH)
AVERAGE WIND SPEED              6.4
HIGHEST WIND SPEED/DIRECTION    41/350    DATE  06/21
HIGHEST GUST SPEED/DIRECTION    52/360    DATE  06/21

SKY COVER
POSSIBLE SUNSHINE (PERCENT)   MM
AVERAGE SKY COVER           0.40
NUMBER OF DAYS FAIR           14
NUMBER OF DAYS PC             11
NUMBER OF DAYS CLOUDY          5

AVERAGE RH (PERCENT)     78

WEATHER CONDITIONS. NUMBER OF DAYS WITH
THUNDERSTORM             15     MIXED PRECIP               0
HEAVY RAIN               12     RAIN                      11
LIGHT RAIN               17     FREEZING RAIN              0
LT FREEZING RAIN          0     HAIL                       0
HEAVY SNOW                0     SNOW                       0
LIGHT SNOW                0     SLEET                      0
FOG                      24     FOG W/VIS <= 1/4 MILE      5
HAZE                     15

-  INDICATES NEGATIVE NUMBERS.
R  INDICATES RECORD WAS SET OR TIED.
MM INDICATES DATA IS MISSING.
T  INDICATES TRACE AMOUNT.

$$
