000
CXUS53 KIND 011515
CLMLAF


CLIMATE REPORT
NATIONAL WEATHER SERVICE INDIANAPOLIS IN
1111 AM EDT SAT NOV 1 2014

...................................

...THE LAFAYETTE IN CLIMATE SUMMARY FOR THE MONTH OF OCTOBER 2014...

CLIMATE NORMAL PERIOD 1981 TO 2010
CLIMATE RECORD PERIOD 9999 TO 9999

WEATHER         OBSERVED          NORMAL  DEPART  LAST YEAR`S
                 VALUE   DATE(S)  VALUE   FROM    VALUE  DATE(S)
                                          NORMAL
................................................................
TEMPERATURE (F)
HIGHEST            78   10/27                         83  10/04
LOWEST             30   10/30                         25  10/27
                                                          10/22
AVG. MAXIMUM     61.5              65.1    -3.6     64.3
AVG. MINIMUM     42.8              43.5    -0.7     43.1
MEAN             52.2              54.3    -2.1     54.1
DAYS MAX >= 90      0               0.1    -0.1        0
DAYS MAX <= 32      0               0.0     0.0        0
DAYS MIN <= 32      2               3.6    -1.6        7
DAYS MIN <= 0       0               0.0     0.0        0

PRECIPITATION (INCHES)
TOTALS           5.74              2.89    2.85     4.02
DAILY AVG.       0.19              0.09    0.10     0.13
DAYS >= .01        14               9.3     4.7       12
DAYS >= .10         9               5.4     3.6        7
DAYS >= .50         4               1.7     2.3        2
DAYS >= 1.00        2               0.4     1.6        2
GREATEST
 24 HR. TOTAL    2.69   10/02 TO 10/03

DEGREE_DAYS
HEATING TOTAL     397               349      48      352
 SINCE 7/1        547               434     113      431
COOLING TOTAL       7                17     -10       31
 SINCE 1/1        743               982    -239      884
.................................................................

WIND (MPH)
AVERAGE WIND SPEED              7.0
HIGHEST WIND SPEED/DIRECTION    31/320    DATE  10/31
HIGHEST GUST SPEED/DIRECTION    42/320    DATE  10/31

SKY COVER
POSSIBLE SUNSHINE (PERCENT)   MM
AVERAGE SKY COVER           0.50
NUMBER OF DAYS FAIR           11
NUMBER OF DAYS PC             10
NUMBER OF DAYS CLOUDY         10

AVERAGE RH (PERCENT)     76

WEATHER CONDITIONS. NUMBER OF DAYS WITH
THUNDERSTORM              1     MIXED PRECIP               0
HEAVY RAIN                7     RAIN                       6
LIGHT RAIN               18     FREEZING RAIN              0
LT FREEZING RAIN          0     HAIL                       0
HEAVY SNOW                0     SNOW                       0
LIGHT SNOW                1     SLEET                      0
FOG                      20     FOG W/VIS <= 1/4 MILE      1
HAZE                      4

-  INDICATES NEGATIVE NUMBERS.
R  INDICATES RECORD WAS SET OR TIED.
MM INDICATES DATA IS MISSING.
T  INDICATES TRACE AMOUNT.

$$
