000
CXUS54 KLUB 011538
CLMLBB


CLIMATE REPORT
NATIONAL WEATHER SERVICE LUBBOCK, TX
1037 AM CDT SUN MAY 1 2016

...................................

...THE LUBBOCK CLIMATE SUMMARY FOR THE MONTH OF APRIL 2016...

CLIMATE NORMAL PERIOD 1981 TO 2010
CLIMATE RECORD PERIOD 1911 TO 2016

WEATHER         OBSERVED          NORMAL  DEPART  LAST YEAR`S
                 VALUE   DATE(S)  VALUE   FROM    VALUE  DATE(S)
                                          NORMAL
................................................................
TEMPERATURE (F)
RECORD
 HIGH             104   04/25/2012
 LOW               18   04/04/1920
HIGHEST            89   04/25                         90  04/07
LOWEST             32   04/02                         38  04/29
                                                          04/20
AVG. MAXIMUM     76.8              75.4     1.4     76.3
AVG. MINIMUM     46.8              45.7     1.1     47.9
MEAN             61.8              60.5     1.3     62.1
DAYS MAX >= 90      0               1.3    -1.3        1
DAYS MAX <= 32      0               0.0     0.0        0
DAYS MIN <= 32      1               1.3    -0.3        0
DAYS MIN <= 0       0               0.0     0.0        0

PRECIPITATION (INCHES)
RECORD
 MAXIMUM         6.18   1915
 MINIMUM         0.00   2011
TOTALS           1.02              1.41   -0.39     1.24
DAILY AVG.       0.03              0.05   -0.02     0.04
DAYS >= .01         7                                  8
DAYS >= .10         3                                  3
DAYS >= .50         0                                  1
DAYS >= 1.00        0                                  0
GREATEST
 24 HR. TOTAL    0.44   04/19 TO 04/19

SNOWFALL (INCHES)
RECORDS
 TOTAL            6.8   1942
 24 HR TOTAL       MM
 SNOW DEPTH        MM   MM
TOTALS              T               0.2    -0.2      0.0
SINCE 7/1        13.3               8.2     5.1     14.7
SNOWDEPTH AVG.      0                MM      MM        0
DAYS >= TRACE       1               0.2     0.8        0
DAYS >= 1.0         0               0.1    -0.1        0
GREATEST
 SNOW DEPTH         0   MM                             0  MM
 24 HR TOTAL        T   04/01 TO 04/01           04/30 TO 04/30
                                                          04/30 TO 04/30
                                                          04/30 TO 04/30

DEGREE_DAYS
HEATING TOTAL     122               183     -61      132
 SINCE 7/1       2771              3337    -566     3231
COOLING TOTAL      35                49     -14       52
 SINCE 1/1         51                56      -5       55
.................................................

WIND (MPH)
AVERAGE WIND SPEED              12.9
HIGHEST WIND SPEED/DIRECTION    43/260    DATE  04/26
HIGHEST GUST SPEED/DIRECTION    52/260    DATE  04/26

SKY COVER
POSSIBLE SUNSHINE (PERCENT)   MM
AVERAGE SKY COVER           0.40
NUMBER OF DAYS FAIR           11
NUMBER OF DAYS PC             15
NUMBER OF DAYS CLOUDY          4

AVERAGE RH (PERCENT)     53

WEATHER CONDITIONS. NUMBER OF DAYS WITH
THUNDERSTORM              0     MIXED PRECIP               0
HEAVY RAIN                2     RAIN                       4
LIGHT RAIN               14     FREEZING RAIN              0
LT FREEZING RAIN          0     HAIL                       1
HEAVY SNOW                0     SNOW                       0
LIGHT SNOW                1     SLEET                      0
FOG                      10     FOG W/VIS <= 1/4 MILE      1
HAZE                      9

-  INDICATES NEGATIVE NUMBERS.
R  INDICATES RECORD WAS SET OR TIED.
MM INDICATES DATA IS MISSING.
T  INDICATES TRACE AMOUNT.

$$
