000
CXUS54 KLUB 011434
CLMLBB


CLIMATE REPORT
NATIONAL WEATHER SERVICE LUBBOCK, TX
934 AM CDT FRI JUL 1 2016

...................................

...THE LUBBOCK CLIMATE SUMMARY FOR THE MONTH OF JUNE 2016...

CLIMATE NORMAL PERIOD 1981 TO 2010
CLIMATE RECORD PERIOD 1911 TO 2016

WEATHER         OBSERVED          NORMAL  DEPART  LAST YEAR`S
                 VALUE   DATE(S)  VALUE   FROM    VALUE  DATE(S)
                                          NORMAL
................................................................
TEMPERATURE (F)
RECORD
 HIGH             114   06/27/1994
 LOW               39   06/02/1917
HIGHEST           104   06/17                         98  06/11
LOWEST             58   06/01                         60  06/14
AVG. MAXIMUM     91.5              90.6     0.9     88.5
AVG. MINIMUM     66.2              64.2     2.0     66.0
MEAN             78.8              77.4     1.4     77.2
DAYS MAX >= 90     22              16.6     5.4        9
DAYS MAX <= 32      0               0.0     0.0        0
DAYS MIN <= 32      0               0.0     0.0        0
DAYS MIN <= 0       0               0.0     0.0        0

PRECIPITATION (INCHES)
RECORD
 MAXIMUM         8.48   2000
 MINIMUM            T   2011
                        1990
TOTALS           1.04              3.04   -2.00     2.15
DAILY AVG.       0.03              0.10   -0.07     0.07
DAYS >= .01         6                                  6
DAYS >= .10         2                                  4
DAYS >= .50         1                                  2
DAYS >= 1.00        0                                  0
GREATEST
 24 HR. TOTAL    0.62   05/31 TO 06/01

DEGREE_DAYS
HEATING TOTAL       3                 2       1        0
 SINCE 7/1       2857              3379    -522     3275
COOLING TOTAL     426               374      52      377
 SINCE 1/1        653               620      33      515
.................................................................

WIND (MPH)
AVERAGE WIND SPEED              11.4
HIGHEST WIND SPEED/DIRECTION    55/250    DATE  06/15
HIGHEST GUST SPEED/DIRECTION    79/240    DATE  06/15

SKY COVER
POSSIBLE SUNSHINE (PERCENT)   MM
AVERAGE SKY COVER           0.40
NUMBER OF DAYS FAIR           12
NUMBER OF DAYS PC             15
NUMBER OF DAYS CLOUDY          3

AVERAGE RH (PERCENT)     57

WEATHER CONDITIONS. NUMBER OF DAYS WITH
THUNDERSTORM              0     MIXED PRECIP               0
HEAVY RAIN                1     RAIN                       3
LIGHT RAIN                7     FREEZING RAIN              0
LT FREEZING RAIN          0     HAIL                       0
HEAVY SNOW                0     SNOW                       0
LIGHT SNOW                0     SLEET                      0
FOG                       8     FOG W/VIS <= 1/4 MILE      0
HAZE                     13

-  INDICATES NEGATIVE NUMBERS.
R  INDICATES RECORD WAS SET OR TIED.
MM INDICATES DATA IS MISSING.
T  INDICATES TRACE AMOUNT.

$$
