793
CXUS54 KLUB 011438
CLMLBB


CLIMATE REPORT
NATIONAL WEATHER SERVICE LUBBOCK, TX
938 AM CDT SAT JUL 1 2017

...................................

...THE LUBBOCK CLIMATE SUMMARY FOR THE MONTH OF JUNE 2017...

CLIMATE NORMAL PERIOD 1981 TO 2010
CLIMATE RECORD PERIOD 1911 TO 2017

WEATHER         OBSERVED          NORMAL  DEPART  LAST YEAR`S
                 VALUE   DATE(S)  VALUE   FROM    VALUE  DATE(S)
                                          NORMAL
................................................................
TEMPERATURE (F)
RECORD
 HIGH             114   06/27/1994
 LOW               39   06/02/1917
HIGHEST           112   06/17                        104  06/17
LOWEST             59   06/05                         58  06/01
AVG. MAXIMUM     94.4              90.6     3.8     91.5
AVG. MINIMUM     66.9              64.2     2.7     66.2
MEAN             80.7              77.4     3.3     78.8
DAYS MAX >= 90     22              16.6     5.4       22
DAYS MAX <= 32      0               0.0     0.0        0
DAYS MIN <= 32      0               0.0     0.0        0
DAYS MIN <= 0       0               0.0     0.0        0

PRECIPITATION (INCHES)
RECORD
 MAXIMUM         8.48   2000
 MINIMUM            T   2011
                        1990
TOTALS           1.78              3.04   -1.26     1.04
DAILY AVG.       0.06              0.10   -0.04     0.03
DAYS >= .01         9                                  6
DAYS >= .10         5                                  2
DAYS >= .50         1                                  1
DAYS >= 1.00        0                                  0
GREATEST
 24 HR. TOTAL    0.84   06/26 TO 06/26

DEGREE_DAYS
HEATING TOTAL       0                 2      -2        3
 SINCE 7/1       2468              3379    -911     2857
COOLING TOTAL     478               374     104      426
 SINCE 1/1        780               620     160      653
.................................................................

WIND (MPH)
AVERAGE WIND SPEED              12.4
HIGHEST WIND SPEED/DIRECTION    46/020    DATE  06/26
HIGHEST GUST SPEED/DIRECTION    60/020    DATE  06/26

SKY COVER
POSSIBLE SUNSHINE (PERCENT)   MM
AVERAGE SKY COVER           0.50
NUMBER OF DAYS FAIR           11
NUMBER OF DAYS PC             16
NUMBER OF DAYS CLOUDY          3

AVERAGE RH (PERCENT)     53

WEATHER CONDITIONS. NUMBER OF DAYS WITH
THUNDERSTORM              0     MIXED PRECIP               0
HEAVY RAIN                3     RAIN                       3
LIGHT RAIN               13     FREEZING RAIN              0
LT FREEZING RAIN          0     HAIL                       1
HEAVY SNOW                0     SNOW                       0
LIGHT SNOW                0     SLEET                      0
FOG                       9     FOG W/VIS <= 1/4 MILE      0
HAZE                     12

-  INDICATES NEGATIVE NUMBERS.
R  INDICATES RECORD WAS SET OR TIED.
MM INDICATES DATA IS MISSING.
T  INDICATES TRACE AMOUNT.

$$
