000
CXUS53 KLBF 011252
CLMLBF


CLIMATE REPORT
NATIONAL WEATHER SERVICE NORTH PLATTE
750 AM CDT THU JUN 1 2017

...................................

...THE NORTH PLATTE NE CLIMATE SUMMARY FOR THE MONTH OF MAY 2017...

CLIMATE NORMAL PERIOD 1981 TO 2010
CLIMATE RECORD PERIOD 1874 TO 2017

WEATHER         OBSERVED          NORMAL  DEPART  LAST YEAR`S
                 VALUE   DATE(S)  VALUE   FROM    VALUE  DATE(S)
                                          NORMAL
................................................................
TEMPERATURE (F)
RECORD
 HIGH              99   05/27/2006
                        05/08/1934
 LOW               18   05/02/2005
HIGHEST            87   05/07        88      -1       83  05/29
                                                          05/22
LOWEST             29   05/04        29       0       25  05/02
                        05/01
AVG. MAXIMUM     71.3              71.7    -0.4     69.7
AVG. MINIMUM     41.7              44.1    -2.4     43.3
MEAN             56.5              57.9    -1.4     56.5
DAYS MAX >= 90      0               0.8    -0.8        0
DAYS MAX <= 32      0               0.0     0.0        0
DAYS MIN <= 32      6               2.4     3.6        4
DAYS MIN <= 0       0               0.0     0.0        0

PRECIPITATION (INCHES)
RECORD
 MAXIMUM         8.01   1962
 MINIMUM         0.11   1897
TOTALS           3.30              3.28    0.02     3.90
DAILY AVG.       0.11              0.11    0.00     0.13
DAYS >= .01        16              11.6     4.4       17
DAYS >= .10         5               6.8    -1.8       12
DAYS >= .50         4               2.2     1.8        3
DAYS >= 1.00        0               0.7    -0.7        0
GREATEST
 24 HR. TOTAL    0.82   05/16 TO 05/16

SNOWFALL (INCHES)
RECORDS
 TOTAL            6.0   1950
TOTALS              T                 T     0.0        T
SINCE 7/1        21.3              28.5    -7.2     32.4
SNOWDEPTH AVG.      0                MM      MM        0
DAYS >= 1.0         0               0.0     0.0        0
GREATEST
 SNOW DEPTH         0   MM                             0  MM
 24 HR TOTAL        T   05/20 TO 05/20

DEGREE_DAYS
HEATING TOTAL     271               245      26      265
 SINCE 7/1       5665              6635    -970     5706
COOLING TOTAL      15                25     -10        9
 SINCE 1/1         17                28     -11       10
.......................................................

WIND (MPH)
AVERAGE WIND SPEED              9.5
HIGHEST WIND SPEED/DIRECTION    30/320    DATE  05/01
HIGHEST GUST SPEED/DIRECTION    41/170    DATE  05/15

SKY COVER
POSSIBLE SUNSHINE (PERCENT)   MM
AVERAGE SKY COVER           0.30
NUMBER OF DAYS FAIR           20
NUMBER OF DAYS PC              6
NUMBER OF DAYS CLOUDY          5

AVERAGE RH (PERCENT)     67

WEATHER CONDITIONS. NUMBER OF DAYS WITH
THUNDERSTORM              0     MIXED PRECIP               0
HEAVY RAIN                2     RAIN                       6
LIGHT RAIN               16     FREEZING RAIN              0
LT FREEZING RAIN          0     HAIL                       0
HEAVY SNOW                0     SNOW                       0
LIGHT SNOW                1     SLEET                      0
FOG                      12     FOG W/VIS <= 1/4 MILE      1
HAZE                      3

-  INDICATES NEGATIVE NUMBERS.
R  INDICATES RECORD WAS SET OR TIED.
MM INDICATES DATA IS MISSING.
T  INDICATES TRACE AMOUNT.

$$
