000
CXUS51 KOKX 011708
CLMLGA

NYCCLMLGA 000
TTAA00 KOKX 011705


CLIMATE REPORT
NATIONAL WEATHER SERVICE NEW YORK NY
1205 PM EST WED MAR 1 2017

...................................

...THE LAGUARDIA NY CLIMATE SUMMARY FOR THE MONTH OF FEBRUARY 2017...

CLIMATE NORMAL PERIOD 1981 TO 2010
CLIMATE RECORD PERIOD 1939 TO 2017

WEATHER         OBSERVED          NORMAL  DEPART  LAST YEAR`S
                 VALUE   DATE(S)  VALUE   FROM    VALUE  DATE(S)
                                          NORMAL
................................................................
TEMPERATURE (F)
RECORD
 HIGH              74   02/15/1949
 LOW               -7   02/15/1943
HIGHEST            70   02/24        MM      MM       62  02/20
LOWEST             19   02/10        MM      MM        1  02/14
                        02/09
AVG. MAXIMUM     50.0              42.2     7.8     45.6
AVG. MINIMUM     35.6              28.5     7.1     31.2
MEAN             42.8              35.3     7.5     38.4
DAYS MAX >= 90      0               0.0     0.0        0
DAYS MAX <= 32      0               3.7    -3.7        4
DAYS MIN <= 32      9              18.5    -9.5       14
DAYS MIN <= 0       0               0.0     0.0        0

PRECIPITATION (INCHES)
RECORD
 MAXIMUM         5.76   1960
 MINIMUM         0.66   2002
TOTALS           1.87              2.76   -0.89     4.36
DAILY AVG.       0.07              0.10   -0.03     0.15
DAYS >= .01         6               9.6    -3.6       13
DAYS >= .10         4               5.5    -1.5        6
DAYS >= .50         1               1.8    -0.8        3
DAYS >= 1.00        0               0.6    -0.6        1
GREATEST
 24 HR. TOTAL    0.87   02/09 TO 02/09           02/24 TO 02/24
                                                          02/24 TO 02/24
                                                          02/24 TO 02/24
 STORM TOTAL       MM                                 MM
 (MM/DD(HH))            MM                    02/24(00) TO 02/24(00)
                                                 02/24(00) TO 02/24(00)4
                                                 02/24(00) TO 02/24(00)4

SNOWFALL (INCHES)
RECORDS
 TOTAL           29.1   2010
 24 HR TOTAL       MM
TOTALS           10.3               9.1     1.2      5.6
 LIQUID EQUIV    1.03              0.90    0.13     0.56
SINCE 7/1        23.4              22.0     1.4     34.4
 LIQUID 7/1      2.34              2.20             3.44
DAYS >= TRACE       3               3.4    -0.4        7
DAYS >= 1.0         1               1.8    -0.8        3
GREATEST
 SNOW DEPTH         8   02/10                          1  02/11
                                                          02/06
                                                          02/05
 24 HR TOTAL     10.0   02/09 TO 02/09           02/24 TO 02/24
                                                          02/24 TO 02/24
                                                          02/24 TO 02/24
 STORM TOTAL       MM                                 MM
 (MM/DD(HH))            MM                    02/24(00) TO 02/24(00)
                                                 02/24(00) TO 02/24(00)4
                                                 02/24(00) TO 02/24(00)4

DEGREE_DAYS
HEATING TOTAL     613               830    -217      765
 SINCE 7/1       2687              3429    -742     2662
COOLING TOTAL       0                 0       0        0
 SINCE 1/1          0                 0       0        0
.....................................................

WIND (MPH)
AVERAGE WIND SPEED              12.4
HIGHEST WIND SPEED/DIRECTION    46/320    DATE  02/13
HIGHEST GUST SPEED/DIRECTION    61/290    DATE  02/13

SKY COVER
POSSIBLE SUNSHINE (PERCENT)   MM
AVERAGE SKY COVER           0.60
NUMBER OF DAYS FAIR            4
NUMBER OF DAYS PC             13
NUMBER OF DAYS CLOUDY         11

AVERAGE RH (PERCENT)     56

WEATHER CONDITIONS. NUMBER OF DAYS WITH
THUNDERSTORM              0     MIXED PRECIP               0
HEAVY RAIN                1     RAIN                       2
LIGHT RAIN                6     FREEZING RAIN              1
LT FREEZING RAIN          1     HAIL                       0
HEAVY SNOW                0     SNOW                       2
LIGHT SNOW                2     SLEET                      1
FOG                       8     FOG W/VIS <= 1/4 MILE      4
HAZE                      7

-  INDICATES NEGATIVE NUMBERS.
R  INDICATES RECORD WAS SET OR TIED.
MM INDICATES DATA IS MISSING.
T  INDICATES TRACE AMOUNT.

$$
