000
CXUS51 KOKX 011410
CLMLGA

CLIMATE REPORT
NATIONAL WEATHER SERVICE NEW YORK NY
910 AM EST MON DEC 1 2014

...................................

...THE LAGUARDIA NY CLIMATE SUMMARY FOR THE MONTH OF NOVEMBER 2014...

CLIMATE NORMAL PERIOD 1981 TO 2010
CLIMATE RECORD PERIOD 1945 TO 2014

WEATHER         OBSERVED          NORMAL  DEPART  LAST YEAR`S
                 VALUE   DATE(S)  VALUE   FROM    VALUE  DATE(S)
                                          NORMAL
................................................................
TEMPERATURE (F)
RECORD
 HIGH              83   11/02/1950
 LOW               17   11/29/1955
HIGHEST            69   11/04        MM      MM       70  11/01
LOWEST             22   11/19        MM      MM       24  11/25
                                                          11/24
AVG. MAXIMUM     51.6              54.7    -3.1     52.1
AVG. MINIMUM     39.3              41.8    -2.5     38.9
MEAN             45.4              48.3    -2.9     45.5
DAYS MAX >= 90      0               0.0     0.0        0
DAYS MAX <= 32      0               0.0     0.0        1
DAYS MIN <= 32      7               2.5     4.5        9
DAYS MIN <= 0       0               0.0     0.0        0

PRECIPITATION (INCHES)
RECORD
 MAXIMUM         9.92   11/30/1970
 MINIMUM         0.31   11/30/1976
TOTALS           3.92              3.41    0.51     2.77
DAILY AVG.       0.13              0.11    0.02     0.09
DAYS >= .01         9               9.2    -0.2       11
DAYS >= .10         6               5.9     0.1        3
DAYS >= .50         3               2.6     0.4        1
DAYS >= 1.00        2               0.8     1.2        1
GREATEST
 24 HR. TOTAL    1.51   11/16 TO 11/17           11/26 TO 11/27
                                                          11/27 TO 11/27
                                                          11/27 TO 11/27
 STORM TOTAL       MM                                 MM
 (MM/DD(HH))            MM                    11/27(00) TO 11/27(00)
                                                 11/27(00) TO 11/27(00)7
                                                 11/27(00) TO 11/27(00)7

SNOWFALL (INCHES)
RECORDS
 TOTAL             MM   5
 24 HR TOTAL       MM
TOTALS            0.4               0.3     0.1      0.2
 LIQUID EQUIV    0.04              0.00    0.04     0.02
SINCE 7/1         0.4               0.3     0.1      0.2
 LIQUID 7/1      0.04              0.00             0.02
DAYS >= TRACE       2               0.2     1.8        2
DAYS >= 1.0         0               0.1    -0.1        0
GREATEST
 SNOW DEPTH         0   MM                             0  MM
 24 HR TOTAL      0.4   MM                       11/27 TO 11/27
                                                          11/27 TO 11/27
                                                          11/27 TO 11/27
 STORM TOTAL       MM                                 MM
 (MM/DD(HH))            MM                    11/27(00) TO 11/27(00)
                                                 11/27(00) TO 11/27(00)7
                                                 11/27(00) TO 11/27(00)7

DEGREE_DAYS
HEATING TOTAL     578               503      75      580
 SINCE 7/1        754               775     -21      782
COOLING TOTAL       0                 1      -1        0
 SINCE 1/1       1192              1214     -22     1402
........................................................

WIND (MPH)
AVERAGE WIND SPEED              11.2
HIGHEST WIND SPEED/DIRECTION    35/350    DATE  11/02
HIGHEST GUST SPEED/DIRECTION    MM        DATE   MM

SKY COVER
POSSIBLE SUNSHINE (PERCENT)   MM
AVERAGE SKY COVER           0.60
NUMBER OF DAYS FAIR            7
NUMBER OF DAYS PC             11
NUMBER OF DAYS CLOUDY         12

AVERAGE RH (PERCENT)     57

WEATHER CONDITIONS. NUMBER OF DAYS WITH
THUNDERSTORM              0     MIXED PRECIP               0
HEAVY RAIN                1     RAIN                       4
LIGHT RAIN               12     FREEZING RAIN              0
LT FREEZING RAIN          0     HAIL                       0
HEAVY SNOW                0     SNOW                       1
LIGHT SNOW                2     SLEET                      1
FOG                       9     FOG W/VIS <= 1/4 MILE      1
HAZE                      4

-  INDICATES NEGATIVE NUMBERS.
R  INDICATES RECORD WAS SET OR TIED.
MM INDICATES DATA IS MISSING.
T  INDICATES TRACE AMOUNT.

$$
