000
CXUS53 KOAX 011526
CLMLNK

CLIMATE REPORT
NATIONAL WEATHER SERVICE OMAHA NEBRASKA
1023 AM CDT SAT OCT 1 2016

...................................

...THE LINCOLN, NEBRASKA CLIMATE SUMMARY FOR THE MONTH OF SEPTEMBER 2016...

CLIMATE NORMAL PERIOD 1981 TO 2010
CLIMATE RECORD PERIOD 1887 TO 2016

WEATHER         OBSERVED          NORMAL  DEPART
                 VALUE   DATE(S)  VALUE   FROM
                                          NORMAL
................................................
TEMPERATURE (F)
HIGHEST            96   09/20
LOWEST             42   09/30
                        09/29
                        09/26
AVG. MAXIMUM     82.2              78.7     3.5
AVG. MINIMUM     58.1              53.4     4.7
MEAN             70.2              66.0     4.2
DAYS MAX >= 90      6
DAYS MAX <= 32      0
DAYS MIN <= 32      0
DAYS MIN <= 0       0

PRECIPITATION (INCHES)
RECORD
 MAXIMUM         8.32   1914
 MINIMUM            T   1894
TOTALS           3.38              3.02    0.36
DAILY AVG.       0.11
DAYS >= .01        11
DAYS >= .10         8
DAYS >= .50         3
DAYS >= 1.00        0
GREATEST
 24 HR. TOTAL    1.15   09/12 TO 09/13

SNOWFALL (INCHES)
RECORDS
 TOTAL            0.8   1985
TOTALS            0.0
SINCE 7/1         0.0
DAYS >= 1.0         0               0.0     0.0
GREATEST
 SNOW DEPTH         0
 24 HR TOTAL      0.0

DEGREE DAYS
HEATING TOTAL      39                92     -53
 SINCE 7/1         40                98     -58
COOLING TOTAL     203               123      80
 SINCE 1/1       1432              1158     274
.................................................

WIND (MPH)
AVERAGE WIND SPEED              9.7
HIGHEST WIND SPEED/DIRECTION    35/350    DATE  09/15
HIGHEST GUST SPEED/DIRECTION    46/300    DATE  09/15

SKY COVER
AVERAGE SKY COVER           0.20


WEATHER CONDITIONS. NUMBER OF DAYS WITH
THUNDERSTORM              7     MIXED PRECIP               0
HEAVY RAIN                7     RAIN                       9
LIGHT RAIN               11     FREEZING RAIN              0
LT FREEZING RAIN          0     HAIL                       0
HEAVY SNOW                0     SNOW                       0
LIGHT SNOW                0     SLEET                      0
FOG                      11     FOG W/VIS <= 1/4 MILE      1
HAZE                      1

-  INDICATES NEGATIVE NUMBERS.
R  INDICATES RECORD WAS SET OR TIED.
MM INDICATES DATA IS MISSING.
T  INDICATES TRACE AMOUNT.
>  INDICATES GREATER THAN OR EQUAL TO.
<  INDICATES LESS THAN OR EQUAL TO.

$$
