000
CXUS54 KCRP 011747
CLMLRD

CLIMATE REPORT
NATIONAL WEATHER SERVICE CORPUS CHRISTI TX
1120 AM CST SUN MAR 1 2015

...................................

...THE LAREDO CLIMATE SUMMARY FOR THE MONTH OF FEBRUARY 2015...

CLIMATE NORMAL PERIOD 1981 TO 2010
CLIMATE RECORD PERIOD 1900 TO 2015

WEATHER         OBSERVED          NORMAL  DEPART  LAST YEAR`S
                 VALUE   DATE(S)  VALUE   FROM    VALUE  DATE(S)
                                          NORMAL
................................................................
TEMPERATURE (F)
RECORD
 HIGH             103   02/27/2011
                        02/20/1986
 LOW               16   02/15/1909
HIGHEST            88   02/21        77      11       92  02/14
LOWEST             36   02/28        46     -10       30  02/12
                        02/27
                        02/24
AVG. MAXIMUM     68.9              72.0    -3.1     72.4
AVG. MINIMUM     47.6              50.3    -2.7     49.5
MEAN             58.3              61.2    -2.9     61.0
DAYS MAX >= 90      0               0.9    -0.9        1
DAYS MAX <= 32      0               0.0     0.0        0
DAYS MIN <= 32      0               0.8    -0.8        2
DAYS MIN <= 0       0               0.0     0.0        0

PRECIPITATION (INCHES)
RECORD
 MAXIMUM         5.50   1923
 MINIMUM         0.00   1978
                        1926
                        1925
TOTALS           0.29              0.94   -0.65     0.13
DAILY AVG.       0.01              0.03   -0.02     0.00
DAYS >= .01         7               5.3     1.7        5
DAYS >= .10         1               1.9    -0.9        0
DAYS >= .50         0               0.5    -0.5        0
DAYS >= 1.00        0               0.2    -0.2        0
GREATEST
 24 HR. TOTAL    0.16   02/03 TO 02/03

SNOWFALL (INCHES)
RECORDS
 TOTAL             MM   MM
 24 HR TOTAL       MM
TOTALS            0.0                MM      MM      0.0
SINCE 7/1         0.0               0.0     0.0      0.0
SNOWDEPTH AVG.      0                MM      MM        0
DAYS >= 1.0         0                MM      MM
GREATEST
 SNOW DEPTH         0   MM                             0
 24 HR TOTAL      0.0   MM                           0.0

DEGREE_DAYS
HEATING TOTAL     221               165      56      208
 SINCE 7/1        935               844      91      991
COOLING TOTAL      39                57     -18      102
 SINCE 1/1         48                85     -37      112
...................................................

WIND (MPH)
AVERAGE WIND SPEED              8.9
HIGHEST WIND SPEED/DIRECTION    32/320    DATE  02/16
HIGHEST GUST SPEED/DIRECTION    39/320    DATE  02/16

SKY COVER
AVERAGE SKY COVER           0.50

AVERAGE RH (PERCENT)     69

WEATHER CONDITIONS. NUMBER OF DAYS WITH
THUNDERSTORM              0     MIXED PRECIP               0
HEAVY RAIN                1     RAIN                       1
LIGHT RAIN               11     FREEZING RAIN              0
LT FREEZING RAIN          0     HAIL                       0
HEAVY SNOW                0     SNOW                       0
LIGHT SNOW                0     SLEET                      0
FOG                      11     FOG W/VIS <= 1/4 MILE      2
HAZE                      4

-  INDICATES NEGATIVE NUMBERS.
R  INDICATES RECORD WAS SET OR TIED.
MM INDICATES DATA IS MISSING.
T  INDICATES TRACE AMOUNT.

$$
