000
CXUS54 KCRP 021602 CCA
CLMLRD

CLIMATE REPORT...CORRECTED
NATIONAL WEATHER SERVICE CORPUS CHRISTI TX
1101 AM CDT FRI SEP 2 2016

...................................

...THE LAREDO CLIMATE SUMMARY FOR THE MONTH OF AUGUST 2016...

CLIMATE NORMAL PERIOD 1981 TO 2010
CLIMATE RECORD PERIOD 1900 TO 2016

WEATHER         OBSERVED          NORMAL  DEPART  LAST YEAR`S
                 VALUE   DATE(S)  VALUE   FROM    VALUE  DATE(S)
                                          NORMAL
................................................................
TEMPERATURE (F)
RECORD
 HIGH             113   08/11/1936
 LOW               60   08/13/1918
                        08/12/1918
                        08/11/1918
HIGHEST           108   08/12       102       6      107  08/10
                        08/11                             08/08
                                                          08/07
LOWEST             73   08/21        74      -1       71  08/28
AVG. MAXIMUM     98.6              99.9    -1.3    103.1
AVG. MINIMUM     76.9              77.0    -0.1     77.1
MEAN             87.8              88.4    -0.6     90.1
DAYS MAX >= 90     28              29.9    -1.9       31
DAYS MAX <= 32      0               0.0     0.0        0
DAYS MIN <= 32      0               0.0     0.0        0
DAYS MIN <= 0       0               0.0     0.0        0

PRECIPITATION (INCHES)
RECORD
 MAXIMUM        10.00   1971
 MINIMUM         0.00   1952
                        1929
                        1924
TOTALS           3.31              1.88    1.43     0.03
DAILY AVG.       0.11              0.06    0.05     0.00
DAYS >= .01         8               5.1     2.9        1
DAYS >= .10         6               2.8     3.2        0
DAYS >= .50         3               1.2     1.8        0
DAYS >= 1.00        1               0.6     0.4        0
GREATEST
 24 HR. TOTAL    1.63   08/20 TO 08/21           08/20 TO 08/20

SNOWFALL (INCHES)
RECORDS
 TOTAL             MM   MM
 24 HR TOTAL       MM
TOTALS            0.0                MM      MM      0.0
SINCE 7/1         0.0               0.0     0.0      0.0
SNOWDEPTH AVG.      0                MM      MM        0
DAYS >= 1.0         0                MM      MM
GREATEST
 SNOW DEPTH         0   MM                             0
 24 HR TOTAL      0.0   MM                           0.0

DEGREE_DAYS
HEATING TOTAL       0                 0       0        0
 SINCE 7/1          0                 0       0        0
COOLING TOTAL     715               727     -12      788
 SINCE 1/1       3419              3243     176     3089
..................................................

WIND (MPH)
AVERAGE WIND SPEED              10.8
HIGHEST WIND SPEED/DIRECTION    25/110    DATE  08/01
HIGHEST GUST SPEED/DIRECTION    35/120    DATE  08/09

SKY COVER
AVERAGE SKY COVER           0.20

AVERAGE RH (PERCENT)     65

WEATHER CONDITIONS. NUMBER OF DAYS WITH
THUNDERSTORM              4     MIXED PRECIP               0
HEAVY RAIN                5     RAIN                       5
LIGHT RAIN                8     FREEZING RAIN              0
LT FREEZING RAIN          0     HAIL                       0
HEAVY SNOW                0     SNOW                       0
LIGHT SNOW                0     SLEET                      0
FOG                       6     FOG W/VIS <= 1/4 MILE      0
HAZE                      1

-  INDICATES NEGATIVE NUMBERS.
R  INDICATES RECORD WAS SET OR TIED.
MM INDICATES DATA IS MISSING.
T  INDICATES TRACE AMOUNT.

$$

ANM...CORRECTED FOR RECORD PRECIP...WIND DIR AND THUNDERSTORM DAYS.
