000
CXUS51 KRNK 011922
CLMLWB

CLIMATE REPORT
NATIONAL WEATHER SERVICE BLACKSBURG VA
143 AM EDT THU OCT 1 2015

...................................

...THE LEWISBURG WV CLIMATE SUMMARY FOR THE MONTH OF SEPTEMBER 2015...

CLIMATE NORMAL PERIOD 1981 TO 2010
CLIMATE RECORD PERIOD 1973 TO 2015

WEATHER         OBSERVED          NORMAL  DEPART  LAST YEAR`S
                 VALUE   DATE(S)  VALUE   FROM    VALUE
                                          NORMAL
.............................................................
TEMPERATURE (F)
RECORD
 HIGH              93   09/03/2011
 LOW               27   09/24/1983
HIGHEST            86   09/08                         89
                        09/07
                        09/02
LOWEST             40   09/14                         38
AVG. MAXIMUM     76.3              74.5     1.8     75.7
AVG. MINIMUM     55.7              49.4     6.3     55.5
MEAN             66.0              62.0     4.0     65.6
DAYS MAX >= 90      0               0.3    -0.3        0
DAYS MAX <= 32      0               0.0     0.0        0
DAYS MIN <= 32      0               0.6    -0.6        0
DAYS MIN <= 0       0               0.0     0.0        0

SNOWFALL (INCHES)
TOTALS            0.0                                0.0
DAYS >= TRACE       0                                  0
DAYS >= 1.0         0                                  0
GREATEST
 24 HR TOTAL      0.0                                0.0

DEGREE_DAYS
HEATING TOTAL      54               134     -80       72
COOLING TOTAL      91                43      48       97
..............................................................

WIND (MPH)
AVERAGE WIND SPEED              2.4
HIGHEST WIND SPEED/DIRECTION    21/330    DATE  09/13
HIGHEST GUST SPEED/DIRECTION    20/090    DATE  09/25

SKY COVER
AVERAGE SKY COVER           0.50

AVERAGE RH (PERCENT)     72

WEATHER CONDITIONS. NUMBER OF DAYS WITH
THUNDERSTORM              2     MIXED PRECIP               0
HEAVY RAIN                3     RAIN                      11
LIGHT RAIN               14     FREEZING RAIN              0
LT FREEZING RAIN          0     HAIL                       0
HEAVY SNOW                0     SNOW                       0
LIGHT SNOW                0     SLEET                      0
FOG                      21     FOG W/VIS <= 1/4 MILE      8
HAZE                      1

-  INDICATES NEGATIVE NUMBERS.
R  INDICATES RECORD WAS SET OR TIED.
MM INDICATES DATA IS MISSING.
T  INDICATES TRACE AMOUNT.

REMARKS:
DUE TO HIGHLY SUSPECT PRECIPITATION VALUES FROM THE AUTOMATED RAIN
GAUGE...ALL LIQUID PRECIPITATION DATA WILL BE CODED AS MISSING.

$$
