000
CXUS51 KRNK 011125
CLMLWB


CLIMATE REPORT
NATIONAL WEATHER SERVICE BLACKSBURG VA
623 AM EST SUN FEB 1 2015

...................................

...THE LEWISBURG WV CLIMATE SUMMARY FOR THE MONTH OF JANUARY 2015...

CLIMATE NORMAL PERIOD 1981 TO 2010
CLIMATE RECORD PERIOD 1973 TO 2015

WEATHER         OBSERVED          NORMAL  DEPART
                 VALUE   DATE(S)  VALUE   FROM
                                          NORMAL
................................................
TEMPERATURE (F)
RECORD
 HIGH              73   MM
 LOW              -12   01/30/2014
HIGHEST            64   01/04
LOWEST              1   01/08
AVG. MAXIMUM     38.9              38.5     0.4
AVG. MINIMUM     22.3              18.5     3.8
MEAN             30.6              28.5     2.1
DAYS MAX >= 90      0               0.0     0.0
DAYS MAX <= 32      5               9.0    -4.0
DAYS MIN <= 32     27              28.3    -1.3
DAYS MIN <= 0       0               1.9    -1.9

SNOWFALL (INCHES)
TOTALS              T
SINCE 7/1         2.0
SNOWDEPTH AVG.      0
DAYS >= 1.0         0
GREATEST
 SNOW DEPTH         0

DEGREE_DAYS
HEATING TOTAL    1059              1131     -72
 SINCE 7/1       3084              3493    -409
COOLING TOTAL       0                 0       0
 SINCE 1/1          0                 0       0
.................................................

WIND (MPH)
AVERAGE WIND SPEED              5.1
HIGHEST WIND SPEED/DIRECTION    21/330    DATE  01/30
HIGHEST GUST SPEED/DIRECTION    37/310    DATE  01/07



-  INDICATES NEGATIVE NUMBERS.
R  INDICATES RECORD WAS SET OR TIED.
MM INDICATES DATA IS MISSING.
T  INDICATES TRACE AMOUNT.

REMARKS:
DUE TO HIGHLY SUSPECT PRECIPITATION VALUES FROM THE AUTOMATED RAIN
GAUGE...ALL LIQUID PRECIPITATION DATA WILL BE CODED AS MISSING.

$$
