000
CXUS53 KTOP 011714
CLMLWC


CLIMATE REPORT
NATIONAL WEATHER SERVICE TOPEKA KS
1114 AM CST MON JAN 1 2018

...................................

...THE LAWRENCE KS CLIMATE SUMMARY FOR THE MONTH OF DECEMBER 2017...

CLIMATE NORMAL PERIOD 1981 TO 2010
CLIMATE RECORD PERIOD 9999 TO 9999

WEATHER         OBSERVED          NORMAL  DEPART  LAST YEAR`S
                 VALUE   DATE(S)  VALUE   FROM    VALUE
                                          NORMAL
.............................................................
TEMPERATURE (F)
HIGHEST            71   12/04                         67
                        12/03
LOWEST             -3   12/31                        -15
                        12/27
AVG. MAXIMUM     44.1              41.9     2.2     40.0
AVG. MINIMUM     20.6              21.3    -0.7     16.6
MEAN             32.4              31.6     0.8     27.9
DAYS MAX >= 90      0               0.0     0.0        0
DAYS MAX <= 32      9               6.9     2.1       10
DAYS MIN <= 32     27              26.3     0.7       29
DAYS MIN <= 0       2               0.6     1.4        2

PRECIPITATION (INCHES)
TOTALS           0.24              1.47   -1.23     1.00
DAILY AVG.       0.01                               0.03
DAYS >= .01         2                                  5
DAYS >= .10         1                                  3
DAYS >= .50         0                                  1
DAYS >= 1.00        0                                  0
GREATEST
 24 HR. TOTAL    0.22   12/17 TO 12/17              0.64

DEGREE_DAYS
HEATING TOTAL    1005              1035     -30     1031
 SINCE 7/1       1895              2043    -148     1675
COOLING TOTAL       0                 0       0        0
 SINCE 1/1       1327              1371     -44     1599
..............................................................

WIND (MPH)
AVERAGE WIND SPEED              9.0
HIGHEST WIND SPEED/DIRECTION    37/310    DATE  12/13
HIGHEST GUST SPEED/DIRECTION    48/280    DATE  12/04

SKY COVER
POSSIBLE SUNSHINE (PERCENT)   MM
AVERAGE SKY COVER           0.40
NUMBER OF DAYS FAIR           18
NUMBER OF DAYS PC              5
NUMBER OF DAYS CLOUDY          8

AVERAGE RH (PERCENT)     66

WEATHER CONDITIONS. NUMBER OF DAYS WITH
THUNDERSTORM              0     MIXED PRECIP               0
HEAVY RAIN                0     RAIN                       0
LIGHT RAIN                1     FREEZING RAIN              0
LT FREEZING RAIN          0     HEAVY SNOW                 0
SNOW                      0     LIGHT SNOW                 2
FOG                      13     FOG W/VIS <= 1/4 MILE      0
HAZE                     13

-  INDICATES NEGATIVE NUMBERS.
R  INDICATES RECORD WAS SET OR TIED.
MM INDICATES DATA IS MISSING.
T  INDICATES TRACE AMOUNT.

$$
