000
CXUS54 KMAF 011314
CLMMAF


CLIMATE REPORT
NATIONAL WEATHER SERVICE MIDLAND TX
813 AM CDT FRI SEP 1 2017

...................................

...THE MIDLAND CLIMATE SUMMARY FOR THE MONTH OF AUGUST 2017...

CLIMATE NORMAL PERIOD 1981 TO 2010
CLIMATE RECORD PERIOD 1930 TO 2017

WEATHER         OBSERVED          NORMAL  DEPART  LAST YEAR`S
                 VALUE   DATE(S)  VALUE   FROM    VALUE  DATE(S)
                                          NORMAL
................................................................
TEMPERATURE (F)
RECORD
 HIGH             107   08/06/1964
                        08/12/1936
 LOW               57   08/26/2010
HIGHEST           100   08/06        93       7      102  08/08
                                                          08/04
                                                          08/03
LOWEST             58   08/31        68     -10       61  08/15
AVG. MAXIMUM     92.2              93.6    -1.4     92.7
AVG. MINIMUM     69.7              68.8     0.9     71.5
MEAN             81.0              81.2    -0.2     82.1
DAYS MAX >= 90     23              24.1    -1.1       20
DAYS MAX <= 32      0               0.0     0.0        0
DAYS MIN <= 32      0               0.0     0.0        0
DAYS MIN <= 0       0               0.0     0.0        0

PRECIPITATION (INCHES)
RECORD
 MAXIMUM         5.92   2006
 MINIMUM         0.00   1936
TOTALS           2.52              1.84    0.68     3.20
DAILY AVG.       0.08              0.06    0.02     0.10
DAYS >= .01        10               5.7     4.3       10
DAYS >= .10         3               3.2    -0.2        4
DAYS >= .50         2               1.2     0.8        2
DAYS >= 1.00        1               0.5     0.5        1
GREATEST
 24 HR. TOTAL    1.44   08/01 TO 08/01              2.05

DEGREE_DAYS
COOLING TOTAL     503               502       1      540
 SINCE 1/1       2247              1884     363     2232
.................................................................

WIND (MPH)
AVERAGE WIND SPEED              8.8
HIGHEST WIND SPEED/DIRECTION    53/360    DATE  08/22
HIGHEST GUST SPEED/DIRECTION    60/010    DATE  08/22

SKY COVER
POSSIBLE SUNSHINE (PERCENT)   MM
AVERAGE SKY COVER           0.20
NUMBER OF DAYS FAIR           26
NUMBER OF DAYS PC              5
NUMBER OF DAYS CLOUDY          0

AVERAGE RH (PERCENT)     58

WEATHER CONDITIONS. NUMBER OF DAYS WITH
THUNDERSTORM              0     MIXED PRECIP               0
HEAVY RAIN                3     RAIN                       5
LIGHT RAIN                9     FREEZING RAIN              0
LT FREEZING RAIN          0     HAIL                       0
HEAVY SNOW                0     SNOW                       0
LIGHT SNOW                0     SLEET                      0
FOG                       7     FOG W/VIS <= 1/4 MILE      0
HAZE                      8

-  INDICATES NEGATIVE NUMBERS.
R  INDICATES RECORD WAS SET OR TIED.
MM INDICATES DATA IS MISSING.
T  INDICATES TRACE AMOUNT.

$$
