266
CXUS53 KGLD 021418
CLMMCK

CLIMATE REPORT
NATIONAL WEATHER SERVICE GOODLAND
811 AM MDT SUN APR 2 2017

...................................

...THE MCCOOK CLIMATE SUMMARY FOR THE MONTH OF MARCH 2017...

CLIMATE NORMAL PERIOD 1981 TO 2010
CLIMATE RECORD PERIOD 1896 TO 2017

WEATHER         OBSERVED          NORMAL  DEPART  LAST YEAR`S
                 VALUE   DATE(S)  VALUE   FROM    VALUE  DATE(S)
                                          NORMAL
................................................................
TEMPERATURE (F)
RECORD
 HIGH              93   03/16/2015
                        03/30/1943
                        03/10/1989
 LOW              -20   03/03/1960
HIGHEST            91   03/19        80      11       83  03/21
LOWEST             14   03/13         9       5        9  03/20
AVG. MAXIMUM     61.4              54.1     7.3     62.7
AVG. MINIMUM     29.5              24.6     4.9     28.8
MEAN             45.5              39.4     6.1     45.7
DAYS MAX >= 90      1               0.0     1.0        0
DAYS MAX <= 32      0               2.3    -2.3        0
DAYS MIN <= 32     19              25.0    -6.0       21
DAYS MIN <= 0       0               0.6    -0.6        0

PRECIPITATION (INCHES)
RECORD
 MAXIMUM         4.20   1977
 MINIMUM         0.00   1968
TOTALS           1.00              1.36   -0.36     0.48
DAILY AVG.       0.03              0.04   -0.01     0.02
DAYS >= .01         5               5.9    -0.9        2
DAYS >= .10         3               3.1    -0.1        1
DAYS >= .50         1               0.8     0.2        0
DAYS >= 1.00        0               0.2    -0.2        0
GREATEST
 24 HR. TOTAL    0.58   03/28 TO 03/28              0.47


.................................................................



-  INDICATES NEGATIVE NUMBERS.
R  INDICATES RECORD WAS SET OR TIED.
MM INDICATES DATA IS MISSING.
T  INDICATES TRACE AMOUNT.

$$
