907
CXUS53 KGLD 041546
CLMMCK

CLIMATE REPORT
NATIONAL WEATHER SERVICE GOODLAND
833 AM MST WED JAN 4 2017

...................................

...THE MCCOOK CLIMATE SUMMARY FOR THE MONTH OF DECEMBER 2016...

CLIMATE NORMAL PERIOD 1981 TO 2010
CLIMATE RECORD PERIOD 1896 TO 2016

WEATHER         OBSERVED          NORMAL  DEPART  LAST YEAR`S
                 VALUE   DATE(S)  VALUE   FROM    VALUE  DATE(S)
                                          NORMAL
................................................................
TEMPERATURE (F)
RECORD
 HIGH              81   12/23/1964
 LOW              -27   12/23/1989
                        12/22/1989
HIGHEST            62   12/30        64      -2       70  12/09
LOWEST            -16   12/18        -2     -14        9  12/29
AVG. MAXIMUM     40.7              41.0    -0.3     44.4
AVG. MINIMUM     12.8              15.0    -2.2     21.6
MEAN             26.8              28.0    -1.2     33.0
DAYS MAX >= 90      0               0.0     0.0        0
DAYS MAX <= 32      9               7.5     1.5        7
DAYS MIN <= 32     31              30.7     0.3       28
DAYS MIN <= 0       6               2.5     3.5        0

PRECIPITATION (INCHES)
RECORD
 MAXIMUM         4.08   2006
 MINIMUM         0.00   2002
TOTALS           0.43              0.64   -0.21     0.16
DAILY AVG.       0.01              0.02   -0.01     0.01
DAYS >= .01         4               3.5     0.5        4
DAYS >= .10         2               1.4     0.6        1
DAYS >= .50         0               0.3    -0.3        0
DAYS >= 1.00        0               0.1    -0.1        0
GREATEST
 24 HR. TOTAL    0.18   12/22 TO 12/23              0.10  12/15


.................................................................



-  INDICATES NEGATIVE NUMBERS.
R  INDICATES RECORD WAS SET OR TIED.
MM INDICATES DATA IS MISSING.
T  INDICATES TRACE AMOUNT.

$$
