000
CXUS51 KCTP 011012
CLMMDT

PHLCLMMDT 000
TTAA00 KCTP 011007


CLIMATE REPORT
NATIONAL WEATHER SERVICE STATE COLLEGE PA
607 AM EDT SUN OCT 1 2017

...................................

...THE HARRISBURG PA CLIMATE SUMMARY FOR THE MONTH OF SEPTEMBER 2017...

CLIMATE NORMAL PERIOD 1981 TO 2010
CLIMATE RECORD PERIOD 1888 TO 2017

WEATHER         OBSERVED          NORMAL  DEPART  LAST YEAR`S
                 VALUE   DATE(S)  VALUE   FROM    VALUE  DATE(S)
                                          NORMAL
................................................................
TEMPERATURE (F)
RECORD
 HIGH             102   09/03/1953
                        09/02/1953
 LOW               30   09/24/1963
HIGHEST            91   09/27                         94  09/10
                        09/25                             09/08
                        09/24
LOWEST             50   09/29                         49  09/25
AVG. MAXIMUM     77.9              75.6     2.3     81.4
AVG. MINIMUM     59.5              56.2     3.3     61.5
MEAN             68.7              65.9     2.8     71.4
DAYS MAX >= 90      3               0.5     2.5        6
DAYS MAX <= 32      0               0.0     0.0        0
DAYS MIN <= 32      0               0.0     0.0        0
DAYS MIN <= 0       0               0.0     0.0        0

PRECIPITATION (INCHES)
RECORD
 MAXIMUM        18.43   2011
 MINIMUM         0.65   1986
TOTALS           2.55              4.07   -1.52     4.42
DAILY AVG.       0.09              0.14   -0.05     0.15
DAYS >= .01         6               9.2    -3.2       12
DAYS >= .10         4               5.9    -1.9        8
DAYS >= .50         3               3.1    -0.1        3
DAYS >= 1.00        1               1.4    -0.4        1
GREATEST
 24 HR. TOTAL    1.03   09/06 TO 09/06           09/18 TO 09/19

SNOWFALL (INCHES)
RECORDS
 TOTAL            0.0   MM
TOTALS            0.0               0.0     0.0      0.0
SINCE 7/1         0.0               0.0     0.0      0.0
SNOWDEPTH AVG.      0                MM      MM        0
DAYS >= 1.0         0               0.0     0.0        0
GREATEST
 SNOW DEPTH         0   MM                             0  MM
 24 HR TOTAL      0.0   09/30 TO 09/30           09/30 TO 09/30

DEGREE_DAYS
HEATING TOTAL      38                70     -32       21
 SINCE 7/1         40                72     -32       21
COOLING TOTAL     155                97      58      223
 SINCE 1/1       1153               993     160     1487
.................................................

WIND (MPH)
AVERAGE WIND SPEED              5.1
HIGHEST WIND SPEED/DIRECTION    31/310    DATE  09/05
HIGHEST GUST SPEED/DIRECTION    38/330    DATE  09/05

SKY COVER
POSSIBLE SUNSHINE (PERCENT)   MM
AVERAGE SKY COVER           0.50
NUMBER OF DAYS FAIR           10
NUMBER OF DAYS PC             14
NUMBER OF DAYS CLOUDY          6

AVERAGE RH (PERCENT)     74

WEATHER CONDITIONS. NUMBER OF DAYS WITH
THUNDERSTORM              1     MIXED PRECIP               0
HEAVY RAIN                3     RAIN                       4
LIGHT RAIN                8     FREEZING RAIN              0
LT FREEZING RAIN          0     HAIL                       0
HEAVY SNOW                0     SNOW                       0
LIGHT SNOW                0     SLEET                      0
FOG                      22     FOG W/VIS <= 1/4 MILE      0
HAZE                      9

-  INDICATES NEGATIVE NUMBERS.
R  INDICATES RECORD WAS SET OR TIED.
MM INDICATES DATA IS MISSING.
T  INDICATES TRACE AMOUNT.

$$
