000
CXUS54 KMEG 071955
CLMMEG


CLIMATE REPORT
NATIONAL WEATHER SERVICE MEMPHIS TN
253 PM CDT SAT OCT 7 2017

...................................

...THE MEMPHIS/GERMANTOWN WFO CLIMATE SUMMARY FOR THE MONTH OF SEPTEMBER 2017...

CLIMATE NORMAL PERIOD 1981 TO 2010
CLIMATE RECORD PERIOD 1988 TO 2017

WEATHER         OBSERVED          NORMAL  DEPART  LAST YEAR`S
                 VALUE   DATE(S)  VALUE   FROM    VALUE  DATE(S)
                                          NORMAL
................................................................
TEMPERATURE (F)
RECORD
 HIGH             100   09/05/2012
 LOW               40   09/27/1991
HIGHEST            94   09/21        MM      MM       99  09/25
LOWEST             51   09/07        MM      MM       51  09/29
AVG. MAXIMUM     84.7              84.4     0.3     89.5
AVG. MINIMUM     63.3              61.5     1.8     66.0
MEAN             74.0              72.9     1.1     77.8
DAYS MAX >= 90     12               6.0     6.0       19
DAYS MAX <= 32      0               0.0     0.0        0
DAYS MIN <= 32      0               0.0     0.0        0
DAYS MIN <= 0       0               0.0     0.0        0

PRECIPITATION (INCHES)
RECORD
 MAXIMUM           MM   MM
 MINIMUM           MM   MM
TOTALS           1.37              3.28   -1.91     0.56
DAILY AVG.       0.05              0.11   -0.06     0.02
DAYS >= .01         3               7.9    -4.9        6
DAYS >= .10         3               4.9    -1.9        2
DAYS >= .50         1               2.2    -1.2        0
DAYS >= 1.00        1               0.9     0.1        0
GREATEST
 24 HR. TOTAL    1.12   09/12 TO 09/12

SNOWFALL (INCHES)
RECORDS
 TOTAL             MM   5
TOTALS            0.0               0.0     0.0      0.0
SINCE 7/1         0.0               0.0     0.0      0.0
SNOWDEPTH AVG.      0                MM      MM        0
DAYS >= 1.0         0               0.0     0.0        0
GREATEST
 SNOW DEPTH         0   MM                             0  MM
 24 HR TOTAL      0.0   09/30 TO 09/30

DEGREE_DAYS
HEATING TOTAL       4                18     -14        2
 SINCE 7/1          4                18     -14        2
COOLING TOTAL     282               257      25      393
 SINCE 1/1       1974              1852     122     2229
.................................................................



-  INDICATES NEGATIVE NUMBERS.
R  INDICATES RECORD WAS SET OR TIED.
MM INDICATES DATA IS MISSING.
T  INDICATES TRACE AMOUNT.

$$
