000
CXUS44 KBRO 011146
CLMMFE


CLIMATE REPORT
NATIONAL WEATHER SERVICE BROWNSVILLE TX
643 AM CDT MON AUG 1 2016

...................................

...THE MCALLEN CLIMATE SUMMARY FOR THE MONTH OF JULY 2016...

CLIMATE NORMAL PERIOD 1981 TO 2010
CLIMATE RECORD PERIOD 1961 TO 2016

WEATHER         OBSERVED          NORMAL  DEPART  LAST YEAR`S
                 VALUE   DATE(S)  VALUE   FROM    VALUE  DATE(S)
                                          NORMAL
................................................................
TEMPERATURE (F)
HIGHEST           104   07/24       101       3      105  07/26
                        07/23
                        07/15
                        07/14
LOWEST             78   07/30        71       7       73  07/01
                        07/23
                        07/22
AVG. MAXIMUM    102.0              97.1     4.9
AVG. MINIMUM     80.6              76.4     4.2
MEAN             91.3              86.7     4.6     89.1
DAYS MAX >= 90     31              29.2     1.8
DAYS MAX <= 32      0               0.0     0.0
DAYS MIN <= 32      0               0.0     0.0
DAYS MIN <= 0       0               0.0     0.0

PRECIPITATION (INCHES)
TOTALS           0.25              2.00   -1.75     0.25
DAILY AVG.       0.01              0.06   -0.05     0.01
DAYS >= .01         1               5.5    -4.5        1
DAYS >= .10         1               3.2    -2.2        1
DAYS >= .50         0               1.3    -1.3        0
DAYS >= 1.00        0               0.6    -0.6        0
GREATEST
 24 HR. TOTAL    0.25   07/21 TO 07/21                    06/30 TO 07/01

DEGREE_DAYS
HEATING TOTAL       0                 0       0        0
 SINCE 7/1          0                 0       0        0
COOLING TOTAL     821               674     147      753
 SINCE 1/1       3096              2557     539     2639

..................................................

WIND (MPH)
AVERAGE WIND SPEED              14.5
HIGHEST WIND SPEED/DIRECTION    31/140    DATE  07/11
HIGHEST GUST SPEED/DIRECTION    41/140    DATE  07/06

SKY COVER
AVERAGE SKY COVER           0.20
NUMBER OF DAYS FAIR           30
NUMBER OF DAYS PC              1
NUMBER OF DAYS CLOUDY          0

AVERAGE RH (PERCENT)     61

WEATHER CONDITIONS. NUMBER OF DAYS WITH
THUNDERSTORM              0     MIXED PRECIP               0
HEAVY RAIN                1     RAIN                       1
LIGHT RAIN                1     FREEZING RAIN              0
LT FREEZING RAIN          0     HAIL                       0
HEAVY SNOW                0     SNOW                       0
LIGHT SNOW                0     SLEET                      0
FOG                       2     FOG W/VIS <= 1/4 MILE      0
HAZE                      9

-  INDICATES NEGATIVE NUMBERS.
R  INDICATES RECORD WAS SET OR TIED.
MM INDICATES DATA IS MISSING.
T  INDICATES TRACE AMOUNT.

$$
