893
CXUS56 KMFR 032100 CCA
CLMMFR

CLIMATE REPORT
NATIONAL WEATHER SERVICE MEDFORD, OR
158 PM PDT FRI NOV 3 2017

...................................

...THE MEDFORD OR CLIMATE SUMMARY FOR THE MONTH OF OCTOBER 2017...

CLIMATE NORMAL PERIOD 1981 TO 2010
CLIMATE RECORD PERIOD 1911 TO 2017

WEATHER         OBSERVED          NORMAL  DEPART  LAST YEAR`S
                 VALUE   DATE(S)  VALUE   FROM    VALUE  DATE(S)
                                          NORMAL
................................................................
TEMPERATURE (F)
RECORD
 HIGH              99   10/02/1980
 LOW               18   10/29/1971
HIGHEST            84   10/24                         87  10/12
LOWEST             32   10/14                         40  10/23
                        10/12
AVG. MAXIMUM     70.4              69.9     0.5     64.9
AVG. MINIMUM     39.9              42.0    -2.1     46.3
MEAN             55.1              56.0    -0.9     55.6
DAYS MAX >= 90      0               1.1    -1.1        0
DAYS MAX <= 32      0               0.0     0.0        0
DAYS MIN <= 32      2               1.4     0.6        0
DAYS MIN <= 0       0               0.0     0.0        0

PRECIPITATION (INCHES)
RECORD
 MAXIMUM         9.16   1950
TOTALS           0.89              1.13   -0.24     5.49
DAILY AVG.       0.03              0.04   -0.01     0.18
DAYS >= .01         3               7.1    -4.1       16
DAYS >= .10         3               3.2    -0.2       13
DAYS >= .50         0               0.5    -0.5        3
DAYS >= 1.00        0               0.0     0.0        2
GREATEST
 24 HR. TOTAL    0.40   10/19 TO 10/19

SNOWFALL (INCHES)
RECORDS
 TOTAL            1.3   1956
TOTALS            0.0               0.0     0.0      0.0
SINCE 7/1         0.0               0.0     0.0      0.0

DEGREE_DAYS
HEATING TOTAL     298               291       7      287
 SINCE 7/1        371               360      11      328
COOLING TOTAL       0                10     -10        4
 SINCE 1/1       1281               829     452     1058

FREEZE DATES
RECORD
 EARLIEST     09/13/1921
 LATEST       06/12/1952
EARLIEST      10/12             10/18
LATEST                          04/29
.................................................................

WIND (MPH)
AVERAGE WIND SPEED              2.6
HIGHEST WIND SPEED/DIRECTION    25/130    DATE  10/09
HIGHEST GUST SPEED/DIRECTION    35/150    DATE  10/09

SKY COVER
POSSIBLE SUNSHINE (PERCENT)   MM
AVERAGE SKY COVER           0.30
NUMBER OF DAYS FAIR           21
NUMBER OF DAYS PC              7
NUMBER OF DAYS CLOUDY          3

AVERAGE RH (PERCENT)     61

WEATHER CONDITIONS. NUMBER OF DAYS WITH
THUNDERSTORM              0     MIXED PRECIP               0
HEAVY RAIN                1     RAIN                       2
LIGHT RAIN                6     FREEZING RAIN              0
LT FREEZING RAIN          0     HAIL                       0
HEAVY SNOW                0     SNOW                       0
LIGHT SNOW                0     SLEET                      0
FOG                       8     FOG W/VIS <= 1/4 MILE      2
HAZE                      2

-  INDICATES NEGATIVE NUMBERS.
R  INDICATES RECORD WAS SET OR TIED.
MM INDICATES DATA IS MISSING.
T  INDICATES TRACE AMOUNT.

&&

OCTOBER 2017 WAS A RELATIVELY QUIET MONTH, ESPECIALLY COMPARED TO
THE RECORD SETTING WET OCTOBER OF 2016. DURING THE FIRST FEW DAYS OF
THE MONTH, A WEAK FRONT MOVED THROUGH THE AREA. WHILE ONLY A TRACE
OF PRECIPITATION WAS REPORTED IN MEDFORD, THE FRONT DID BRING
COOLER, FALL-LIKE TEMPERATURES THROUGH THE FIRST WEEK. AFTERWARDS,
HIGH PRESSURE BUILT OVER THE AREA, MAINTAINING DRY CONDITIONS WITH
WARM DAYTIME HIGHS AND COLD OVERNIGHT LOWS. WITHOUT SIGNIFICANT
RAINS, FIRE SEASON CONTINUED UNTIL THE LATTER PART OF OCTOBER AND
SMOKY/HAZY CONDITIONS CONTINUED TO IMPACT THE ROGUE VALLEY.

BY MID-MONTH, A STRONG FRONT BROUGHT SIGNIFICANT RAIN AND COOLER
TEMPERATURES. THE MEDFORD AIRPORT RECORDED 0.89 INCHES OF RAIN
DURING THIS SYSTEM; THE ONLY PRECIPITATION RECORDED FOR THE WHOLE
MONTH. RECORD DAILY PRECIPITATION TOTALS WERE SET FOR OTHER
LOCATIONS AROUND THE FORECAST AREA. THE PLENTIFUL RAIN AND COOLER
TEMPERATURES FINALLY PUT AN END TO THE LONG 2017 FIRE SEASON.

THE COOLER, FALL-LIKE WEATHER WAS SHORT LIVED HOWEVER, AS HIGH
PRESSURE RESUMED CONTROL. THIS BROUGHT MUCH WARMER THAN NORMAL
TEMPERATURES THAT RESULTED IN A NEW RECORD HIGH TEMPERATURE AT THE
MEDFORD AIRPORT. 84 DEGREES WAS REPORTED ON THE 24TH, BREAKING THE
OLD RECORD OF 80 DEGREES SET IN 1965. WITH THE RECENT RAIN AND HIGH
PRESSURE ALOFT, MORNING FOG WAS A COMMON OCCURRENCE DURING THAT LAST
PORTION OF THE MONTH. THE FOG DID NOT LINGER HOWEVER, AND CLEAR DRY,
DAYS WRAPPED UP THE MONTH.

$$
