000
CXUS53 KTOP 011420
CLMMHK


CLIMATE REPORT
NATIONAL WEATHER SERVICE TOPEKA KS
819 AM CST SUN FEB 1 2015

...................................

...THE MANHATTAN KS CLIMATE SUMMARY FOR THE MONTH OF JANUARY 2015...

CLIMATE NORMAL PERIOD 1981 TO 2010
CLIMATE RECORD PERIOD 9999 TO 9999

WEATHER         OBSERVED          NORMAL  DEPART  LAST YEAR`S
                 VALUE   DATE(S)  VALUE   FROM    VALUE
                                          NORMAL
.............................................................
TEMPERATURE (F)
HIGHEST            72   01/28                         64
LOWEST             -4   01/07                        -12
AVG. MAXIMUM     44.7              40.6     4.1     39.7
AVG. MINIMUM     15.5              16.8    -1.3     13.8
MEAN             30.1              28.7     1.4     26.7
DAYS MAX >= 90      0               0.0     0.0        0
DAYS MAX <= 32      7               8.7    -1.7       10
DAYS MIN <= 32     30              29.7     0.3       30
DAYS MIN <= 0       3               2.0     1.0        4

PRECIPITATION (INCHES)
TOTALS           0.92              0.65    0.27     0.31
DAILY AVG.       0.03                               0.01
DAYS >= .01         4                                  4
DAYS >= .10         1                                  1
DAYS >= .50         1                                  0
DAYS >= 1.00        0                                  0
GREATEST
 24 HR. TOTAL    0.84   01/31 TO 01/31              0.11

DEGREE_DAYS
HEATING TOTAL    1076              1125     -49     1176
 SINCE 7/1       3147              3266    -119     3451
COOLING TOTAL       0                 0       0        0
 SINCE 1/1          0                 0       0        0
..............................................................

WIND (MPH)
AVERAGE WIND SPEED              6.1
HIGHEST WIND SPEED/DIRECTION    30/220    DATE  01/10
HIGHEST GUST SPEED/DIRECTION    37/320    DATE  01/25

SKY COVER
POSSIBLE SUNSHINE (PERCENT)   MM
AVERAGE SKY COVER           0.30
NUMBER OF DAYS FAIR           20
NUMBER OF DAYS PC              9
NUMBER OF DAYS CLOUDY          2

AVERAGE RH (PERCENT)     64

WEATHER CONDITIONS. NUMBER OF DAYS WITH
THUNDERSTORM              0     MIXED PRECIP               0
HEAVY RAIN                0     RAIN                       1
LIGHT RAIN                4     FREEZING RAIN              0
LT FREEZING RAIN          0     HEAVY SNOW                 0
SNOW                      1     LIGHT SNOW                 3
FOG                       7     FOG W/VIS <= 1/4 MILE      1
HAZE                      3

-  INDICATES NEGATIVE NUMBERS.
R  INDICATES RECORD WAS SET OR TIED.
MM INDICATES DATA IS MISSING.
T  INDICATES TRACE AMOUNT.

$$
