000
CXUS53 KTOP 011508
CLMMHK


CLIMATE REPORT
NATIONAL WEATHER SERVICE TOPEKA KS
1005 AM CDT FRI JUL 1 2016

...................................

...THE MANHATTAN KS CLIMATE SUMMARY FOR THE MONTH OF JUNE 2016...

CLIMATE NORMAL PERIOD 1981 TO 2010
CLIMATE RECORD PERIOD 9999 TO 9999

WEATHER         OBSERVED          NORMAL  DEPART  LAST YEAR`S
                 VALUE   DATE(S)  VALUE   FROM    VALUE
                                          NORMAL
.............................................................
TEMPERATURE (F)
HIGHEST           106   06/22                        100
LOWEST             53   06/05                         54
AVG. MAXIMUM     93.4              85.4     8.0     88.2
AVG. MINIMUM     66.6              61.9     4.7     65.3
MEAN             80.0              73.7     6.3     76.8
DAYS MAX >= 90     20               8.3    11.7       13
DAYS MAX <= 32      0               0.0     0.0        0
DAYS MIN <= 32      0               0.0     0.0        0
DAYS MIN <= 0       0               0.0     0.0        0

PRECIPITATION (INCHES)
TOTALS           1.25              5.09   -3.84     3.66
DAILY AVG.       0.04                               0.12
DAYS >= .01         5                                 13
DAYS >= .10         2                                  8
DAYS >= .50         1                                  2
DAYS >= 1.00        0                                  0
GREATEST
 24 HR. TOTAL    0.98   06/27 TO 06/28              1.23

DEGREE_DAYS
HEATING TOTAL       0                11     -11        0
 SINCE 7/1       4115              5315   -1200     5129
COOLING TOTAL     458               270     188      361
 SINCE 1/1        568               370     198      442
..............................................................

WIND (MPH)
AVERAGE WIND SPEED              6.9
HIGHEST WIND SPEED/DIRECTION    53/230    DATE  06/15
HIGHEST GUST SPEED/DIRECTION    70/230    DATE  06/15

SKY COVER
POSSIBLE SUNSHINE (PERCENT)   MM
AVERAGE SKY COVER           0.10
NUMBER OF DAYS FAIR           30
NUMBER OF DAYS PC              0
NUMBER OF DAYS CLOUDY          0

AVERAGE RH (PERCENT)     60

WEATHER CONDITIONS. NUMBER OF DAYS WITH
THUNDERSTORM              0     MIXED PRECIP               0
HEAVY RAIN                2     RAIN                       2
LIGHT RAIN                9     FREEZING RAIN              0
LT FREEZING RAIN          0     HEAVY SNOW                 0
SNOW                      0     LIGHT SNOW                 0
FOG                       1     FOG W/VIS <= 1/4 MILE      0
HAZE                      2

-  INDICATES NEGATIVE NUMBERS.
R  INDICATES RECORD WAS SET OR TIED.
MM INDICATES DATA IS MISSING.
T  INDICATES TRACE AMOUNT.

$$
