000
CXUS54 KMEG 020037
CLMMKL


CLIMATE REPORT
NATIONAL WEATHER SERVICE MEMPHIS TN
735 PM CDT FRI SEP 1 2017

...................................

...THE JACKSON CLIMATE SUMMARY FOR THE MONTH OF AUGUST 2017...

CLIMATE NORMAL PERIOD 1981 TO 2010
CLIMATE RECORD PERIOD 1948 TO 2017

WEATHER         OBSERVED          NORMAL  DEPART  LAST YEAR`S
                 VALUE   DATE(S)  VALUE   FROM    VALUE  DATE(S)
                                          NORMAL
................................................................
TEMPERATURE (F)
RECORD
 HIGH             106   08/16/2007
                        08/15/2007
                        00/-2/2032
 LOW               47   08/14/2004
                        08/13/2004
HIGHEST            95   08/20        90       5       96  08/05
                                                          08/02
LOWEST             54   08/24        67     -13       62  08/22
AVG. MAXIMUM     87.4              90.2    -2.8     89.6
AVG. MINIMUM     65.7              66.9    -1.2     71.5
MEAN             76.5              78.6    -2.1     80.6
DAYS MAX >= 90      9              16.3    -7.3       18
DAYS MAX <= 32      0               0.0     0.0        0
DAYS MIN <= 32      0               0.0     0.0        0
DAYS MIN <= 0       0               0.0     0.0        0

PRECIPITATION (INCHES)
RECORD
 MAXIMUM        10.24   1974
 MINIMUM         0.08   1953
TOTALS           6.86              3.00    3.86     3.79
DAILY AVG.       0.22              0.10    0.12     0.12
DAYS >= .01        10               6.8     3.2       11
DAYS >= .10         6               4.5     1.5        8
DAYS >= .50         4               2.2     1.8        4
DAYS >= 1.00        2               0.9     1.1        1
GREATEST
 24 HR. TOTAL    3.76   08/31 TO 08/31

SNOWFALL (INCHES)
RECORDS
 TOTAL             MM   MM
TOTALS            0.0               0.0     0.0      0.0
SINCE 7/1         0.0               0.0     0.0      0.0
SNOWDEPTH AVG.      0                MM      MM        0
DAYS >= 1.0         0               0.0     0.0        0
GREATEST
 SNOW DEPTH         0   MM                             0  MM
 24 HR TOTAL      0.0   08/31 TO 08/31

DEGREE_DAYS
HEATING TOTAL       0                 0       0        0
 SINCE 7/1          0                 0       0        0
COOLING TOTAL     365               420     -55      491
 SINCE 1/1       1480              1423      57     1629
.................................................................

WIND (MPH)
AVERAGE WIND SPEED              4.5
HIGHEST WIND SPEED/DIRECTION    31/030    DATE  08/31
HIGHEST GUST SPEED/DIRECTION    49/020    DATE  08/31

SKY COVER
POSSIBLE SUNSHINE (PERCENT)   MM
AVERAGE SKY COVER           0.30
NUMBER OF DAYS FAIR           19
NUMBER OF DAYS PC             10
NUMBER OF DAYS CLOUDY          2

AVERAGE RH (PERCENT)     78

WEATHER CONDITIONS. NUMBER OF DAYS WITH
THUNDERSTORM              0     MIXED PRECIP               0
HEAVY RAIN                4     RAIN                       7
LIGHT RAIN                8     FREEZING RAIN              0
LT FREEZING RAIN          0     HAIL                       0
HEAVY SNOW                0     SNOW                       0
LIGHT SNOW                0     SLEET                      0
FOG                      25     FOG W/VIS <= 1/4 MILE      2
HAZE                      2

-  INDICATES NEGATIVE NUMBERS.
R  INDICATES RECORD WAS SET OR TIED.
MM INDICATES DATA IS MISSING.
T  INDICATES TRACE AMOUNT.

$$
