000
CXUS56 KPQR 011534
CLMMMV


CLIMATE REPORT
NATIONAL WEATHER SERVICE PORTLAND OREGON
834 AM PDT WED OCT 1 2014

...................................

...THE MCMINNVILLE OR CLIMATE SUMMARY FOR THE MONTH OF SEPTEMBER 2014...

CLIMATE NORMAL PERIOD 1981 TO 2010
CLIMATE RECORD PERIOD 1894 TO 2014

WEATHER         OBSERVED          NORMAL  DEPART  LAST YEAR`S
                 VALUE   DATE(S)  VALUE   FROM    VALUE  DATE(S)
                                          NORMAL
................................................................
TEMPERATURE (F)
HIGHEST            97                                 96  09/11
LOWEST             44                                 40  09/27
                                                          09/26
AVG. MAXIMUM     80.1              76.2     3.9     73.4
AVG. MINIMUM     52.1              47.1     5.0     52.8
MEAN             66.1              61.6     4.5     63.1
DAYS MAX >= 90      5               1.7     3.3        2
DAYS MAX <= 32      0               0.0     0.0        0
DAYS MIN <= 32      0               0.1    -0.1        0
DAYS MIN <= 0       0               0.0     0.0        0

PRECIPITATION (INCHES)
RECORD
 MAXIMUM         7.58   1996
 MINIMUM         0.00   1991
TOTALS           1.14              1.38   -0.24     6.19
DAYS >= .01         7                MM      MM       16
DAYS >= .10         3                MM      MM        9
DAYS >= .50         1                MM      MM        5
DAYS >= 1.00        0                MM      MM        2
GREATEST
 24 HR. TOTAL    0.74   09/23 TO 09/24

DEGREE_DAYS
HEATING TOTAL      34               131     -97      118
 SINCE 7/1         40               216    -176      135
COOLING TOTAL      73                30      43       68
 SINCE 1/1        518               214     304      405
.................................................................

WIND (MPH)
AVERAGE WIND SPEED              5.5
RESULTANT WIND SPEED/DIRECTION   1/332
HIGHEST WIND SPEED/DIRECTION    24/030    DATE  09/11
HIGHEST GUST SPEED/DIRECTION    31/030    DATE  09/11

SKY COVER
POSSIBLE SUNSHINE (PERCENT)   MM
AVERAGE SKY COVER           0.20

AVERAGE RH (PERCENT)     63

WEATHER CONDITIONS. NUMBER OF DAYS WITH
THUNDERSTORM              0     MIXED PRECIP               0
HEAVY RAIN                3     RAIN                       1
LIGHT RAIN                7     FREEZING RAIN              0
LT FREEZING RAIN          0     HAIL                       0
HEAVY SNOW                0     SNOW                       0
LIGHT SNOW                0     SLEET                      0
FOG                      11     FOG W/VIS <= 1/4 MILE      2
HAZE                      3

-  INDICATES NEGATIVE NUMBERS.
R  INDICATES RECORD WAS SET OR TIED.
MM INDICATES DATA IS MISSING.
T  INDICATES TRACE AMOUNT.

$$
