000
CXUS51 KPHI 021247
CLMMPO


CLIMATE REPORT
NATIONAL WEATHER SERVICE MOUNT HOLLY NJ
746 AM EST FRI JAN 2 2015

...................................

...THE POCONO_MNTS_MUNIL_AR CLIMATE SUMMARY FOR THE MONTH OF DECEMBER 2014...

CLIMATE NORMAL PERIOD 1981 TO 2010
CLIMATE RECORD PERIOD 1901 TO 2015

WEATHER         OBSERVED          NORMAL  DEPART  LAST YEAR`S
                 VALUE   DATE(S)  VALUE   FROM    VALUE  DATE(S)
                                          NORMAL
................................................................
TEMPERATURE (F)
RECORD
 HIGH              66   12/01/2006
                        12/05/1998
                        12/04/1941
 LOW              -22   12/30/1917
HIGHEST            56                MM      MM       60
LOWEST             14                MM      MM        0
AVG. MAXIMUM     36.2              34.2     2.0     36.3
AVG. MINIMUM     26.3              21.1     5.2     20.9
MEAN             31.3              27.7     3.6     28.6
DAYS MAX >= 90      0               0.0     0.0        0
DAYS MAX <= 32     10              14.5    -4.5       16
DAYS MIN <= 32     28              27.7     0.3       27
DAYS MIN <= 0       0               0.5    -0.5        1

PRECIPITATION (INCHES)
RECORD
 MAXIMUM        10.78   1973
 MINIMUM         0.00   1989
TOTALS           2.80              3.87   -1.07     2.63
DAILY AVG.       0.09              0.12   -0.03     0.08
DAYS >= .01        15                MM      MM       15
DAYS >= .10         7                MM      MM        6
DAYS >= .50         2                MM      MM        2
DAYS >= 1.00        0                MM      MM        0
GREATEST
 24 HR. TOTAL    0.73   12/05 TO 12/06              0.85

SNOWFALL (INCHES)
RECORDS
 TOTAL             MM   5
 24 HR TOTAL       MM
TOTALS             MM                MM      MM       MM
SINCE 7/1          MM                MM      MM       MM
SNOWDEPTH AVG.     MM                MM      MM       MM
DAYS >= 1.0         0                MM      MM        0
GREATEST
 SNOW DEPTH        MM                                 MM  MM
 24 HR TOTAL       MM                                 MM

DEGREE_DAYS
HEATING TOTAL    1036              1158    -122     1120
 SINCE 7/1       2603              2737    -134     2732
COOLING TOTAL       0                 0       0        0
 SINCE 1/1        253               314     -61      467
.................................................................

WIND (MPH)
AVERAGE WIND SPEED              10.7
HIGHEST WIND SPEED/DIRECTION    30/290    DATE  12/25
HIGHEST GUST SPEED/DIRECTION    42/340    DATE  12/07

SKY COVER
POSSIBLE SUNSHINE (PERCENT)   MM
AVERAGE SKY COVER           0.70
NUMBER OF DAYS FAIR            5
NUMBER OF DAYS PC              6
NUMBER OF DAYS CLOUDY         20

AVERAGE RH (PERCENT)     78

WEATHER CONDITIONS. NUMBER OF DAYS WITH
THUNDERSTORM              0     MIXED PRECIP               0
HEAVY RAIN                1     RAIN                       3
LIGHT RAIN               13     FREEZING RAIN              2
LT FREEZING RAIN          4     HEAVY SNOW                 0
SNOW                      0     LIGHT SNOW                12
SLEET                     2     FOG                       21
FOG W/VIS <= 1/4 MILE     9     HAZE                       3

-  INDICATES NEGATIVE NUMBERS.
R  INDICATES RECORD WAS SET OR TIED.
MM INDICATES DATA IS MISSING.
T  INDICATES TRACE AMOUNT.

$$
