000
CXUS54 KHUN 031548
CLMMSL


CLIMATE REPORT
NATIONAL WEATHER SERVICE HUNTSVILLE AL
947 AM CST MON NOV 3 2014

...................................

...THE MUSCLE SHOALS CLIMATE SUMMARY FOR THE MONTH OF OCTOBER 2014...

CLIMATE NORMAL PERIOD 1981 TO 2010
CLIMATE RECORD PERIOD 1893 TO 2014

WEATHER         OBSERVED          NORMAL  DEPART  LAST YEAR`S
                 VALUE   DATE(S)  VALUE   FROM    VALUE
                                          NORMAL
.............................................................
TEMPERATURE (F)
RECORD
 HIGH              99   10/05/1925
                        10/01/1925
                        10/04/1908
 LOW               23   10/31/1917
HIGHEST            90   10/01        MM      MM       91
LOWEST             36   10/05        MM      MM       29
AVG. MAXIMUM     77.0              74.3     2.7     75.6
AVG. MINIMUM     51.8              49.8     2.0     52.3
MEAN             64.4              62.1     2.3     63.9
DAYS MAX >= 90      1               0.2     0.8        1
DAYS MAX <= 32      0               0.0     0.0        0
DAYS MIN <= 32      0               0.9    -0.9        2
DAYS MIN <= 0       0               0.0     0.0        0

PRECIPITATION (INCHES)
RECORD
 MAXIMUM        11.05   1918
 MINIMUM         0.00   2000
TOTALS           6.94              3.43    3.51     1.81
DAILY AVG.       0.22              0.11    0.11
DAYS >= .01        12               8.2     3.8        4
DAYS >= .10         8               5.3     2.7        3
DAYS >= .50         4               2.3     1.7        2
DAYS >= 1.00        2               0.8     1.2        0
GREATEST
 24 HR. TOTAL    3.15   10/13 TO 10/13              0.72

SNOWFALL (INCHES)
RECORDS
 TOTAL              T   1913
                        1910
 24 HR TOTAL      0.0   MM
TOTALS            0.0               0.0     0.0      0.0
SINCE 7/1         0.0               0.0     0.0      0.0
DAYS >= TRACE       0               0.0     0.0
DAYS >= 1.0         0               0.0     0.0
GREATEST
 24 HR TOTAL      0.0   10/31 TO 10/31               0.0

DEGREE_DAYS
HEATING TOTAL     110               153     -43      130
 SINCE 7/1        110               168     -58      130
COOLING TOTAL     100                62      38      104
 SINCE 1/1       1860              1864      -4     1894

FREEZE DATES
RECORD
 EARLIEST     10/03/1908
 LATEST       04/27/1919
EARLIEST                        11/07
LATEST                          03/28
..............................................................

WIND (MPH)
AVERAGE WIND SPEED              5.2
HIGHEST WIND SPEED/DIRECTION    44/150    DATE  10/13
HIGHEST GUST SPEED/DIRECTION    60/140    DATE  10/13

AVERAGE RH (PERCENT)     68


-  INDICATES NEGATIVE NUMBERS.
R  INDICATES RECORD WAS SET OR TIED.
MM INDICATES DATA IS MISSING.
T  INDICATES TRACE AMOUNT.

$$
