000
CXUS54 KHUN 021747
CLMMSL


CLIMATE REPORT
NATIONAL WEATHER SERVICE HUNTSVILLE AL
1247 PM CDT THU JUL 2 2015

...................................

...THE MUSCLE SHOALS CLIMATE SUMMARY FOR THE MONTH OF JUNE 2015...

CLIMATE NORMAL PERIOD 1981 TO 2010
CLIMATE RECORD PERIOD 1893 TO 2015

WEATHER         OBSERVED          NORMAL  DEPART  LAST YEAR`S
                 VALUE   DATE(S)  VALUE   FROM    VALUE
                                          NORMAL
.............................................................
TEMPERATURE (F)
RECORD
 HIGH             108   06/26/1914
 LOW               42   06/01/1894
HIGHEST            98   06/23        MM      MM       95
                        06/22
                        06/17
LOWEST             59   06/04        MM      MM       59
                        06/03
AVG. MAXIMUM     91.7              87.8     3.9     88.2
AVG. MINIMUM     68.1              66.3     1.8     68.1
MEAN             79.9              77.0     2.9     78.2
DAYS MAX >= 90     23              11.6    11.4       16
DAYS MAX <= 32      0               0.0     0.0        0
DAYS MIN <= 32      0               0.0     0.0        0
DAYS MIN <= 0       0               0.0     0.0        0

PRECIPITATION (INCHES)
RECORD
 MAXIMUM        13.43   1989
 MINIMUM         0.43   1944
TOTALS           2.36              4.76   -2.40     7.47
DAILY AVG.       0.08              0.16   -0.08
DAYS >= .01         9              10.3    -1.3       14
DAYS >= .10         3               6.8    -3.8       11
DAYS >= .50         2               3.1    -1.1        5
DAYS >= 1.00        1               1.5    -0.5        3
GREATEST
 24 HR. TOTAL    1.69   06/26 TO 06/27              1.73

SNOWFALL (INCHES)
RECORDS
 TOTAL              T   1994
                        1993
 24 HR TOTAL      0.0   MM
TOTALS            0.0               0.0     0.0      0.0
SINCE 7/1         4.2               2.2     2.0      1.4
DAYS >= TRACE       0               0.0     0.0
DAYS >= 1.0         0               0.0     0.0
GREATEST
 24 HR TOTAL      0.0   06/30 TO 06/30               0.0

DEGREE_DAYS
HEATING TOTAL       0                 1      -1        0
 SINCE 7/1       3233              3104     129     3395
COOLING TOTAL     458               362      96      401
 SINCE 1/1        712               606     106      658

FREEZE DATES
RECORD
 EARLIEST     10/03/1908
 LATEST       04/27/1919
EARLIEST      02/02             11/07
LATEST        03/29             03/28
..............................................................

WIND (MPH)
AVERAGE WIND SPEED              5.1
HIGHEST WIND SPEED/DIRECTION    38/270    DATE  06/08
HIGHEST GUST SPEED/DIRECTION    47/270    DATE  06/08

AVERAGE RH (PERCENT)     68


-  INDICATES NEGATIVE NUMBERS.
R  INDICATES RECORD WAS SET OR TIED.
MM INDICATES DATA IS MISSING.
T  INDICATES TRACE AMOUNT.

$$
