298
CXUS53 KMKX 010758
CLMMSN


CLIMATE REPORT
NATIONAL WEATHER SERVICE IN MILWAUKEE
256 AM CDT SUN MAY 1 2016

...................................

...THE MADISON WI CLIMATE SUMMARY FOR THE MONTH OF APRIL 2016...

CLIMATE NORMAL PERIOD 1981 TO 2010
CLIMATE RECORD PERIOD 1871 TO 2016

WEATHER         OBSERVED          NORMAL  DEPART  LAST YEAR`S
                 VALUE   DATE(S)  VALUE   FROM    VALUE  DATE(S)
                                          NORMAL
................................................................
TEMPERATURE (F)
RECORD
 HIGH              94   04/22/1980
 LOW                0   04/07/1982
HIGHEST            80   04/18        77       3       79  04/17
LOWEST             16   04/09        21      -5       27  04/24
AVG. MAXIMUM     56.3              57.3    -1.0     61.0
AVG. MINIMUM     35.2              35.8    -0.6     35.7
MEAN             45.8              46.6    -0.8     48.4
DAYS MAX >= 90      0               0.0     0.0        0
DAYS MAX <= 32      0               0.3    -0.3        0
DAYS MIN <= 32     12              10.3     1.7       10
DAYS MIN <= 0       0               0.0     0.0        0

PRECIPITATION (INCHES)
RECORD
 MAXIMUM         7.19   1909
 MINIMUM            T   1877
TOTALS           2.11              3.40   -1.29     4.38
DAILY AVG.       0.07              0.11   -0.04     0.15
DAYS >= .01        11              12.1    -1.1       12
DAYS >= .10         6               7.0    -1.0        9
DAYS >= .50         1               2.2    -1.2        2
DAYS >= 1.00        0               0.7    -0.7        1
GREATEST
 24 HR. TOTAL    0.59   04/05 TO 04/06              1.98

SNOWFALL (INCHES)
RECORDS
 TOTAL           17.4   1973
TOTALS            4.2               2.6     1.6        T
SINCE 7/1        32.7              50.7   -18.0     33.7
SNOWDEPTH AVG.      0                MM      MM        0
DAYS >= 1.0         2               0.7     1.3        0
GREATEST
 SNOW DEPTH         1   04/09                          0  MM
                        04/02
 24 HR TOTAL      2.4   MM                             T

DEGREE_DAYS
HEATING TOTAL     568               558      10      494
 SINCE 7/1       5938              7007   -1069     7140
COOLING TOTAL       0                 4      -4        0
 SINCE 1/1          0                 4      -4        0
.................................................................

WIND (MPH)
AVERAGE WIND SPEED              9.2
HIGHEST WIND SPEED/DIRECTION    33/060    DATE  04/27
HIGHEST GUST SPEED/DIRECTION    50/310    DATE  04/02

SKY COVER
POSSIBLE SUNSHINE (PERCENT)   MM
AVERAGE SKY COVER           0.70
NUMBER OF DAYS FAIR            6
NUMBER OF DAYS PC             10
NUMBER OF DAYS CLOUDY         14

AVERAGE RH (PERCENT)     64

WEATHER CONDITIONS. NUMBER OF DAYS WITH
THUNDERSTORM              0     MIXED PRECIP               0
HEAVY RAIN                2     RAIN                       5
LIGHT RAIN               13     FREEZING RAIN              0
LT FREEZING RAIN          0     HAIL                       1
HEAVY SNOW                2     SNOW                       1
LIGHT SNOW                4     SLEET                      0
FOG                      12     FOG W/VIS <= 1/4 MILE      2
HAZE                      2

-  INDICATES NEGATIVE NUMBERS.
R  INDICATES RECORD WAS SET OR TIED.
MM INDICATES DATA IS MISSING.
T  INDICATES TRACE AMOUNT.

$$
