000
CXUS51 KOKX 022305
CLMNYC

CLIMATE REPORT
NATIONAL WEATHER SERVICE NEW YORK NY
604 PM EST FRI FEB 2 2018

...................................

...THE CENTRAL PARK NY CLIMATE SUMMARY FOR THE MONTH OF JANUARY 2018...

CLIMATE NORMAL PERIOD 1981 TO 2010
CLIMATE RECORD PERIOD 1869 TO 2018

WEATHER         OBSERVED          NORMAL  DEPART  LAST YEAR`S
                 VALUE   DATE(S)  VALUE   FROM    VALUE  DATE(S)
                                          NORMAL
................................................................
TEMPERATURE (F)
RECORD
 HIGH              72   01/06/2007
                        01/26/1950
 LOW               -6   01/24/1882
                        01/10/1875
HIGHEST            61   01/12        MM      MM       66  01/12
LOWEST              5   01/07        MM      MM       14  01/09
AVG. MAXIMUM     38.6              38.3     0.3     42.7
AVG. MINIMUM     24.7              26.9    -2.2     33.3
MEAN             31.7              32.6    -0.9     38.0
DAYS MAX >= 90      0               0.0     0.0        0
DAYS MAX <= 32     11               8.3     2.7        3
DAYS MIN <= 32     22              20.4     1.6       12
DAYS MIN <= 0       0               0.0     0.0        0

PRECIPITATION (INCHES)
RECORD
 MAXIMUM        10.52   1979
 MINIMUM         0.58   1981
TOTALS           2.18              3.65   -1.47     4.83
DAILY AVG.       0.07              0.12   -0.05     0.16
DAYS >= .01         9              10.4    -1.4       15
DAYS >= .10         6               6.3    -0.3        9
DAYS >= .50         2               2.6    -0.6        4
DAYS >= 1.00        0               0.9    -0.9        2
GREATEST
 24 HR. TOTAL    0.76   01/04 TO 01/04           01/23 TO 01/24
                                                          01/24 TO 01/24EATHER         OBSERVED          NORMAL  DEPART  LAST YEAR`S
                                                          01/24 TO 01/24EATHER         OBSERVED          NORMAL  DEPART  LAST YEAR`S
 STORM TOTAL       MM                                 MM
 (MM/DD(HH))            MM                    01/24(00) TO 01/24(00)
                                                 01/24(00) TO 01/24(00)4EATHER         OBSERVED          NORMAL  DEPART  LAST YEAR`S
                                                 01/24(00) TO 01/24(00)4EATHER         OBSERVED          NORMAL  DEPART  LAST YEAR`S

SNOWFALL (INCHES)
TOTALS           11.2               7.0     4.2      7.9
 LIQUID EQUIV    1.12              0.70    0.42     0.79
SINCE 7/1        18.9              12.1     6.8     11.1
 LIQUID 7/1      1.89              1.20    0.69     1.11
SNOWDEPTH AVG.      1                 3      -2        0
DAYS >= TRACE       5               4.0     1.0        6
DAYS >= 1.0         1               2.0    -1.0        3
GREATEST
 SNOW DEPTH         7   01/05                          4  01/08
 24 HR TOTAL      9.8   01/04 TO 01/04           01/24 TO 01/24
                                                          01/24 TO 01/24EATHER         OBSERVED          NORMAL  DEPART  LAST YEAR`S
                                                          01/24 TO 01/24EATHER         OBSERVED          NORMAL  DEPART  LAST YEAR`S
 STORM TOTAL       MM                                 MM
 (MM/DD(HH))            MM                    01/24(00) TO 01/24(00)
                                                 01/24(00) TO 01/24(00)4EATHER         OBSERVED          NORMAL  DEPART  LAST YEAR`S
                                                 01/24(00) TO 01/24(00)4EATHER         OBSERVED          NORMAL  DEPART  LAST YEAR`S

DEGREE_DAYS
HEATING TOTAL    1026              1004      22      829
 SINCE 7/1       2608              2689     -81     2335
COOLING TOTAL       0                 0       0        0
 SINCE 1/1          0                 0       0        0
.................................................................

WIND (MPH)
AVERAGE WIND SPEED              6.9
HIGHEST WIND SPEED/DIRECTION    24/310    DATE  01/04
HIGHEST GUST SPEED/DIRECTION    43/310    DATE  01/04

AVERAGE RH (PERCENT)     59

WEATHER CONDITIONS. NUMBER OF DAYS WITH
THUNDERSTORM              0     MIXED PRECIP               0
HEAVY RAIN                1     RAIN                       1
LIGHT RAIN                5     FREEZING RAIN              0
LT FREEZING RAIN          0     HAIL                       0
HEAVY SNOW                1     SNOW                       1
LIGHT SNOW                6     SLEET                      0
FOG                       9     FOG W/VIS <= 1/4 MILE      1
HAZE                      8

-  INDICATES NEGATIVE NUMBERS.
R  INDICATES RECORD WAS SET OR TIED.
MM INDICATES DATA IS MISSING.
T  INDICATES TRACE AMOUNT.

$$
