000
CXUS51 KOKX 011152
CLMNYC

CLIMATE REPORT
NATIONAL WEATHER SERVICE NEW YORK NY
751 AM EDT SAT AUG 1 2015

...................................

...THE CENTRAL PARK NY CLIMATE SUMMARY FOR THE MONTH OF JULY 2015...

CLIMATE NORMAL PERIOD 1981 TO 2010
CLIMATE RECORD PERIOD 1869 TO 2015

WEATHER         OBSERVED          NORMAL  DEPART  LAST YEAR`S
                 VALUE   DATE(S)  VALUE   FROM    VALUE  DATE(S)
                                          NORMAL
................................................................
TEMPERATURE (F)
RECORD
 HIGH             106   07/09/1936
 LOW               52   07/01/1943
HIGHEST            96   07/29        MM      MM       91  07/08
                                                          07/02
LOWEST             64   07/16        MM      MM       63  07/30
                                                          07/05
AVG. MAXIMUM     85.9              84.1     1.8     83.5
AVG. MINIMUM     71.7              68.8     2.9     68.8
MEAN             78.8              76.5     2.3     76.1
DAYS MAX >= 90      5               5.5    -0.5        3
DAYS MAX <= 32      0               0.0     0.0        0
DAYS MIN <= 32      0               0.0     0.0        0
DAYS MIN <= 0       0               0.0     0.0        0

PRECIPITATION (INCHES)
RECORD
 MAXIMUM        11.89   1889
 MINIMUM         0.44   1999
TOTALS           3.98              4.60   -0.62     5.59
DAILY AVG.       0.13              0.15   -0.02     0.18
DAYS >= .01         8              10.4    -2.4       12
DAYS >= .10         8               6.9     1.1        8
DAYS >= .50         1               3.0    -2.0        3
DAYS >= 1.00        1               1.4    -0.4        2
GREATEST
 24 HR. TOTAL    1.95   07/30 TO 07/30           07/03 TO 07/04
                                                          07/31 TO 07/31
                                                          07/31 TO 07/31
 STORM TOTAL       MM                                 MM
 (MM/DD(HH))            MM                    07/04(00) TO 07/04(00)
                                                 07/31(00) TO 07/31(00)1
                                                 07/31(00) TO 07/31(00)1

DEGREE_DAYS
HEATING TOTAL       0                 0       0        0
 SINCE 7/1          0                 0       0        0
COOLING TOTAL     437               355      82      351
 SINCE 1/1        824               636     188      637
..................................................

WIND (MPH)
AVERAGE WIND SPEED              3.5
HIGHEST WIND SPEED/DIRECTION    20/010    DATE  07/27
HIGHEST GUST SPEED/DIRECTION    31/270    DATE  07/01

AVERAGE RH (PERCENT)     59

WEATHER CONDITIONS. NUMBER OF DAYS WITH
THUNDERSTORM              0     MIXED PRECIP               0
HEAVY RAIN                6     RAIN                       6
LIGHT RAIN                9     FREEZING RAIN              0
LT FREEZING RAIN          0     HAIL                       0
HEAVY SNOW                0     SNOW                       0
LIGHT SNOW                0     SLEET                      0
FOG                      10     FOG W/VIS <= 1/4 MILE      0
HAZE                     13

-  INDICATES NEGATIVE NUMBERS.
R  INDICATES RECORD WAS SET OR TIED.
MM INDICATES DATA IS MISSING.
T  INDICATES TRACE AMOUNT.

$$
