000
CXUS51 KOKX 011531
CLMNYC

CLIMATE REPORT
NATIONAL WEATHER SERVICE NEW YORK NY
1131 AM EDT TUE AUG 1 2017

...................................

...THE CENTRAL PARK NY CLIMATE SUMMARY FOR THE MONTH OF JULY 2017...

CLIMATE NORMAL PERIOD 1981 TO 2010
CLIMATE RECORD PERIOD 1869 TO 2017

WEATHER         OBSERVED          NORMAL  DEPART  LAST YEAR`S
                 VALUE   DATE(S)  VALUE   FROM    VALUE  DATE(S)
                                          NORMAL
................................................................
TEMPERATURE (F)
RECORD
 HIGH             106   07/09/1936
 LOW               52   07/01/1943
HIGHEST            94   07/20        MM      MM       96  07/23
LOWEST             62   07/25        MM      MM       63  07/02
AVG. MAXIMUM     83.7              84.1    -0.4     86.3
AVG. MINIMUM     69.8              68.8     1.0     71.1
MEAN             76.8              76.5     0.3     78.7
DAYS MAX >= 90      5               5.5    -0.5       10
DAYS MAX <= 32      0               0.0     0.0        0
DAYS MIN <= 32      0               0.0     0.0        0
DAYS MIN <= 0       0               0.0     0.0        0

PRECIPITATION (INCHES)
RECORD
 MAXIMUM        24.96   2016
 MINIMUM         0.44   1999
TOTALS           4.19              4.60   -0.41     7.02
DAILY AVG.       0.14              0.15   -0.01     0.23
DAYS >= .01         8              10.4    -2.4       12
DAYS >= .10         6               6.9    -0.9       10
DAYS >= .50         3               3.0     0.0        7
DAYS >= 1.00        1               1.4    -0.4        3
GREATEST
 24 HR. TOTAL    1.78   07/07 TO 07/07           07/04 TO 07/05
                                                          07/31 TO 07/31
                                                          07/31 TO 07/31
 STORM TOTAL       MM                                 MM
 (MM/DD(HH))            MM                    07/05(00) TO 07/05(00)
                                                 07/31(00) TO 07/31(00)1
                                                 07/31(00) TO 07/31(00)1

DEGREE_DAYS
HEATING TOTAL       0                 0       0        0
 SINCE 7/1          0                 0       0        0
COOLING TOTAL     372               355      17      432
 SINCE 1/1        703               636      67      783
..................................................

WIND (MPH)
AVERAGE WIND SPEED              3.8
HIGHEST WIND SPEED/DIRECTION    17/060    DATE  07/29
HIGHEST GUST SPEED/DIRECTION    27/020    DATE  07/03

AVERAGE RH (PERCENT)     67

WEATHER CONDITIONS. NUMBER OF DAYS WITH
THUNDERSTORM              0     MIXED PRECIP               0
HEAVY RAIN                6     RAIN                       7
LIGHT RAIN               11     FREEZING RAIN              0
LT FREEZING RAIN          0     HAIL                       0
HEAVY SNOW                0     SNOW                       0
LIGHT SNOW                0     SLEET                      0
FOG                      11     FOG W/VIS <= 1/4 MILE      1
HAZE                      6

-  INDICATES NEGATIVE NUMBERS.
R  INDICATES RECORD WAS SET OR TIED.
MM INDICATES DATA IS MISSING.
T  INDICATES TRACE AMOUNT.

$$
