000
CXUS56 KMTR 052346
CLMOAK


CLIMATE REPORT
NATIONAL WEATHER SERVICE SAN FRANCISCO BAY AREA
346 PM PST SUN MAR 5 2017

...................................

...THE OAKLAND AIRPORT CLIMATE SUMMARY FOR THE MONTH OF FEBRUARY 2017...

CLIMATE NORMAL PERIOD 1981 TO 2010
CLIMATE RECORD PERIOD 1948 TO 2017

WEATHER         OBSERVED          NORMAL  DEPART  LAST YEAR`S
                 VALUE   DATE(S)  VALUE   FROM    VALUE  DATE(S)
                                          NORMAL
................................................................
TEMPERATURE (F)
RECORD
 HIGH              81   MM
 LOW               32   02/26/2011
HIGHEST            65   02/15                         79  02/08
                        02/14
LOWEST             37   02/24                         40  02/05
                                                          02/03
AVG. MAXIMUM     60.8              59.9     0.9     67.2
AVG. MINIMUM     48.6              44.2     4.4     46.5
MEAN             54.7                               56.9
DAYS MAX >= 90      0                                  0
DAYS MAX <= 32      0                                  0
DAYS MIN <= 32      0                                  0
DAYS MIN <= 0       0                                  0

PRECIPITATION (INCHES)
RECORD
 MAXIMUM         8.85   1969
 MINIMUM         0.02   1953
TOTALS           7.34              3.95    3.39     0.30
DAILY AVG.       0.26              0.14    0.12     0.01
DAYS >= .01        18                                  2
DAYS >= .10        13                                  1
DAYS >= .50         5                                  0
DAYS >= 1.00        2                                  0
GREATEST
 24 HR. TOTAL    2.00   02/20 TO 02/20           02/17 TO 02/17
                                                          02/29 TO 02/29
                                                          02/29 TO 02/29

DEGREE_DAYS
HEATING TOTAL     281               363     -82      228
 SINCE 7/1       1529              2022    -493     1475
COOLING TOTAL       0                 0       0        1
 SINCE 1/1          0                 0       0        1
..........................................................

WIND (MPH)
AVERAGE WIND SPEED              9.4
RESULTANT WIND SPEED/DIRECTION   3/215
HIGHEST WIND SPEED/DIRECTION    43/140    DATE  02/17
HIGHEST GUST SPEED/DIRECTION    52/130    DATE  02/17

SKY COVER
POSSIBLE SUNSHINE (PERCENT)   MM
AVERAGE SKY COVER           0.70
NUMBER OF DAYS FAIR            7
NUMBER OF DAYS PC              7
NUMBER OF DAYS CLOUDY         14

AVERAGE RH (PERCENT)     79

WEATHER CONDITIONS. NUMBER OF DAYS WITH
THUNDERSTORM              0     MIXED PRECIP               0
HEAVY RAIN                6     RAIN                      12
LIGHT RAIN               18     FREEZING RAIN              0
LT FREEZING RAIN          0     HAIL                       0
HEAVY SNOW                0     SNOW                       0
LIGHT SNOW                0     SLEET                      0
FOG                      16     FOG W/VIS <= 1/4 MILE      0
HAZE                      3

-  INDICATES NEGATIVE NUMBERS.
R  INDICATES RECORD WAS SET OR TIED.
MM INDICATES DATA IS MISSING.
T  INDICATES TRACE AMOUNT.

$$
