537
CXUS53 KGID 011421
CLMODX


CLIMATE REPORT
NATIONAL WEATHER SERVICE HASTINGS NE
821 AM CST FRI DEC 1 2017

...................................

...THE ORD NE CLIMATE SUMMARY FOR THE MONTH OF NOVEMBER 2017...

CLIMATE NORMAL PERIOD 1981 TO 2010
CLIMATE RECORD PERIOD 1895 TO 2017

WEATHER         OBSERVED          NORMAL  DEPART  LAST YEAR`S
                 VALUE   DATE(S)  VALUE   FROM    VALUE
                                          NORMAL
.............................................................
TEMPERATURE (F)
HIGHEST            76   11/27        MM      MM       76
LOWEST             11   11/21        MM      MM       10
AVG. MAXIMUM     53.4              48.5     4.9     56.7
AVG. MINIMUM     24.3              24.1     0.2     28.1
MEAN             38.9              36.3     2.6     42.4
DAYS MAX >= 90      0               0.0     0.0        0
DAYS MAX <= 32      0
DAYS MIN <= 32     26              24.0     2.0       23
DAYS MIN <= 0       0

PRECIPITATION (INCHES)
TOTALS           0.21              1.07   -0.86     1.26
DAILY AVG.       0.01              0.04   -0.03     0.04
DAYS >= .01         3                MM      MM        5
DAYS >= .10         1                MM      MM        4
DAYS >= .50         0                MM      MM        0
DAYS >= 1.00        0                MM      MM        0
GREATEST
 24 HR. TOTAL    0.14   11/17 TO 11/17

DEGREE_DAYS
HEATING TOTAL     777
 SINCE 7/1       1345
COOLING TOTAL       0
 SINCE 1/1        840
..............................................................

WIND (MPH)
AVERAGE WIND SPEED              8.7
HIGHEST WIND SPEED/DIRECTION    41/340    DATE  11/24
HIGHEST GUST SPEED/DIRECTION    58/320    DATE  11/24

SKY COVER
POSSIBLE SUNSHINE (PERCENT)   MM
NUMBER OF DAYS FAIR           18
NUMBER OF DAYS PC              9
NUMBER OF DAYS CLOUDY          3

AVERAGE RH (PERCENT)     65

WEATHER CONDITIONS. NUMBER OF DAYS WITH
THUNDERSTORM              0     MIXED PRECIP               0
HEAVY RAIN                1     RAIN                       1
LIGHT RAIN                2     FREEZING RAIN              0
LT FREEZING RAIN          0     HAIL                       0
HEAVY SNOW                0     SNOW                       0
LIGHT SNOW                2     SLEET                      0
FOG                       6     FOG W/VIS <= 1/4 MILE      1
HAZE                      0

-  INDICATES NEGATIVE NUMBERS.
R  INDICATES RECORD WAS SET OR TIED.
MM INDICATES DATA IS MISSING.
T  INDICATES TRACE AMOUNT.

$$
