460
CXUS53 KOAX 011528
CLMOFK

CLIMATE REPORT
NATIONAL WEATHER SERVICE OMAHA NEBRASKA
1027 AM CDT SAT OCT 1 2016

...................................

...THE NORFOLK CLIMATE SUMMARY FOR THE MONTH OF SEPTEMBER 2016...

CLIMATE NORMAL PERIOD 1981 TO 2010
CLIMATE RECORD PERIOD 1888 TO 2016

WEATHER         OBSERVED          NORMAL  DEPART
                 VALUE   DATE(S)  VALUE   FROM
                                          NORMAL
................................................
TEMPERATURE (F)
HIGHEST            94   09/20
LOWEST             36   09/30
AVG. MAXIMUM     77.9              76.5     1.4
AVG. MINIMUM     54.4              51.1     3.3
MEAN             66.2              63.8     2.4
DAYS MAX >= 90      2
DAYS MAX <= 32      0
DAYS MIN <= 32      0
DAYS MIN <= 0       0

PRECIPITATION (INCHES)
RECORD
 MAXIMUM         8.52   1901
 MINIMUM         0.10   1892
TOTALS           2.04              2.69   -0.65
DAILY AVG.       0.07
DAYS >= .01         9
DAYS >= .10         6
DAYS >= .50         1
DAYS >= 1.00        0
GREATEST
 24 HR. TOTAL    0.84   09/09 TO 09/09

SNOWFALL (INCHES)
RECORDS
 TOTAL            1.1   1985
TOTALS            0.0
SINCE 7/1         0.0
DAYS >= 1.0         0
GREATEST
 SNOW DEPTH         0
 24 HR TOTAL      0.0

DEGREE DAYS
HEATING TOTAL      71               126     -55
 SINCE 7/1         84               142     -58
COOLING TOTAL     116                90      26
 SINCE 1/1        959               906      53
.................................................

WIND (MPH)
AVERAGE WIND SPEED              9.9
HIGHEST WIND SPEED/DIRECTION    36/220    DATE  09/21
HIGHEST GUST SPEED/DIRECTION    45/220    DATE  09/21

SKY COVER
AVERAGE SKY COVER           0.30


WEATHER CONDITIONS. NUMBER OF DAYS WITH
THUNDERSTORM              9     MIXED PRECIP               0
HEAVY RAIN                7     RAIN                       5
LIGHT RAIN               13     FREEZING RAIN              0
LT FREEZING RAIN          0     HAIL                       0
HEAVY SNOW                0     SNOW                       0
LIGHT SNOW                0     SLEET                      0
FOG                      13     FOG W/VIS <= 1/4 MILE      5
HAZE                      2

-  INDICATES NEGATIVE NUMBERS.
R  INDICATES RECORD WAS SET OR TIED.
MM INDICATES DATA IS MISSING.
T  INDICATES TRACE AMOUNT.
>  INDICATES GREATER THAN OR EQUAL TO.
<  INDICATES LESS THAN OR EQUAL TO.

$$
