000
CXUS53 KOAX 021024 RRA
CLMOFK

CLIMATE REPORT
NATIONAL WEATHER SERVICE OMAHA NEBRASKA
520 AM CDT TUE AUG 2 2016

...................................

...THE NORFOLK CLIMATE SUMMARY FOR THE MONTH OF JULY 2016...

CLIMATE NORMAL PERIOD 1981 TO 2010
CLIMATE RECORD PERIOD 1888 TO 2016

WEATHER         OBSERVED          NORMAL  DEPART
                 VALUE   DATE(S)  VALUE   FROM
                                          NORMAL
................................................
TEMPERATURE (F)
HIGHEST            93   07/21
LOWEST             50   07/01
AVG. MAXIMUM     84.3              86.4    -2.1
AVG. MINIMUM     63.8              63.6     0.2
MEAN             74.1              75.0    -0.9
DAYS MAX >= 90      7
DAYS MAX <= 32      0
DAYS MIN <= 32      0
DAYS MIN <= 0       0

PRECIPITATION (INCHES)
RECORD
 MAXIMUM         9.11   1950
 MINIMUM            T   2012
TOTALS           2.88              3.32   -0.44
DAILY AVG.       0.09
DAYS >= .01        10
DAYS >= .10         4
DAYS >= .50         3
DAYS >= 1.00        1
GREATEST
 24 HR. TOTAL    1.10   07/02 TO 07/02
                        07/01 TO 07/02
                        07/02 TO 07/02

SNOWFALL (INCHES)
RECORDS
 TOTAL            0.0   2002
                        2001
                        1996
TOTALS            0.0               0.0
SINCE 7/1         0.0
SNOWDEPTH AVG.      0                MM      MM
DAYS >= 1.0         0
GREATEST
 SNOW DEPTH         0   MM
 24 HR TOTAL      0.0   07/31 TO 07/31

DEGREE_DAYS
HEATING TOTAL       7                 4       3
 SINCE 7/1          7                 4       3
COOLING TOTAL     295               314     -19
 SINCE 1/1        609               561      48
.................................................

WIND (MPH)
AVERAGE WIND SPEED              8.6
HIGHEST WIND SPEED/DIRECTION    35/310    DATE  07/06
HIGHEST GUST SPEED/DIRECTION    45/300    DATE  07/06

SKY COVER
AVERAGE SKY COVER           0.30


WEATHER CONDITIONS. NUMBER OF DAYS WITH
THUNDERSTORM              0     MIXED PRECIP               0
HEAVY RAIN                3     RAIN                       5
LIGHT RAIN               14     FREEZING RAIN              0
LT FREEZING RAIN          0     HAIL                       0
HEAVY SNOW                0     SNOW                       0
LIGHT SNOW                0     SLEET                      0
FOG                      12     FOG W/VIS <= 1/4 MILE      1
HAZE                      1

-  INDICATES NEGATIVE NUMBERS.
R  INDICATES RECORD WAS SET OR TIED.
MM INDICATES DATA IS MISSING.
T  INDICATES TRACE AMOUNT.

&&

...JULY WAS COOLER AND SLIGHTLY DRIER THAN NORMAL IN NORFOLK...

UNLIKE AREAS FURTHER SOUTH...NORFOLK LEANED COOL AND DRY IN JULY.
THE AVERAGE MONTHLY TEMPERATURE OF 74.1 DEGRES WAS 0.9 DEGREES BELOW
NORMAL AND THE 41ST COOLEST JULY ON RECORD. THE 2.88 INCHES OF RAIN
WAS 0.44 INCHES BELOW NORMAL.

JULY GOT OFF TO A COOL START...WITH THE LOWEST TEMPERATURE OF THE
MONTH ON THE 1ST AT 50 DEGREES AND THE LOWEST MAXIMUM TEMPERATURE OF
THE MONTH ON THE 2ND AT 64 DEGREES...A DAILY RECORD COOL MAXIMUM
TEMPERATURE.  THE RECORD COOL MAXIMUM TEMPERATURE ALSO WAS SET ON
THE 3RD...AT 68 DEGREES. A COOL 1.10 INCHES OF RAIN FELL ON THE
2ND...WITH NO THUNDER. TEMPERATURES STAYED MAINLY WITHIN A FEW
DEGREES OF NORMAL FROM THE 5TH THROUGH THE 13TH. AFTER THREE DAYS OF
RAIN ON THE 5TH TO THE 7TH...CONDITIONS REMAINED DRY THROUGH THE
14TH. TEMPERATURES FELL BELOW NORMAL ON THE 14TH TO 16TH...WITH A
RETURN TO WARMER WEATHER ON THE 17TH TO 23RD.

A HEAT WAVE BROUGHT MUCH ABOVE-NORMAL TEMPERATURES ON THE 20TH TO
23RD.  TEMPERATURES SET NO RECORDS...BUT THE HIGHS OF 92 TO 93
DEGREES AND LOWS IN THE MID 70S WERE THE WARMEST OF THE MONTH AND
WERE ACCOMPANIED BY HUMID CONDITIONS AND HEAT INDICES IN THE 100S.
TEMPERATURES RETURNED TO READINGS WITHIN A FEW DEGREES OF NORMAL
FROM THE 24TH TO THE 31ST. INTERMITTENT SHOWERS AND THUNDERSTORMS
FROM THE 15TH TO THE 31ST WERE MAINLY LIGHT.


DAILY RECORDS SET IN JULY 2016:
DATE         RECORD           READING  PREVIOUS RECORD
JULY 2       COLD MAX TEMP     64      68 (2015)
JULY 3       COLD MAX TEMP     68      69 (1941, 1898)

$$

MAYES
