000
CXHW52 PHFO 081950
CLMOGG


CLIMATE REPORT
NATIONAL WEATHER SERVICE HONOLULU HI
947 AM HST WED NOV 8 2017

...................................

...THE KAHULUI HI CLIMATE SUMMARY FOR THE MONTH OF OCTOBER 2017...

CLIMATE NORMAL PERIOD 1981 TO 2010
CLIMATE RECORD PERIOD 1946 TO 2017

WEATHER         OBSERVED          NORMAL  DEPART  LAST YEAR`S
                 VALUE   DATE(S)  VALUE   FROM    VALUE  DATE(S)
                                          NORMAL
................................................................
TEMPERATURE (F)
RECORD
 HIGH              96   10/05/1973
 LOW               55   10/10/1953
HIGHEST            94   10/13        87       7       91  10/04
LOWEST             63   10/29        69      -6       64  10/10
                        10/28
AVG. MAXIMUM     88.9              86.8     2.1     86.6
AVG. MINIMUM     69.9              69.5     0.4     72.1
MEAN             79.4              78.2     1.2     79.4
DAYS MAX >= 90      9               3.6     5.4        2
DAYS MAX <= 32      0               0.0     0.0        0
DAYS MIN <= 32      0               0.0     0.0        0
DAYS MIN <= 0       0               0.0     0.0        0

PRECIPITATION (INCHES)
RECORD
 MAXIMUM         5.66   1985
 MINIMUM            T   2004
                        1984
TOTALS           1.93              1.20    0.73     0.65
DAILY AVG.       0.06              0.04    0.02     0.02
DAYS >= .01        11               7.0     4.0       14
DAYS >= .10         4               1.9     2.1        2
DAYS >= .50         1               0.4     0.6        0
DAYS >= 1.00        1               0.2     0.8        0
GREATEST
 24 HR. TOTAL    1.14   10/24 TO 10/24              0.17

SNOWFALL (INCHES)
RECORDS
 TOTAL             MM   5
TOTALS            0.0               0.0     0.0      0.0
SINCE 7/1         0.0               0.0     0.0      0.0
SNOWDEPTH AVG.     MM                MM      MM        0
DAYS >= 1.0         0               0.0     0.0        0
GREATEST
 SNOW DEPTH        MM                                  0  MM
 24 HR TOTAL      0.0   10/31 TO 10/31               0.0

DEGREE_DAYS
HEATING TOTAL       0                 0       0        0
 SINCE 7/1          0                 0       0        0
COOLING TOTAL     382               408     -26      453
 SINCE 1/1       3610              3376     234     3842
.................................................................

WIND (MPH)
AVERAGE WIND SPEED              10.9
HIGHEST WIND SPEED/DIRECTION    32/040    DATE  10/04
HIGHEST GUST SPEED/DIRECTION    40/060    DATE  10/15

SKY COVER
POSSIBLE SUNSHINE (PERCENT)   MM
AVERAGE SKY COVER             MM
NUMBER OF DAYS FAIR            0
NUMBER OF DAYS PC              0
NUMBER OF DAYS CLOUDY          0

AVERAGE RH (PERCENT)     MM

WEATHER CONDITIONS. NUMBER OF DAYS WITH
THUNDERSTORM              0     MIXED PRECIP               0
HEAVY RAIN                0     RAIN                       0
LIGHT RAIN                0     FREEZING RAIN              0
LT FREEZING RAIN          0     HAIL                       0
HEAVY SNOW                0     SNOW                       0
LIGHT SNOW                0     SLEET                      0
FOG                       7     FOG W/VIS <= 1/4 MILE      0
HAZE                      5

-  INDICATES NEGATIVE NUMBERS.
R  INDICATES RECORD WAS SET OR TIED.
MM INDICATES DATA IS MISSING.
T  INDICATES TRACE AMOUNT.

$$
