000
CXHW52 PHFO 011618
CLMOGG


CLIMATE REPORT
NATIONAL WEATHER SERVICE HONOLULU HI
609 AM HST TUE SEP 1 2015

...................................

...THE KAHULUI HI CLIMATE SUMMARY FOR THE MONTH OF AUGUST 2015...

CLIMATE NORMAL PERIOD 1981 TO 2010
CLIMATE RECORD PERIOD 1946 TO 2015

WEATHER         OBSERVED          NORMAL  DEPART  LAST YEAR`S
                 VALUE   DATE(S)  VALUE   FROM    VALUE  DATE(S)
                                          NORMAL
................................................................
TEMPERATURE (F)
RECORD
 HIGH              99   08/14/2004
 LOW               58   08/30/1953
HIGHEST            97   08/22        88       9       91  08/31
                                                          08/21
                                                          08/04
LOWEST             71   08/11        71       0       64  08/15
AVG. MAXIMUM     91.2              88.0     3.2     89.2
AVG. MINIMUM     74.5              71.4     3.1     72.2
MEAN             82.9              79.7     3.2     80.7
DAYS MAX >= 90     27               4.3    22.7       12
DAYS MAX <= 32      0               0.0     0.0        0
DAYS MIN <= 32      0               0.0     0.0        0
DAYS MIN <= 0       0               0.0     0.0        0

PRECIPITATION (INCHES)
RECORD
 MAXIMUM         1.54   1982
 MINIMUM         0.02   1973
TOTALS           2.34R             0.50    1.84     0.47
DAILY AVG.       0.08              0.02    0.06     0.02
DAYS >= .01        15               6.5     8.5        9
DAYS >= .10         6               1.2     4.8        3
DAYS >= .50         1               0.2     0.8        0
DAYS >= 1.00        1               0.0     1.0        0
GREATEST
 24 HR. TOTAL    1.47   08/23 TO 08/24              0.26

SNOWFALL (INCHES)
RECORDS
 TOTAL             MM   5
TOTALS            0.0               0.0     0.0      0.0
SINCE 7/1         0.0               0.0     0.0      0.0
SNOWDEPTH AVG.      0                MM      MM        0
DAYS >= 1.0         0               0.0     0.0        0
GREATEST
 SNOW DEPTH         0   MM                             0  MM
 24 HR TOTAL      0.0   08/31 TO 08/31               0.0

DEGREE_DAYS
HEATING TOTAL       0                 0       0        0
 SINCE 7/1          0                 0       0        0
COOLING TOTAL     563               456     107      494
 SINCE 1/1       2834              2542     292     2888
.................................................................

WIND (MPH)
AVERAGE WIND SPEED              10.6
HIGHEST WIND SPEED/DIRECTION    28/030    DATE  08/29
HIGHEST GUST SPEED/DIRECTION    38/070    DATE  08/08

SKY COVER
POSSIBLE SUNSHINE (PERCENT)   MM
AVERAGE SKY COVER           0.40
NUMBER OF DAYS FAIR           10
NUMBER OF DAYS PC             19
NUMBER OF DAYS CLOUDY          2

AVERAGE RH (PERCENT)     71

WEATHER CONDITIONS. NUMBER OF DAYS WITH
THUNDERSTORM              0     MIXED PRECIP               0
HEAVY RAIN                1     RAIN                       3
LIGHT RAIN               14     FREEZING RAIN              0
LT FREEZING RAIN          0     HAIL                       0
HEAVY SNOW                0     SNOW                       0
LIGHT SNOW                0     SLEET                      0
FOG                       9     FOG W/VIS <= 1/4 MILE      0
HAZE                      4

-  INDICATES NEGATIVE NUMBERS.
R  INDICATES RECORD WAS SET OR TIED.
MM INDICATES DATA IS MISSING.
T  INDICATES TRACE AMOUNT.

$$
